000
CXUS55 KLKN 011844
CLMELY


CLIMATE REPORT
NATIONAL WEATHER SERVICE ELKO NV
1132 AM PDT SUN APR 1 2018

...................................

...THE ELY AIRPORT NV CLIMATE SUMMARY FOR THE MONTH OF MARCH 2018...

CLIMATE NORMAL PERIOD 1981 TO 2010
CLIMATE RECORD PERIOD 1893 TO 2018

WEATHER         OBSERVED          NORMAL  DEPART  LAST YEAR`S
                 VALUE   DATE(S)  VALUE   FROM    VALUE  DATE(S)
                                          NORMAL
................................................................
TEMPERATURE (F)
RECORD
 HIGH              76   03/21/2004
                        03/20/2004
 LOW              -13   03/03/1952
HIGHEST            68   03/31        65       3       70  03/18
                                                          03/17
                                                          03/14
LOWEST             -2   03/04         3      -5        1  03/01
AVG. MAXIMUM     48.9              50.2    -1.3     56.3
AVG. MINIMUM     20.4              22.4    -2.0     25.5
MEAN             34.6              36.3    -1.7     40.9
DAYS MAX >= 90      0               0.0     0.0        0
DAYS MAX <= 32      1               0.7     0.3        1
DAYS MIN <= 32     30              28.5     1.5       26
DAYS MIN <= 0       2               0.3     1.7        0

PRECIPITATION (INCHES)
RECORD
 MAXIMUM         4.30   1894
 MINIMUM         0.03   1997
TOTALS           1.47              0.93    0.54     1.61
DAILY AVG.       0.05              0.03    0.02     0.05
DAYS >= .01         7               7.6    -0.6        8
DAYS >= .10         6               3.5     2.5        5
DAYS >= .50         0               0.2    -0.2        1
DAYS >= 1.00        0               0.0     0.0        0
GREATEST
 24 HR. TOTAL    0.49   03/22 TO 03/22              0.51

SNOWFALL (INCHES)
RECORDS
 TOTAL           42.0   1894
TOTALS           17.1               8.3     8.8     15.8
SINCE 7/1        43.6              43.2     0.4     65.4
SNOWDEPTH AVG.      1                                  1
DAYS >= TRACE      10               5.9     4.1        8
DAYS >= 1.0         5               2.9     2.1        5
GREATEST
 SNOW DEPTH         6   03/04                          7
 24 HR TOTAL      7.2   03/03 TO 03/03               7.8

DEGREE_DAYS
HEATING TOTAL     934               890      44      740
 SINCE 7/1       5731              6227    -496     5701
COOLING TOTAL       0                 0       0        0
 SINCE 1/1          0                 0       0        0
.................................................................

WIND (MPH)
AVERAGE WIND SPEED              11.0
HIGHEST WIND SPEED/DIRECTION    37/130    DATE  03/22
HIGHEST GUST SPEED/DIRECTION    48/150    DATE  03/14

AVERAGE RH (PERCENT)     59

WEATHER CONDITIONS. NUMBER OF DAYS WITH
THUNDERSTORM              1     MIXED PRECIP               0
HEAVY RAIN                0     RAIN                       0
LIGHT RAIN                5     FREEZING RAIN              0
LT FREEZING RAIN          0     HAIL                       0
HEAVY SNOW                3     SNOW                       5
LIGHT SNOW               10     SLEET                      0
FOG                       8     FOG W/VIS <= 1/4 MILE      3
HAZE                      1

-  INDICATES NEGATIVE NUMBERS.
R  INDICATES RECORD WAS SET OR TIED.
MM INDICATES DATA IS MISSING.
T  INDICATES TRACE AMOUNT.

&&

=====================================================================

A RECORD DAILY SNOWFALL OF 7.2 INCHES WAS SET ON THE 3RD.
A RECORD DAILY RAINFALL OF 0.49 INCHES WAS SET ON THE 23RD.

$$

DS
