000
CXUS56 KHNX 011642
CLMFAT


CLIMATE REPORT
NATIONAL WEATHER SERVICE SAN JOAQUIN VALLEY, CA
936 AM PDT TUE MAY 1 2018

...................................

...THE FRESNO CA CLIMATE SUMMARY FOR THE MONTH OF APRIL 2018...

CLIMATE NORMAL PERIOD 1981 TO 2010
CLIMATE RECORD PERIOD 1887 TO 2018

WEATHER         OBSERVED          NORMAL  DEPART  LAST YEAR`S
                 VALUE   DATE(S)  VALUE   FROM    VALUE  DATE(S)
                                          NORMAL
................................................................
TEMPERATURE (F)
RECORD
 HIGH             101   04/24/1910
                        04/25/1898
 LOW               32   04/07/1982
                        04/01/1975
                        04/09/1953
HIGHEST            93   04/24        MM      MM       84  04/30
LOWEST             41   04/17        MM      MM       39  04/09
AVG. MAXIMUM     77.6              74.6     3.0     73.8
AVG. MINIMUM     52.3              49.4     2.9     50.3
MEAN             64.9              62.0     2.9     62.1
DAYS MAX >= 90      3               1.8     1.2        0
DAYS MIN <= 32      0               0.0     0.0        0

PRECIPITATION (INCHES)
RECORD
 MAXIMUM         4.41   1967
TOTALS           0.64              0.95   -0.31     3.42
DAYS >= .01         2               4.5    -2.5        7
DAYS >= .10         2               2.3    -0.3        4
DAYS >= .50         0               0.5    -0.5        2
DAYS >= 1.00        0               0.1    -0.1        1
GREATEST
 24 HR. TOTAL    0.33   04/16 TO 04/16

SNOWFALL (INCHES)
RECORDS
 TOTAL            0.0
TOTALS            0.0               0.0

DEGREE_DAYS
HEATING TOTAL      70               136     -66       94
 SINCE 7/1       1809              2313    -504     1910
COOLING TOTAL      78                46      32       13
 SINCE 1/1         88                51      37       30
.................................................................

WIND (MPH)
AVERAGE WIND SPEED              7.6
HIGHEST WIND SPEED/DIRECTION    30/290    DATE  04/16
HIGHEST GUST SPEED/DIRECTION    36/300    DATE  04/16

AVERAGE RH (PERCENT)     54

WEATHER CONDITIONS. NUMBER OF DAYS WITH
THUNDERSTORM              0     RAIN                       2
HAIL                      0     FOG                        2
FOG W/VIS <= 1/4 MILE     0     HAZE                       1

-  INDICATES NEGATIVE NUMBERS.
R  INDICATES RECORD WAS SET OR TIED.
MM INDICATES DATA IS MISSING.
T  INDICATES TRACE AMOUNT.

$$
