958
CXUS54 KTSA 021353
CLMFSM

CLIMATE REPORT
NATIONAL WEATHER SERVICE TULSA OK
853 AM CDT MON APR 2 2018

...................................

...THE FORT SMITH ARKANSAS CLIMATE SUMMARY FOR THE MONTH OF MARCH 2018...

CLIMATE NORMAL PERIOD 1981 TO 2010
CLIMATE RECORD PERIOD 1882 TO 2018

WEATHER         OBSERVED          NORMAL  DEPART  LAST YEAR`S
                 VALUE   DATE(S)  VALUE   FROM    VALUE  DATE(S)
                                          NORMAL
................................................................
TEMPERATURE (F)
RECORD
 HIGH              94   03/31/1974
 LOW                7   03/11/1948
HIGHEST            83   03/16        94     -11       90
LOWEST             29   03/08         7      22       30
                        03/07
AVG. MAXIMUM     67.0              64.7     2.3     69.8
AVG. MINIMUM     42.7              41.1     1.6     45.0
MEAN             54.9              52.9     2.0     57.4
DAYS MAX >= 90      0
DAYS MAX <= 32      0
DAYS MIN <= 32      4
DAYS MIN <= 0       0

PRECIPITATION (INCHES)
RECORD
 MAXIMUM        13.03   1945
 MINIMUM         0.50   2007
TOTALS           3.07              3.85   -0.78     3.75
DAILY AVG.       0.10              0.12   -0.02     0.12
DAYS >= .01        10               9.7     0.3        9
DAYS >= .10         5               6.1    -1.1        6
DAYS >= .50         1               2.7    -1.7        3
DAYS >= 1.00        1               0.8     0.2        1
GREATEST
 24 HR. TOTAL    1.86   03/27 TO 03/27

SNOWFALL (INCHES)
RECORDS
 TOTAL            7.5   2010
TOTALS            0.0               0.6    -0.6      0.0
SINCE 7/1           T               4.9    -4.9      2.0
SNOWDEPTH AVG.      0                MM      MM        0
DAYS >= 1.0         0               0.2    -0.2        0
GREATEST
 SNOW DEPTH         0   MM                             0  MM
 24 HR TOTAL      0.0   03/30 TO 03/30

DEGREE_DAYS
HEATING TOTAL     312               386     -74      261
 SINCE 7/1       2787              3059    -272     2170
COOLING TOTAL       6                11      -5       34
 SINCE 1/1          8                12      -4       50
.................................................................

WIND (MPH)
AVERAGE WIND SPEED              8.5
HIGHEST WIND SPEED/DIRECTION    39/280    DATE  03/06
HIGHEST GUST SPEED/DIRECTION    52/280    DATE  03/06

SKY COVER
POSSIBLE SUNSHINE (PERCENT)   MM
AVERAGE SKY COVER           0.40
NUMBER OF DAYS FAIR           15
NUMBER OF DAYS PC              9
NUMBER OF DAYS CLOUDY          7

AVERAGE RH (PERCENT)     64

WEATHER CONDITIONS. NUMBER OF DAYS WITH
THUNDERSTORM              8     MIXED PRECIP               0
HEAVY RAIN                8     RAIN                       7
LIGHT RAIN               12     FREEZING RAIN              0
LT FREEZING RAIN          0     HAIL                       0
HEAVY SNOW                0     SNOW                       0
LIGHT SNOW                0     SLEET                      0
FOG                      12     FOG W/VIS <= 1/4 MILE      0
HAZE                      4

-  INDICATES NEGATIVE NUMBERS.
R  INDICATES RECORD WAS SET OR TIED.
MM INDICATES DATA IS MISSING.
T  INDICATES TRACE AMOUNT.

&&
-------------------------------------------------------------------
 YEARLY PRECIPITATION (INCHES):
 TOTAL.....................12.49
 DEPARTURE FROM NORMAL.....+2.94
$$
