000
CXUS54 KCRP 011521
CLMLRD

CLIMATE REPORT
NATIONAL WEATHER SERVICE CORPUS CHRISTI TX
950 AM CDT TUE MAY 1 2018

...................................

...THE LAREDO CLIMATE SUMMARY FOR THE MONTH OF APRIL 2018...

CLIMATE NORMAL PERIOD 1981 TO 2010
CLIMATE RECORD PERIOD 1900 TO 2018

WEATHER         OBSERVED          NORMAL  DEPART  LAST YEAR`S
                 VALUE   DATE(S)  VALUE   FROM    VALUE  DATE(S)
                                          NORMAL
................................................................
TEMPERATURE (F)
RECORD
 HIGH             112   04/28/1937
 LOW               32   04/03/1987
                        04/05/1920
HIGHEST           105   04/13        92      13      102  04/29
                                                          04/25
LOWEST             45   04/08        60     -15       52  04/06
AVG. MAXIMUM     86.7              87.6    -0.9     90.3
AVG. MINIMUM     62.9              64.3    -1.4     65.4
MEAN             74.8              75.9    -1.1     77.9
DAYS MAX >= 90     10              13.2    -3.2       13
DAYS MAX <= 32      0               0.0     0.0        0
DAYS MIN <= 32      0               0.0     0.0        0
DAYS MIN <= 0       0               0.0     0.0        0

PRECIPITATION (INCHES)
RECORD
 MAXIMUM         7.91   1947
 MINIMUM         0.00   2011
                        1984
                        1983
TOTALS           0.52              1.42   -0.90     1.48
DAILY AVG.       0.02              0.05   -0.03     0.05
DAYS >= .01         2               4.2    -2.2        4
DAYS >= .10         2               2.5    -0.5        4
DAYS >= .50         0               1.1    -1.1        1
DAYS >= 1.00        0               0.4    -0.4        0
GREATEST
 24 HR. TOTAL    0.36   04/25 TO 04/25           04/11 TO 04/11

SNOWFALL (INCHES)
RECORDS
 TOTAL             MM   MM
 24 HR TOTAL       MM
TOTALS            0.0                MM      MM      0.0
SINCE 7/1         1.3               0.0     1.3      0.0
SNOWDEPTH AVG.      0                MM      MM        0
DAYS >= 1.0         0                MM      MM
GREATEST
 SNOW DEPTH         0   MM                             0
 24 HR TOTAL      0.0   04/30 TO 04/30               0.0

DEGREE_DAYS
HEATING TOTAL       2                13     -11        0
 SINCE 7/1        845               926     -81      396
COOLING TOTAL     303               342     -39      392
 SINCE 1/1        714               600     114      974
.................................................................

WIND (MPH)
AVERAGE WIND SPEED              MM
HIGHEST WIND SPEED/DIRECTION    MM        DATE   MM
HIGHEST GUST SPEED/DIRECTION    MM        DATE   MM

SKY COVER
AVERAGE SKY COVER           0.40

AVERAGE RH (PERCENT)     60

WEATHER CONDITIONS. NUMBER OF DAYS WITH
THUNDERSTORM              3     MIXED PRECIP               0
HEAVY RAIN                2     RAIN                       2
LIGHT RAIN                9     FREEZING RAIN              0
LT FREEZING RAIN          0     HAIL                       0
HEAVY SNOW                0     SNOW                       0
LIGHT SNOW                0     SLEET                      0
FOG                       3     FOG W/VIS <= 1/4 MILE      0
HAZE                      1


-  INDICATES NEGATIVE NUMBERS.
R  INDICATES RECORD WAS SET OR TIED.
MM INDICATES DATA IS MISSING.
T  INDICATES TRACE AMOUNT.

$$

88
