000
CXUS42 KFFC 011638
CLMMCN


CLIMATE REPORT
NATIONAL WEATHER SERVICE PEACHTREE CITY GA
1237 PM EDT TUE MAY 1 2018

...................................

...THE MACON CLIMATE SUMMARY FOR THE MONTH OF APRIL 2018...

CLIMATE NORMAL PERIOD 1981 TO 2010
CLIMATE RECORD PERIOD 1899 TO 2018

WEATHER         OBSERVED          NORMAL  DEPART  LAST YEAR`S
                 VALUE   DATE(S)  VALUE   FROM    VALUE  DATE(S)
                                          NORMAL
................................................................
TEMPERATURE (F)
RECORD
 HIGH              96   04/27/1986
 LOW               28   04/08/2007
HIGHEST            87   04/18        96      -9       89  04/29
                                                          04/28
                                                          04/21
LOWEST             35   04/05        29       6       36  04/08
AVG. MAXIMUM     75.0              76.8    -1.8     81.9
AVG. MINIMUM     47.5              50.1    -2.6     54.5
MEAN             61.2              63.4    -2.2     68.2
DAYS MAX >= 90      0               0.6    -0.6        0
DAYS MAX <= 32      0               0.0     0.0        0
DAYS MIN <= 32      0               0.4    -0.4        0
DAYS MIN <= 0       0               0.0     0.0        0

PRECIPITATION (INCHES)
RECORD
 MAXIMUM         7.63   2016
 MINIMUM         1.03   2012
TOTALS           4.99              2.96    2.03
DAILY AVG.       0.17              0.10    0.07     0.10
DAYS >= .01         7               7.7    -0.7        5
DAYS >= .10         5               5.1    -0.1        4
DAYS >= .50         4               2.3     1.7        4
DAYS >= 1.00        2               0.9     1.1        0
GREATEST
 24 HR. TOTAL    1.75   04/15 TO 04/15           04/27 TO 04/27
                                                          04/30 TO 04/30EATHER         OBSERVED          NORMAL  DEPART  LAST YEAR`S
                                                          04/30 TO 04/30EATHER         OBSERVED          NORMAL  DEPART  LAST YEAR`S

SNOWFALL (INCHES)
RECORDS
 TOTAL             MM   MM
 24 HR TOTAL       MM
 SNOW DEPTH         0   MM
TOTALS            0.0               0.0     0.0      0.0
SINCE 7/1         1.0               0.7     0.3      0.0
SNOWDEPTH AVG.      0                MM      MM        0
DAYS >= TRACE       0               0.0     0.0        0
DAYS >= 1.0         0               0.0     0.0        0
GREATEST
 24 HR TOTAL      0.0   04/30 TO 04/30           04/30 TO 04/30
                                                          04/30 TO 04/30EATHER         OBSERVED          NORMAL  DEPART  LAST YEAR`S
                                                          04/30 TO 04/30EATHER         OBSERVED          NORMAL  DEPART  LAST YEAR`S

DEGREE_DAYS
HEATING TOTAL     128               110      18       41
 SINCE 7/1       2075              2307    -232     1465
COOLING TOTAL      24                63     -39      147
 SINCE 1/1         95                84      11      211
.................................................................

WIND (MPH)
AVERAGE WIND SPEED              7.5
HIGHEST WIND SPEED/DIRECTION    26/260    DATE  04/19
HIGHEST GUST SPEED/DIRECTION    35/230    DATE  04/18

SKY COVER
POSSIBLE SUNSHINE (PERCENT)   MM
AVERAGE SKY COVER           0.30
NUMBER OF DAYS FAIR           18
NUMBER OF DAYS PC              7
NUMBER OF DAYS CLOUDY          5

AVERAGE RH (PERCENT)     67

WEATHER CONDITIONS. NUMBER OF DAYS WITH
  0
  5
  0
  0
  0
  0
  2
HAZE                      2

-  INDICATES NEGATIVE NUMBERS.
R  INDICATES RECORD WAS SET OR TIED.
MM INDICATES DATA IS MISSING.
T  INDICATES TRACE AMOUNT.

$$
