868
CXUS54 KMOB 011516
CLMPNS


CLIMATE REPORT
NATIONAL WEATHER SERVICE MOBILE AL
939 AM CDT TUE MAY 1 2018

...................................

...THE PENSACOLA CLIMATE SUMMARY FOR THE MONTH OF APRIL 2018...

CLIMATE NORMAL PERIOD 1981 TO 2010
CLIMATE RECORD PERIOD 1879 TO 2018

WEATHER         OBSERVED          NORMAL  DEPART  LAST YEAR`S
                 VALUE   DATE(S)  VALUE   FROM    VALUE  DATE(S)
                                          NORMAL
................................................................
TEMPERATURE (F)
RECORD
 HIGH              96   04/22/1987
 LOW               33   04/04/1987
HIGHEST            85   04/29                         85  04/27
LOWEST             43   04/16                         48  04/08
AVG. MAXIMUM     76.4              75.7     0.7     79.9
AVG. MINIMUM     56.1              57.6    -1.5     63.0
MEAN             66.2              66.6    -0.4     71.5
DAYS MAX >= 90      0               0.1    -0.1        0
DAYS MAX <= 32      0               0.0     0.0        0
DAYS MIN <= 32      0               0.0     0.0        0
DAYS MIN <= 0       0               0.0     0.0        0

PRECIPITATION (INCHES)
RECORD
 MAXIMUM        29.53   2014
 MINIMUM         0.38   1987
TOTALS           3.99              4.32   -0.33     3.71
DAILY AVG.       0.13              0.14   -0.01     0.12
DAYS >= .01         5               6.5    -1.5        6
DAYS >= .10         5               4.4     0.6        5
DAYS >= .50         4               2.5     1.5        1
DAYS >= 1.00        1               1.4    -0.4        1
GREATEST
 24 HR. TOTAL    1.56   04/07 TO 04/07

DEGREE_DAYS
HEATING TOTAL      46                51      -5        9
 SINCE 7/1       1193              1535    -342      634
COOLING TOTAL      91               101     -10      210
 SINCE 1/1        253               148     105      448
.................................................................

WIND (MPH)
AVERAGE WIND SPEED              9.1
HIGHEST WIND SPEED/DIRECTION    35/170    DATE  04/22
HIGHEST GUST SPEED/DIRECTION    45/160    DATE  04/22

SKY COVER
POSSIBLE SUNSHINE (PERCENT)   MM
AVERAGE SKY COVER           0.30
NUMBER OF DAYS FAIR           19
NUMBER OF DAYS PC              6
NUMBER OF DAYS CLOUDY          5

AVERAGE RH (PERCENT)     66

WEATHER CONDITIONS. NUMBER OF DAYS WITH
THUNDERSTORM              2     MIXED PRECIP               0
HEAVY RAIN                0     RAIN                       5
LIGHT RAIN                0     FREEZING RAIN              0
LT FREEZING RAIN          0     HAIL                       0
HEAVY SNOW                0     SNOW                       0
LIGHT SNOW                0     SLEET                      0
FOG                      10     FOG W/VIS <= 1/4 MILE      0
HAZE                      0

-  INDICATES NEGATIVE NUMBERS.
R  INDICATES RECORD WAS SET OR TIED.
MM INDICATES DATA IS MISSING.
T  INDICATES TRACE AMOUNT.

$$
