000
CXUS45 KSLC 021124
CLMSLC
CLIMATE REPORT
NATIONAL WEATHER SERVICE SALT LAKE CITY UT
524 AM MDT TUE APR 02 2024
...................................
...THE SALT LAKE CITY UT CLIMATE SUMMARY FOR THE MONTH OF MARCH 2024...
CLIMATE NORMAL PERIOD 1991 TO 2020
CLIMATE RECORD PERIOD 1874 TO 2024
WEATHER OBSERVED NORMAL DEPART LAST YEAR`S
VALUE DATE(S) VALUE FROM VALUE DATE(S)
NORMAL
................................................................
TEMPERATURE (F)
RECORD
HIGH 80 03/31/2012
LOW 0 03/01/1890
HIGHEST 68 03/20 63 03/29
03/22
LOWEST 25 03/08 25 03/26
AVG. MAXIMUM 54.2 55.3 -1.1 47.2
AVG. MINIMUM 35.5 36.3 -0.8 31.6
MEAN 44.9 45.8 -0.9 39.4
DAYS MAX >= 90 0 0.0 0.0 0
DAYS MAX <= 32 0 0.2 -0.2 0
DAYS MIN <= 32 9 12.0 -3.0 19
DAYS MIN <= 0 0 0.0 0.0 0
PRECIPITATION (INCHES)
TOTALS 2.08 1.75 0.33 2.61
DAYS >= .01 13 9.2 3.8 19
DAYS >= .10 7 5.1 1.9 10
DAYS >= .50 0 0.7 -0.7 0
DAYS >= 1.00 0 0.0 0.0 0
SNOWFALL (INCHES)
TOTALS 5.7 5.9 -0.2 15.1
SINCE 7/1 27.5 48.9 MM
DEGREE DAYS
HEATING TOTAL 617 596 21 784
SINCE 7/1 4055 4545 -490 MM
COOLING TOTAL 0 0 0 0
SINCE 1/1 0 0 0 MM
................................................................
WIND (MPH)
AVERAGE WIND SPEED 9.5
HIGHEST WIND SPEED/DIRECTION 46/180 DATE 03/02
HIGHEST GUST SPEED/DIRECTION 64/180 DATE 03/02
WEATHER CONDITIONS. NUMBER OF DAYS WITH
THUNDERSTORM 0 RAIN 5
HAIL 1 SNOW 2
FOG 10 FOG W/VIS <= 1/4 MILE 2
HAZE 6
- INDICATES NEGATIVE NUMBERS.
R INDICATES RECORD WAS SET OR TIED.
MM INDICATES DATA IS MISSING.
T INDICATES TRACE AMOUNT.
$$