460
CXUS54 KOUN 011559
CLMSPS

CLIMATE REPORT
NATIONAL WEATHER SERVICE NORMAN OK
1058 AM CDT TUE MAY 1 2018

...................................

...THE WICHITA FALLS CLIMATE SUMMARY FOR THE MONTH OF APRIL 2018...

CLIMATE NORMAL PERIOD 1981 TO 2010
CLIMATE RECORD PERIOD 1897 TO 2018

WEATHER         OBSERVED          NORMAL  DEPART  LAST YEAR`S
                 VALUE   DATE(S)  VALUE   FROM    VALUE
                                          NORMAL
.............................................................
TEMPERATURE (F)
RECORD
 HIGH             103   04/18/2011
 LOW               24   04/03/1975
HIGHEST            94   04/12        92       2       93
LOWEST             27   04/07        34      -7       39
AVG. MAXIMUM     73.3              75.8    -2.5     76.6
AVG. MINIMUM     43.2              49.4    -6.2     51.2
MEAN             58.2              62.6    -4.4     63.9
DAYS MAX >= 90      3               1.6     1.4        1
DAYS MAX <= 32      0               0.0     0.0        0
DAYS MIN <= 32      4               0.5     3.5        0
DAYS MIN <= 0       0               0.0     0.0        0

PRECIPITATION (INCHES)
RECORD
 MAXIMUM         8.50   1957
 MINIMUM         0.08   1996
TOTALS           1.54              2.61   -1.07     1.04
DAILY AVG.       0.05              0.09   -0.04     0.03
DAYS >= .01         4               6.2    -2.2        8
DAYS >= .10         2               3.9    -1.9        4
DAYS >= .50         1               1.6    -0.6        0
DAYS >= 1.00        1               0.7     0.3        0
GREATEST
 24 HR. TOTAL    1.19   04/21 TO 04/21

SNOWFALL (INCHES)
TOTALS            0.0               0.0     0.0
SINCE 7/1         1.0               3.9    -2.9

DEGREE_DAYS
HEATING TOTAL     238               142      96
 SINCE 7/1       2876              2945     -69
COOLING TOTAL      45                70     -25
 SINCE 1/1         82                92     -10
..............................................................

WIND (MPH)
AVERAGE WIND SPEED              13.8
HIGHEST WIND SPEED/DIRECTION    41/320    DATE  04/14
HIGHEST GUST SPEED/DIRECTION    54/330    DATE  04/14


WEATHER CONDITIONS. NUMBER OF DAYS WITH
THUNDERSTORM              3     MIXED PRECIP               0
HEAVY RAIN                1     RAIN                       2
LIGHT RAIN                4     FREEZING RAIN              0
LT FREEZING RAIN          1     HAIL                       0
HEAVY SNOW                0     SNOW                       0
LIGHT SNOW                0     SLEET                      0
FOG                       4     FOG W/VIS <= 1/4 MILE      0
HAZE                      5

-  INDICATES NEGATIVE NUMBERS.
R  INDICATES RECORD WAS SET OR TIED.
MM INDICATES DATA IS MISSING.
T  INDICATES TRACE AMOUNT.
..............................................................
RECORD EVENTS/REMARKS

RECORD COOLEST MINIMUM TEMPERATURE OF 27 DEGREES WAS TIED ON THE 7.
RECORD COOLEST MINIMUM TEMPERATURE OF 32 DEGREES WAS TIED ON THE 15.
RECORD COOLEST MINIMUM TEMPERATURE OF 40 DEGREES WAS TIED ON THE 26.
4TH COOLEST APRIL ON RECORD.
THE JANUARY THROUGH APRIL 2018 TOTAL PRECIPITATION IS 7.19 INCHES.

$$
