000
CXUS53 KTOP 011436 CCA
CLMTOP

CLIMATE REPORT
NATIONAL WEATHER SERVICE TOPEKA KS...CORRECTION
934 AM CDT SUN APR 1 2018

...................................

...THE TOPEKA KS CLIMATE SUMMARY FOR THE MONTH OF MARCH 2018...

CLIMATE NORMAL PERIOD 1981 TO 2010
CLIMATE RECORD PERIOD 1887 TO 2018

WEATHER         OBSERVED          NORMAL  DEPART  LAST YEAR`S
                 VALUE   DATE(S)  VALUE   FROM    VALUE  DATE(S)
                                          NORMAL
................................................................
TEMPERATURE (F)
RECORD
 HIGH              93   03/31/1946
                        03/22/1907
 LOW               -7   03/04/1978
HIGHEST            78   03/15        61      17       89
LOWEST             16   03/08        28     -12       21
AVG. MAXIMUM     57.2              56.4     0.8     60.2
AVG. MINIMUM     34.3              33.3     1.0     37.7
MEAN             45.8              44.8     1.0     49.0
DAYS MAX >= 90      0               0.0     0.0        0
DAYS MAX <= 32      0               1.0    -1.0        0
DAYS MIN <= 32     12              14.5    -2.5       13
DAYS MIN <= 0       0               0.1    -0.1        0

PRECIPITATION (INCHES)
RECORD
 MAXIMUM         8.44   1973
 MINIMUM         0.06   1910
TOTALS           1.06              2.49   -1.43     4.03
DAILY AVG.       0.03              0.08   -0.05     0.13
DAYS >= .01         5               9.0    -4.0       10
DAYS >= .10         3               5.1    -2.1        7
DAYS >= .50         1               1.5    -0.5        2
DAYS >= 1.00        0               0.5    -0.5        1
GREATEST
 24 HR. TOTAL    0.67   03/19 TO 03/19              2.04

SNOWFALL (INCHES)
RECORDS
 TOTAL           26.2   1912
TOTALS              T               1.6    -1.6      1.3
SINCE 7/1         7.4              17.5   -10.1      6.6
SNOWDEPTH AVG.      0                                  0
DAYS >= 1.0         0               0.5    -0.5        0
GREATEST
 SNOW DEPTH         0   MM                             0  MM
 24 HR TOTAL        T   03/06 TO 03/06               0.7

DEGREE_DAYS
HEATING TOTAL     591               628     -37      500
 SINCE 7/1       4371              4595    -224     3681
COOLING TOTAL       0                 3      -3        9
 SINCE 1/1          0                 3      -3        9
.................................................................

WIND (MPH)
AVERAGE WIND SPEED              10.3
HIGHEST WIND SPEED/DIRECTION    37/310    DATE  03/06
HIGHEST GUST SPEED/DIRECTION    47/300    DATE  03/06

SKY COVER
POSSIBLE SUNSHINE (PERCENT)   MM
AVERAGE SKY COVER           0.50
NUMBER OF DAYS FAIR           13
NUMBER OF DAYS PC              6
NUMBER OF DAYS CLOUDY         12

AVERAGE RH (PERCENT)     64

WEATHER CONDITIONS. NUMBER OF DAYS WITH
THUNDERSTORM              0     MIXED PRECIP               0
HEAVY RAIN                0     RAIN                       2
LIGHT RAIN                7     FREEZING RAIN              0
LT FREEZING RAIN          0     HAIL                       0
HEAVY SNOW                0     SNOW                       0
LIGHT SNOW                1     SLEET                      0
FOG                      10     FOG W/VIS <= 1/4 MILE      3
HAZE                      7

-  INDICATES NEGATIVE NUMBERS.
R  INDICATES RECORD WAS SET OR TIED.
MM INDICATES DATA IS MISSING.
T  INDICATES TRACE AMOUNT.

REMARKS...

MARCH CAME IN ON THE LION SIDE WITH PLENTY OF WIND IN THE FIRST WEEK
OF THE SEASON. THE PERIOD FROM MARCH 3 TO MARCH 6 HAD AVERAGE WIND
SPEEDS OF OVER SEVENTEEN MILES PER HOUR WITH GUSTS OF AT LEAST 39
MILES PER HOUR EACH DAY. ONLY ONE HUNDREDTH OF AN INCH OF
PRECIPITATION FELL FROM MARCH 1 TO MARCH 15. ONLY EIGHT OTHER
MARCHES ON RECORD HAD LESS THAN THAT. THE LAST HALF OF THE MONTH
FEATURED MORE PRECIPITATION BUT THE TOTAL FOR THE MONTH STILL RANKED
IN THE LOWER HALF OF THE MARCHES ON RECORD.

$$
