000
CXUS54 KMRX 032325
CLMTRI


CLIMATE REPORT
NATIONAL WEATHER SERVICE MORRISTOWN TN
724 PM EDT TUE APR 3 2018

...................................

...THE TRI-CITIES      ASOS CLIMATE SUMMARY FOR THE MONTH OF MARCH 2018...

CLIMATE NORMAL PERIOD 1981 TO 2010
CLIMATE RECORD PERIOD 1937 TO 2018

WEATHER         OBSERVED          NORMAL  DEPART
                 VALUE   DATE(S)  VALUE   FROM
                                          NORMAL
................................................
TEMPERATURE (F)
HIGHEST            81   03/29
LOWEST             24   03/23
                        03/14
AVG. MAXIMUM     55.8              59.0    -3.2
AVG. MINIMUM     34.9              34.4     0.5
MEAN             45.3              46.7    -1.4
DAYS MAX >= 90      0
DAYS MAX <= 32      0
DAYS MIN <= 32     12
DAYS MIN <= 0       0

PRECIPITATION (INCHES)
RECORD
 MAXIMUM         9.56   1955
 MINIMUM         0.94   2016
TOTALS           4.41              3.44    0.97
DAYS >= .01        16
DAYS >= .10        10
DAYS >= .50         4
DAYS >= 1.00        1
GREATEST
 24 HR. TOTAL    1.25   03/24 TO 03/24

SNOWFALL (INCHES)
TOTALS            2.2               1.4     0.8
SINCE 7/1         6.9
SNOWDEPTH AVG.      0
DAYS >= TRACE       7
GREATEST
 SNOW DEPTH         1   03/14

DEGREE_DAYS
HEATING TOTAL     602               568      34
 SINCE 7/1       3656              3950    -294
COOLING TOTAL       2                 1       1
 SINCE 1/1         11                 1      10
.................................................



-  INDICATES NEGATIVE NUMBERS.
R  INDICATES RECORD WAS SET OR TIED.
MM INDICATES DATA IS MISSING.
T  INDICATES TRACE AMOUNT.

$$
