000
CXUS53 KBIS 011810
CLSBIS
CLIMATE REPORT
NATIONAL WEATHER SERVICE BISMARCK, ND
1204 PM CST FRI MAR 01 2024
...................................
...THE BISMARCK ND CLIMATE SUMMARY FOR THE SEASON, FROM
12/1/2023 TO 2/29/2024...
CLIMATE NORMAL PERIOD: 1991 TO 2020
CLIMATE RECORD PERIOD: 1875 TO 2024
WEATHER OBSERVED NORMAL DEPART LAST YEAR`S
VALUE DATE(S) VALUE FROM VALUE DATE(S)
NORMAL
................................................................
TEMPERATURE (F)
RECORD
HIGH 73 02/27/2016
LOW -45 02/16/1936
01/13/1916
HIGHEST 66 12/06 MM MM 48 02/13
LOWEST -27 01/13 MM MM -29 02/24
AVG. MAXIMUM 33.8 26.2 7.6 22.8
AVG. MINIMUM 14.8 5.9 8.9 2.9
MEAN 24.3 16.0 8.3 12.8
DAYS MAX >= 90 0 0.0 0.0 MM
DAYS MAX <= 32 37 56.9 -19.9 MM
DAYS MIN <= 32 89 89.4 -0.4 90
DAYS MIN <= 0 12 31.9 -19.9 38
PRECIPITATION (INCHES)
RECORD
MAXIMUM 3.46 2017
MINIMUM 0.69 2021
TOTALS 1.15 1.60 -0.45 2.60
DAILY AVG. 0.01 NAN NAN 0.03
DAYS >= .01 17 23.4 -6.4 24
DAYS >= .10 4 4.9 -0.9 10
DAYS >= .50 0 0.2 -0.2 1
DAYS >= 1.00 0 0.0 0.0 0
GREATEST
24 HR. TOTAL 0.22 12/26 TO 12/26 0.56 12/13 TO 12/13
STORM TOTAL 0.22 0.56
(MM/DD(HH)) MM
SNOWFALL (INCHES)
RECORDS
TOTAL 58.0 2009
TOTALS 13.5 26.5
SINCE 7/1 22.7
DEGREE DAYS
HEATING TOTAL 3687
COOLING TOTAL 0
................................................................
WIND (MPH)
HIGHEST WIND SPEED/DIRECTION 38/320 DATE 12/17
HIGHEST GUST SPEED/DIRECTION 55/320 DATE 12/17
- INDICATES NEGATIVE NUMBERS.
R INDICATES RECORD WAS SET OR TIED.
MM INDICATES DATA IS MISSING.
T INDICATES TRACE AMOUNT.
...................................
...THE DICKINSON ND CLIMATE SUMMARY FOR THE SEASON, FROM
12/1/2023 TO 2/29/2024...
CLIMATE NORMAL PERIOD: 1991 TO 2020
CLIMATE RECORD PERIOD: 1893 TO 2024
WEATHER OBSERVED NORMAL DEPART LAST YEAR`S
VALUE DATE(S) VALUE FROM VALUE DATE(S)
NORMAL
................................................................
TEMPERATURE (F)
RECORD
HIGH 68 02/01/1992
12/05/1939
LOW -47 02/16/1936
01/31/1893
HIGHEST 63 12/06 MM MM 49 02/13
LOWEST -33 01/13 MM MM -25 12/21
AVG. MAXIMUM 35.2 29.0 6.2 25.1
AVG. MINIMUM 14.6 8.3 6.3 7.4
MEAN 24.9 18.6 6.3 16.2
DAYS MAX >= 90 0 0.0 0.0 0
DAYS MAX <= 32 33 50.0 -17.0 60
DAYS MIN <= 32 88 88.4 -0.4 89
DAYS MIN <= 0 14 26.6 -12.6 26
PRECIPITATION (INCHES)
RECORD
MAXIMUM 0.90 2009
MINIMUM T 2023
TOTALS MM 0.76 MM T
DAILY AVG. 999.00 NAN NAN T
DAYS >= .01 3 13.2 -10.2 0
DAYS >= .10 1 1.7 -0.7 0
DAYS >= .50 0 0.1 -0.1 0
DAYS >= 1.00 0 0.0 0.0 0
GREATEST
24 HR. TOTAL MM 0.03 12/21 TO 12/22
12/25 TO 12/25
STORM TOTAL MM 0.00
(MM/DD(HH)) MM
SNOWFALL (INCHES)
RECORDS
TOTAL MM MM
TOTALS MM MM
SINCE 7/1 MM
DEGREE DAYS
HEATING TOTAL 3642
COOLING TOTAL 0
................................................................
WIND (MPH)
HIGHEST WIND SPEED/DIRECTION 37/290 DATE 12/08
HIGHEST GUST SPEED/DIRECTION 48/290 DATE 12/08
- INDICATES NEGATIVE NUMBERS.
R INDICATES RECORD WAS SET OR TIED.
MM INDICATES DATA IS MISSING.
T INDICATES TRACE AMOUNT.
...................................
...THE JAMESTOWN ND CLIMATE SUMMARY FOR THE SEASON, FROM
12/1/2023 TO 2/29/2024...
CLIMATE NORMAL PERIOD: 1991 TO 2020
CLIMATE RECORD PERIOD: 1891 TO 2024
WEATHER OBSERVED NORMAL DEPART LAST YEAR`S
VALUE DATE(S) VALUE FROM VALUE DATE(S)
NORMAL
................................................................
TEMPERATURE (F)
RECORD
HIGH 67 12/06/1939
LOW -42 02/15/1936
HIGHEST 64 02/26 MM MM 42 02/04
02/08
LOWEST -19 01/14 MM MM -26 02/24
AVG. MAXIMUM 32.9 22.3 10.6 20.8
AVG. MINIMUM 15.6 4.3 11.3 1.8
MEAN 24.3 13.3 11.0 11.3
DAYS MAX >= 90 0 0.0 0.0 MM
DAYS MAX <= 32 37 66.0 -29.0 MM
DAYS MIN <= 32 91 89.2 1.8 90
DAYS MIN <= 0 14 35.8 -21.8 40
PRECIPITATION (INCHES)
RECORD
MAXIMUM 2.55 2023
MINIMUM 0.10 2013
TOTALS 1.38 1.02 0.36 2.55
DAILY AVG. 0.01 NAN NAN 0.03
DAYS >= .01 7 15.7 -8.7 MM
DAYS >= .10 3 2.9 0.1 MM
DAYS >= .50 1 0.2 0.8 MM
DAYS >= 1.00 0 0.0 0.0 MM
GREATEST
24 HR. TOTAL 0.75 1MM26 TO 12/26 0.80
STORM TOTAL 0.75 0.80
(MM/DD(HH)) MM
SNOWFALL (INCHES)
RECORDS
TOTAL MM MM
TOTALS MM MM
SINCE 7/1 MM
DEGREE DAYS
HEATING TOTAL 3697
COOLING TOTAL 0
................................................................
WIND (MPH)
HIGHEST WIND SPEED/DIRECTION 37/340 DATE 12/08
HIGHEST GUST SPEED/DIRECTION 53/330 DATE 12/09
- INDICATES NEGATIVE NUMBERS.
R INDICATES RECORD WAS SET OR TIED.
MM INDICATES DATA IS MISSING.
T INDICATES TRACE AMOUNT.
...................................
...THE MINOT ND CLIMATE SUMMARY FOR THE SEASON, FROM
12/1/2023 TO 2/29/2024...
CLIMATE NORMAL PERIOD: 1991 TO 2020
CLIMATE RECORD PERIOD: 1897 TO 2024
WEATHER OBSERVED NORMAL DEPART LAST YEAR`S
VALUE DATE(S) VALUE FROM VALUE DATE(S)
NORMAL
................................................................
TEMPERATURE (F)
RECORD
HIGH 66 02/25/1958
12/06/1939
LOW -49 02/15/1936
HIGHEST 57 01/31 MM MM 46 02/13
LOWEST -26 01/13 MM MM -21 02/24
AVG. MAXIMUM 31.3 25.9 5.4 22.2
AVG. MINIMUM 13.7 7.1 6.6 4.9
MEAN 22.5 16.5 6.0 13.5
DAYS MAX >= 90 0 0.0 0.0 0
DAYS MAX <= 32 40 61.4 -21.4 63
DAYS MIN <= 32 88 88.2 -0.2 88
DAYS MIN <= 0 17 33.1 -16.1 29
PRECIPITATION (INCHES)
RECORD
MAXIMUM 1.64 2009
MINIMUM 0.02 2023
TOTALS MM 0.88 MM 0.02
DAILY AVG. MM NAN MM T
DAYS >= .01 0 15.3 -15.3 1
DAYS >= .10 0 2.4 -2.4 0
DAYS >= .50 0 0.1 -0.1 0
DAYS >= 1.00 0 0.0 0.0 0
GREATEST
24 HR. TOTAL MM T 02/22 TO 02/22
02/23 TO 02/23
02/24 TO 02/24
STORM TOTAL 0.00 0.02
(MM/DD(HH)) MM
SNOWFALL (INCHES)
RECORDS
TOTAL MM MM
TOTALS MM 23.3
SINCE 7/1 MM
DEGREE DAYS
HEATING TOTAL 3856
COOLING TOTAL 0
................................................................
WIND (MPH)
HIGHEST WIND SPEED/DIRECTION 36/260 DATE 12/17
HIGHEST GUST SPEED/DIRECTION 48/260 DATE 01/15
- INDICATES NEGATIVE NUMBERS.
R INDICATES RECORD WAS SET OR TIED.
MM INDICATES DATA IS MISSING.
T INDICATES TRACE AMOUNT.
...................................
...THE WILLISTON BASIN AIRPORT CLIMATE SUMMARY FOR THE SEASON, FROM
12/1/2023 TO 2/29/2024...
CLIMATE NORMAL PERIOD: 9999 TO 9999
CLIMATE RECORD PERIOD: 9999 TO 9999
WEATHER OBSERVED NORMAL DEPART LAST YEAR`S
VALUE DATE(S) VALUE FROM VALUE DATE(S)
NORMAL
................................................................
TEMPERATURE (F)
RECORD
HIGH MM MM
LOW MM MM
HIGHEST MM MM MM 41 02/13
LOWEST MM MM MM -29 12/20
AVG. MAXIMUM MM NAN MM 20.5
AVG. MINIMUM MM NAN MM 4.8
MEAN MM NAN MM 12.6
DAYS MAX >= 90 MM MM MM 0
DAYS MAX <= 32 MM MM MM 70
DAYS MIN <= 32 MM MM MM 90
DAYS MIN <= 0 MM MM MM 28
PRECIPITATION (INCHES)
RECORD
MAXIMUM MM MM
MINIMUM MM MM
TOTALS MM MM MM 1.62
DAILY AVG. MM NAN MM 0.02
DAYS >= .01 MM MM MM MM
DAYS >= .10 MM MM MM MM
DAYS >= .50 MM MM MM MM
DAYS >= 1.00 MM MM MM MM
GREATEST
24 HR. TOTAL MM MM 0.30
STORM TOTAL MM 0.29
(MM/DD(HH)) MM
SNOWFALL (INCHES)
RECORDS
TOTAL MM MM
TOTALS MM MM
SINCE 7/1 MM
DEGREE DAYS
HEATING TOTAL 3411
COOLING TOTAL 0
................................................................
WIND (MPH)
HIGHEST WIND SPEED/DIRECTION MM DATE MM
HIGHEST GUST SPEED/DIRECTION MM DATE MM
- INDICATES NEGATIVE NUMBERS.
R INDICATES RECORD WAS SET OR TIED.
MM INDICATES DATA IS MISSING.
T INDICATES TRACE AMOUNT.
$$