000
CXUS54 KFWD 010730
CF60F2
PRELIMINARY LOCAL CLIMATOLOGICAL DATA (WS FORM: F-6)
STATION: BOWIE
MONTH: MARCH
YEAR: 2023
LATITUDE: 33 36 N
LONGITUDE: 97 47 W
TEMPERATURE IN F: :PCPN: SNOW: WIND :SUNSHINE: SKY :PK WND
================================================================================
1 2 3 4 5 6A 6B 7 8 9 10 11 12 13 14 15 16 17 18
12Z AVG MX 2MIN
DY MAX MIN AVG DEP HDD CDD WTR SNW DPTH SPD SPD DIR MIN PSBL S-S WX SPD DR
================================================================================
1 63 48 56 7 9 0 0.00 M M 3.6 12 360 M M 1 M M
2 66 46 56 7 9 0 0.73 M M 6.8 20 330 M M 7 18 38 330
3 62 40 51 2 14 0 0.01 M M 9.7 21 300 M M 2 8 31 300
4 74 40 57 7 8 0 0.00 M M 6.0 13 210 M M 0 18 170
5 80 44 62 12 3 0 0.00 M M 10.5 22 190 M M 0 30 190
6 82 54 68 18 0 3 0.00 M M 5.1 12 170 M M 0 53 0
7 78 48 63 13 2 0 0.00 M M 6.4 13 340 M M 4 30 160
8 50 43 47 -4 18 0 2.10 M M 9.5 17 340 M M 9 1 37 350
9 54 46 50 -1 15 0 0.09 M M M M M M M 9 12 M M
10 62 42 52 1 13 0 0.00 M M M M M M M 3 1 M M
11 88 51 70 18 0 5 0.00 M M M M M M M 3 1 M M
12 64 44 54 2 11 0 M M M M M M M M 2 M M
13 54 40 47 -5 18 0 0.00 M M M M M M M 5 M M
14 61 35 48 -4 17 0 M M M M M M M M 4 M M
15 67 41 54 1 11 0 0.00 M M M M M M M 3 M M
16 78 40 59 6 6 0 0.08 M M M M M M M 8 M M
17 52 33 43 -10 22 0 0.00 M M M M M M M 0 M M
18 51 33 42 -12 23 0 0.00 M M M M M M M 0 M M
19 53 27 40 -14 25 0 0.00 M M M M M M M 0 M M
20 58 35 47 -7 18 0 0.00 M M M M M M M 5 M M
21 78 49 64 10 1 0 0.01 M M M M M M M 7 1 M M
22 85 64 75 20 0 10 0.00 M M M M M M M 4 M M
23 83 57 70 15 0 5 0.00 M M M M M M M 6 1 M M
24 72 49 61 6 4 0 1.11 M M M M M M M 5 1 M M
25 72 46 59 3 6 0 0.00 M M M M M M M 0 M M
26 70 43 57 1 8 0 0.00 M M M M M M M 0 M M
27 67 39 53 -3 12 0 0.00 M M M M M M M 3 M M
28 59 40 50 -6 15 0 0.00 M M M M M M M 0 M M
29 63 39 51 -6 14 0 0.00 M M M M M M M 7 M M
30 70 55 63 6 2 0 0.07 M M M M M M M 10 1 M M
31 79 62 71 14 0 6 0.00 M M M M M M M 3 M M
================================================================================
SM 2095 1373 304 29 4.20 M 57.6 M 110
================================================================================
AV 67.6 44.3 7.2 FASTST M M 4 MAX(MPH)
MISC ----> 22 190 53 0
================================================================================
NOTES:
# LAST OF SEVERAL OCCURRENCES
COLUMN 17 PEAK WIND IN M.P.H.
PRELIMINARY LOCAL CLIMATOLOGICAL DATA (WS FORM: F-6) , PAGE 2
STATION: BOWIE
MONTH: MARCH
YEAR: 2023
LATITUDE: 33 36 N
LONGITUDE: 97 47 W
[TEMPERATURE DATA] [PRECIPITATION DATA] SYMBOLS USED IN COLUMN 16
AVERAGE MONTHLY: 55.9 TOTAL FOR MONTH: 4.20 1 = FOG OR MIST
DPTR FM NORMAL: 2.9 DPTR FM NORMAL: 1.12 2 = FOG REDUCING VISIBILITY
HIGHEST: 88 ON 11 GRTST 24HR 2.10 ON 8- 8 TO 1/4 MILE OR LESS
LOWEST: 27 ON 19 3 = THUNDER
SNOW, ICE PELLETS, HAIL 4 = ICE PELLETS
TOTAL MONTH: M 5 = HAIL
GRTST 24HR M ON M 6 = FREEZING RAIN OR DRIZZLE
GRTST DEPTH: M ON M 7 = DUSTSTORM OR SANDSTORM:
VSBY 1/2 MILE OR LESS
8 = SMOKE OR HAZE
[NO. OF DAYS WITH] [WEATHER - DAYS WITH] 9 = BLOWING SNOW
X = TORNADO
MAX 32 OR BELOW: 0 0.01 INCH OR MORE: 8
MAX 90 OR ABOVE: 0 0.10 INCH OR MORE: 3
MIN 32 OR BELOW: 1 0.50 INCH OR MORE: 3
MIN 0 OR BELOW: 0 1.00 INCH OR MORE: 2
[HDD (BASE 65) ]
TOTAL THIS MO. 304 CLEAR (SCALE 0-3) 17
DPTR FM NORMAL -80 PTCLDY (SCALE 4-7) 11
TOTAL FM JUL 1 2430 CLOUDY (SCALE 8-10) 3
DPTR FM NORMAL -462
[CDD (BASE 65) ]
TOTAL THIS MO. 29
DPTR FM NORMAL 16 [PRESSURE DATA]
TOTAL FM JAN 1 39 HIGHEST SLP M ON M
DPTR FM NORMAL 24 LOWEST SLP M ON M
[REMARKS]
#FINAL-03-23#