752
CXUS54 KFWD 010731
CF60F2
PRELIMINARY LOCAL CLIMATOLOGICAL DATA (WS FORM: F-6)
STATION: BOWIE
MONTH: MAY
YEAR: 2020
LATITUDE: 33 36 N
LONGITUDE: 97 47 W
TEMPERATURE IN F: :PCPN: SNOW: WIND :SUNSHINE: SKY :PK WND
================================================================================
1 2 3 4 5 6A 6B 7 8 9 10 11 12 13 14 15 16 17 18
12Z AVG MX 2MIN
DY MAX MIN AVG DEP HDD CDD WTR SNW DPTH SPD SPD DIR MIN PSBL S-S WX SPD DR
================================================================================
1 92 62 77 11 0 12 0.00 0.0 0 14.1 21 180 M M 0 30 180
2 92 67 80 14 0 15 0.00 0.0 0 14.5 21 170 M M 0 27 160
3 96 72 84 18 0 19 0.00 0.0 0 7.9 14 180 M M 0 20 180
4 99 73 86 20 0 21 0.04 0.0 0 11.6 21 190 M M 1 30 190
5 80 54 67 0 0 2 0.00 0.0 0 8.6 16 20 M M 5 30 20
6 84 49 67 0 0 2 0.00 0.0 0 2.3 8 100 M M 0 M M
7 87 54 71 4 0 6 0.00 0.0 0 11.8 27 180 M M 1 37 180
8 74 52 63 -5 2 0 0.05 0.0 0 13.6 23 350 M M 5 48 350
9 75 45 60 -8 5 0 0.00 0.0 0 3.0 9 160 M M 1 17 160
10 81 49 65 -3 0 0 0.00 0.0 0 2.7 7 100 M M 1 M M
11 81 55 68 0 0 3 0.00 0.0 0 6.7 14 170 M M 2 22 170
12 81 66 74 5 0 9 0.11 0.0 0 4.7 13 160 M M 9 1 18 160
13 85 68 77 8 0 12 0.00 0.0 0 10.9 14 160 M M 7 23 150
14 90 65 78 9 0 13 0.39 0.0 0 10.5 18 170 M M 4 38 28 290
15 89 63 76 6 0 11 0.84 0.0 0 11.7 18 360 M M 5 3 35 290
16 68 64 66 -4 0 1 1.50 0.0 0 7.1 13 360 M M 9 3 17 360
17 84 63 74 4 0 9 0.00 0.0 0 7.6 15 330 M M 1 22 350
18 91 61 76 6 0 11 0.00 0.0 0 3.2 8 170 M M 0 M M
19 88 72 80 10 0 15 0.00 0.0 0 5.8 9 80 M M 0 M M
20 80 68 74 3 0 9 0.00 0.0 0 6.5 9 360 M M 9 M M
21 88 69 79 8 0 14 0.00 0.0 0 5.7 13 150 M M 4 18 24 170
22 91 69 80 9 0 15 M 0.0 0 7.7 13 160 M M 3 20 360
23 90 66 78 6 0 13 M 0.0 0 10.7 23 170 M M 5 31 170
24 90 67 79 7 0 14 0.36 0.0 0 8.6 13 150 M M 4 24 300
25 71 66 69 -3 0 4 0.38 0.0 0 4.7 10 330 M M 7 M M
26 73 61 67 -5 0 2 0.03 0.0 0 3.4 9 300 M M 6 M M
27 85 58 72 -1 0 7 0.00 0.0 0 1.2 6 10 M M 2 M M
28 85 65 75 2 0 10 0.00 0.0 0 4.1 15 360 M M 4 21 340
29 89 64 77 4 0 12 0.00 0.0 0 3.4 7 360 M M 0 M M
30 87 64 76 2 0 11 0.00 0.0 0 1.8 6 40 M M 0 M M
31 87 62 75 1 0 10 0.00 0.0 0 2.6 7 120 M M 2 8 M M
================================================================================
SM 2633 1933 7 282 3.70 0.0 218.7 M 97
================================================================================
AV 84.9 62.4 7.1 FASTST M M 3 MAX(MPH)
MISC ----> # 27 180 # 48 350
================================================================================
NOTES:
# LAST OF SEVERAL OCCURRENCES
COLUMN 17 PEAK WIND IN M.P.H.
PRELIMINARY LOCAL CLIMATOLOGICAL DATA (WS FORM: F-6) , PAGE 2
STATION: BOWIE
MONTH: MAY
YEAR: 2020
LATITUDE: 33 36 N
LONGITUDE: 97 47 W
[TEMPERATURE DATA] [PRECIPITATION DATA] SYMBOLS USED IN COLUMN 16
AVERAGE MONTHLY: 73.7 TOTAL FOR MONTH: 3.70 1 = FOG OR MIST
DPTR FM NORMAL: 3.8 DPTR FM NORMAL: -1.30 2 = FOG REDUCING VISIBILITY
HIGHEST: 99 ON 4 GRTST 24HR 1.50 ON 16-16 TO 1/4 MILE OR LESS
LOWEST: 45 ON 9 3 = THUNDER
SNOW, ICE PELLETS, HAIL 4 = ICE PELLETS
TOTAL MONTH: 0.0 INCH 5 = HAIL
GRTST 24HR 0.0 6 = FREEZING RAIN OR DRIZZLE
GRTST DEPTH: 0 7 = DUSTSTORM OR SANDSTORM:
VSBY 1/2 MILE OR LESS
8 = SMOKE OR HAZE
[NO. OF DAYS WITH] [WEATHER - DAYS WITH] 9 = BLOWING SNOW
X = TORNADO
MAX 32 OR BELOW: 0 0.01 INCH OR MORE: 9
MAX 90 OR ABOVE: 9 0.10 INCH OR MORE: 6
MIN 32 OR BELOW: 0 0.50 INCH OR MORE: 2
MIN 0 OR BELOW: 0 1.00 INCH OR MORE: 1
[HDD (BASE 65) ]
TOTAL THIS MO. 7 CLEAR (SCALE 0-3) 17
DPTR FM NORMAL -23 PTCLDY (SCALE 4-7) 11
TOTAL FM JUL 1 2205 CLOUDY (SCALE 8-10) 3
DPTR FM NORMAL -874
[CDD (BASE 65) ]
TOTAL THIS MO. 282
DPTR FM NORMAL 104 [PRESSURE DATA]
TOTAL FM JAN 1 475 HIGHEST SLP M ON M
DPTR FM NORMAL 227 LOWEST SLP M ON M
[REMARKS]
#FINAL-05-20#