000
CXUS51 KBTV 110241
CF61V4
PRELIMINARY LOCAL CLIMATOLOGICAL DATA (WS FORM: F-6)
STATION: SAINT JOHNSBURY VT ASOS
MONTH: JANUARY
YEAR: 2021
LATITUDE: 44 25 N
LONGITUDE: 72 1 W
TEMPERATURE IN F: :PCPN: SNOW: WIND :SUNSHINE: SKY :PK WND
================================================================================
1 2 3 4 5 6A 6B 7 8 9 10 11 12 13 14 15 16 17 18
12Z AVG MX 2MIN
DY MAX MIN AVG DEP HDD CDD WTR SNW DPTH SPD SPD DIR MIN PSBL S-S WX SPD DR
================================================================================
1 30 19 25 6 40 0 0.01 M M M M M M M 0 M M
2 35 25 30 11 35 0 0.58 M M M M M M M 0 M M
3 29 25 27 8 38 0 0.09 M M M M M M M 0 M M
4 36 26 31 13 34 0 0.10 M M M M M M M 0 M M
5 34 28 31 13 34 0 0.00 M M M M M M M 0 M M
6 29 24 27 9 38 0 0.02 M M M M M M M 0 M M
7 26 22 24 6 41 0 0.00 M M M M M M M 0 M M
8 28 11 20 2 45 0 0.00 M M M M M M M 0 M M
9 29 12 21 3 44 0 0.00 M M M M M M M 0 M M
10 29 10 20 3 45 0 0.00 M M M M M M M 0 M M
11 24 3 14 -3 51 0 0.01 M M M M M M M 0 M M
12 32 20 26 9 39 0 0.00 M M M M M M M 0 M M
13 32 26 29 12 36 0 0.00 M M M M M M M 0 M M
14 33 28 31 14 34 0 0.00 M M M M M M M 0 M M
15 40 28 34 17 31 0 0.00 M M M M M M M 0 M M
16 40 28 34 17 31 0 0.34 M M M M M M M 0 M M
17 36 30 33 16 32 0 0.12 M M M M M M M 0 M M
18 30 15 23 7 42 0 0.04 M M M M M M M 0 M M
19 25 6 16 0 49 0 0.00 M M M M M M M 0 M M
20 29 5 17 1 48 0 0.07 M M M M M M M 0 M M
21 21 -1 10 -6 55 0 0.06 M M M M M M M 0 M M
22 31 20 26 10 39 0 0.00 M M M M M M M 0 M M
23 21 6 14 -2 51 0 0.00 M M M M M M M 0 M M
24 15 2 9 -7 56 0 0.00 M M M M M M M 0 M M
25 26 -4 11 -5 54 0 0.00 M M M M M M M 0 M M
26 29 5 17 1 48 0 0.04 M M M M M M M 0 M M
27 31 24 28 12 37 0 0.03 M M M M M M M 0 M M
28 25 9 17 1 48 0 0.00 M M M M M M M 0 M M
29 10 -1 5 -11 60 0 0.00 M M M M M M M 0 M M
30 11 -7 2 -14 63 0 0.00 M M M M M M M 0 M M
31 23 -13 5 -12 60 0 0.00 M M M M M M M 0 M M
================================================================================
SM 869 431 1358 0 1.51 M M M 0
================================================================================
AV 28.0 13.9 M FASTST M M 0 MAX(MPH)
MISC ----> M M M M
================================================================================
NOTES:
# LAST OF SEVERAL OCCURRENCES
COLUMN 17 PEAK WIND IN M.P.H.
PRELIMINARY LOCAL CLIMATOLOGICAL DATA (WS FORM: F-6) , PAGE 2
STATION: SAINT JOHNSBURY VT ASOS
MONTH: JANUARY
YEAR: 2021
LATITUDE: 44 25 N
LONGITUDE: 72 1 W
[TEMPERATURE DATA] [PRECIPITATION DATA] SYMBOLS USED IN COLUMN 16
AVERAGE MONTHLY: 21.0 TOTAL FOR MONTH: 1.51 1 = FOG OR MIST
DPTR FM NORMAL: 3.9 DPTR FM NORMAL: -1.01 2 = FOG REDUCING VISIBILITY
HIGHEST: 40 ON 16,15 GRTST 24HR 1.06 ON 16-17 TO 1/4 MILE OR LESS
LOWEST: -13 ON 31 3 = THUNDER
SNOW, ICE PELLETS, HAIL 4 = ICE PELLETS
TOTAL MONTH: M 5 = HAIL
GRTST 24HR M ON M 6 = FREEZING RAIN OR DRIZZLE
GRTST DEPTH: M ON M 7 = DUSTSTORM OR SANDSTORM:
VSBY 1/2 MILE OR LESS
8 = SMOKE OR HAZE
[NO. OF DAYS WITH] [WEATHER - DAYS WITH] 9 = BLOWING SNOW
X = TORNADO
MAX 32 OR BELOW: 24 0.01 INCH OR MORE: 13
MAX 90 OR ABOVE: 0 0.10 INCH OR MORE: 4
MIN 32 OR BELOW: 31 0.50 INCH OR MORE: 1
MIN 0 OR BELOW: 5 1.00 INCH OR MORE: 0
[HDD (BASE 65) ]
TOTAL THIS MO. 1358 CLEAR (SCALE 0-3) 31
DPTR FM NORMAL -127 PTCLDY (SCALE 4-7) 0
TOTAL FM JUL 1 4082 CLOUDY (SCALE 8-10) 0
DPTR FM NORMAL -420
[CDD (BASE 65) ]
TOTAL THIS MO. 0
DPTR FM NORMAL 0 [PRESSURE DATA]
TOTAL FM JAN 1 0 HIGHEST SLP M ON M
DPTR FM NORMAL 0 LOWEST SLP M ON M
[REMARKS]
#FINAL-01-21#