000
CXUS51 KBTV 010700
CF61V4
PRELIMINARY LOCAL CLIMATOLOGICAL DATA (WS FORM: F-6)
STATION: SAINT JOHNSBURY VT ASOS
MONTH: MARCH
YEAR: 2020
LATITUDE: 44 25 N
LONGITUDE: 72 1 W
TEMPERATURE IN F: :PCPN: SNOW: WIND :SUNSHINE: SKY :PK WND
================================================================================
1 2 3 4 5 6A 6B 7 8 9 10 11 12 13 14 15 16 17 18
12Z AVG MX 2MIN
DY MAX MIN AVG DEP HDD CDD WTR SNW DPTH SPD SPD DIR MIN PSBL S-S WX SPD DR
================================================================================
1 22 0 11 -13 54 0 0.00 M M M M M M M 0 M M
2 39 4 22 -2 43 0 0.02 M M M M M M M 0 M M
3 55 33 44 20 21 0 0.11 M M M M M M M 0 M M
4 43 33 38 13 27 0 0.04 M M M M M M M 0 M M
5 42 32 37 12 28 0 0.00 M M M M M M M 0 M M
6 46 26 36 10 29 0 0.00 M M M M M M M 0 M M
7 34 18 26 0 39 0 0.00 M M M M M M M 0 M M
8 48 16 32 5 33 0 0.00 M M M M M M M 0 M M
9 63 27 45 18 20 0 0.00 M M M M M M M 0 M M
10 55 36 46 18 19 0 0.21 M M M M M M M 0 M M
11 39 25 32 4 33 0 0.00 M M M M M M M 0 M M
12 43 25 34 6 31 0 0.00 M M M M M M M 0 M M
13 49 34 42 13 23 0 0.45 M M M M M M M 0 M M
14 43 32 38 9 27 0 0.00 M M M M M M M 0 M M
15 32 16 24 -6 41 0 0.00 M M M M M M M 0 M M
16 38 10 24 -6 41 0 0.00 M M M M M M M 0 M M
17 40 28 34 3 31 0 0.05 M M M M M M M 0 M M
18 44 30 37 6 28 0 0.00 M M M M M M M 0 M M
19 44 31 38 6 27 0 0.02 M M M M M M M 0 M M
20 59 36 48 16 17 0 0.11 M M M M M M M 0 M M
21 40 20 30 -2 35 0 0.00 M M M M M M M 0 M M
22 34 15 25 -8 40 0 0.00 M M M M M M M 0 M M
23 35 16 26 -8 39 0 0.78 M M M M M M M 0 M M
24 38 26 32 -2 33 0 0.01 M M M M M M M 0 M M
25 44 19 32 -2 33 0 0.00 M M M M M M M 0 M M
26 52 22 37 2 28 0 0.00 M M M M M M M 0 M M
27 49 28 39 4 26 0 0.00 M M M M M M M 0 M M
28 52 22 37 1 28 0 0.00 M M M M M M M 0 M M
29 40 35 38 2 27 0 0.67 M M M M M M M 0 M M
30 45 34 40 3 25 0 0.14 M M M M M M M 0 M M
31 49 29 39 2 26 0 0.00 M M M M M M M 0 M M
================================================================================
SM 1356 758 952 0 2.61 M M M 0
================================================================================
AV 43.7 24.5 M FASTST M M 0 MAX(MPH)
MISC ----> M M M M
================================================================================
NOTES:
# LAST OF SEVERAL OCCURRENCES
COLUMN 17 PEAK WIND IN M.P.H.
PRELIMINARY LOCAL CLIMATOLOGICAL DATA (WS FORM: F-6) , PAGE 2
STATION: SAINT JOHNSBURY VT ASOS
MONTH: MARCH
YEAR: 2020
LATITUDE: 44 25 N
LONGITUDE: 72 1 W
[TEMPERATURE DATA] [PRECIPITATION DATA] SYMBOLS USED IN COLUMN 16
AVERAGE MONTHLY: 34.1 TOTAL FOR MONTH: 2.61 1 = FOG OR MIST
DPTR FM NORMAL: 3.8 DPTR FM NORMAL: 0.10 2 = FOG REDUCING VISIBILITY
HIGHEST: 63 ON 9 GRTST 24HR 0.79 ON 23-24 TO 1/4 MILE OR LESS
LOWEST: 0 ON 1 3 = THUNDER
SNOW, ICE PELLETS, HAIL 4 = ICE PELLETS
TOTAL MONTH: M 5 = HAIL
GRTST 24HR M ON M 6 = FREEZING RAIN OR DRIZZLE
GRTST DEPTH: M ON M 7 = DUSTSTORM OR SANDSTORM:
VSBY 1/2 MILE OR LESS
8 = SMOKE OR HAZE
[NO. OF DAYS WITH] [WEATHER - DAYS WITH] 9 = BLOWING SNOW
X = TORNADO
MAX 32 OR BELOW: 2 0.01 INCH OR MORE: 12
MAX 90 OR ABOVE: 0 0.10 INCH OR MORE: 7
MIN 32 OR BELOW: 24 0.50 INCH OR MORE: 2
MIN 0 OR BELOW: 1 1.00 INCH OR MORE: 0
[HDD (BASE 65) ]
TOTAL THIS MO. 952 CLEAR (SCALE 0-3) 31
DPTR FM NORMAL -124 PTCLDY (SCALE 4-7) 0
TOTAL FM JUL 1 6599 CLOUDY (SCALE 8-10) 0
DPTR FM NORMAL -201
[CDD (BASE 65) ]
TOTAL THIS MO. 0
DPTR FM NORMAL 0 [PRESSURE DATA]
TOTAL FM JAN 1 0 HIGHEST SLP M ON M
DPTR FM NORMAL 0 LOWEST SLP 29.22 ON 4
[REMARKS]
#FINAL-03-20#