000
CXUS53 KUNR 011030
CF62WX
PRELIMINARY LOCAL CLIMATOLOGICAL DATA (WS FORM: F-6)
STATION: BUFFALO SD
MONTH: DECEMBER
YEAR: 2022
LATITUDE: 45 35 N
LONGITUDE: 103 33 W
TEMPERATURE IN F: :PCPN: SNOW: WIND :SUNSHINE: SKY :PK WND
================================================================================
1 2 3 4 5 6A 6B 7 8 9 10 11 12 13 14 15 16 17 18
12Z AVG MX 2MIN
DY MAX MIN AVG DEP HDD CDD WTR SNW DPTH SPD SPD DIR MIN PSBL S-S WX SPD DR
================================================================================
1 46 13 30 3 35 0 0.00 M M 6.3 17 320 M M M 24 320
2 24 -1 12 -15 53 0 0.00 M M 20.2 39 300 M M M 49 300
3 38 -1 19 -7 46 0 0.00 M M 8.9 22 300 M M M 28 300
4 50 14 32 6 33 0 0.00 M M 12.0 31 300 M M M 37 310
5 26 18 22 -4 43 0 0.08 M M 9.2 20 310 M M M 25 310
6 26 5 16 -10 49 0 0.01 M M 12.6 26 320 M M M 35 320
7 22 4 13 -12 52 0 0.01 M M 8.9 20 180 M M M 24 180
8 38 4 21 -4 44 0 0.00 M M 1.8 9 260 M M M 10 260
9 34 11 23 -2 42 0 0.00 M M 6.0 16 280 M M M 19 290
10 42 17 30 6 35 0 0.00 M M 7.9 16 110 M M M 22 110
11 34 16 25 1 40 0 0.00 M M 5.6 13 80 M M M 14 80
12 26 14 20 -4 45 0 0.00 M M 11.5 23 330 M M M 29 330
13 21 17 19 -5 46 0 0.06 M M 26.4 35 330 M M M 44 320
14 17 11 14 -10 51 0 0.02 M M 29.5 38 320 M M M 46 310
15 M M M M M M 0.12 M M 37.6 44 310 M M M 61 320
16 M M M M M M M M M M M M M M M M M
17 M M M M M M M M M M M M M M M M M
18 15 0 8 -15 57 0 0.00 M M 8.8 18 330 M M M 22 340
19 4 -11 -3 -26 68 0 0.00 M M 9.2 31 330 M M M 35 330
20 -5 -17 -11 -34 76 0 0.00 M M 7.7 16 110 M M M 21 130
21 -9 -22 -15 -37 80 0 0.16 M M 26.8 43 300 M M M 56 300
22 -12 -21 -16 -38 81 0 0.07 M M 29.5 47 300 M M M 59 290
23 -5 -19 -12 -34 77 0 0.00 M M 10.8 26 300 M M M 32 300
24 8 -6 1 -21 64 0 0.00 M M 10.2 17 160 M M M 22 190
25 43 3 23 1 42 0 0.02 M M 26.2 55 310 M M M 69 310
26 38 3 21 -1 44 0 0.00 M M 6.7 15 170 M M M 19 180
27 46 32 39 17 26 0 0.00 M M 7.4 20 260 M M M 25 250
28 46 27 37 15 28 0 0.00 M M 10.8 18 260 M M M 23 260
29 39 27 33 11 32 0 0.00 M M 10.7 24 300 M M M 31 300
30 40 21 31 9 34 0 0.00 M M 5.5 12 160 M M M 16 170
31 43 21 32 10 33 0 0.00 M M 8.2 17 260 M M M 19 260
================================================================================
SM 735 180 1356 0 0.55 M 382.9 M M
================================================================================
AV 26.3 6.4 13.2 FASTST M M M MAX(MPH)
MISC ----> 55 310 69 310
================================================================================
NOTES:
# LAST OF SEVERAL OCCURRENCES
COLUMN 17 PEAK WIND IN M.P.H.
PRELIMINARY LOCAL CLIMATOLOGICAL DATA (WS FORM: F-6) , PAGE 2
STATION: BUFFALO SD
MONTH: DECEMBER
YEAR: 2022
LATITUDE: 45 35 N
LONGITUDE: 103 33 W
[TEMPERATURE DATA] [PRECIPITATION DATA] SYMBOLS USED IN COLUMN 16
AVERAGE MONTHLY: 16.3 TOTAL FOR MONTH: 0.55 1 = FOG OR MIST
DPTR FM NORMAL: -7.3 DPTR FM NORMAL: 0.20 2 = FOG REDUCING VISIBILITY
HIGHEST: 50 ON 4 GRTST 24HR 0.19 ON 21-22 TO 1/4 MILE OR LESS
LOWEST: -22 ON 21 3 = THUNDER
SNOW, ICE PELLETS, HAIL 4 = ICE PELLETS
TOTAL MONTH: M 5 = HAIL
GRTST 24HR M ON M 6 = FREEZING RAIN OR DRIZZLE
GRTST DEPTH: M ON M 7 = DUSTSTORM OR SANDSTORM:
VSBY 1/2 MILE OR LESS
8 = SMOKE OR HAZE
[NO. OF DAYS WITH] [WEATHER - DAYS WITH] 9 = BLOWING SNOW
X = TORNADO
MAX 32 OR BELOW: 14 0.01 INCH OR MORE: 9
MAX 90 OR ABOVE: 0 0.10 INCH OR MORE: 2
MIN 32 OR BELOW: 28 0.50 INCH OR MORE: 0
MIN 0 OR BELOW: 9 1.00 INCH OR MORE: 0
[HDD (BASE 65) ]
TOTAL THIS MO. 1356 CLEAR (SCALE 0-3) 0
DPTR FM NORMAL 73 PTCLDY (SCALE 4-7) 0
TOTAL FM JUL 1 3030 CLOUDY (SCALE 8-10) 31
DPTR FM NORMAL -44
[CDD (BASE 65) ]
TOTAL THIS MO. 0
DPTR FM NORMAL 0 [PRESSURE DATA]
TOTAL FM JAN 1 841 HIGHEST SLP 30.84 ON 23
DPTR FM NORMAL 262 LOWEST SLP 29.18 ON 27
[REMARKS]
#FINAL-12-22#