000
CXUS53 KUNR 010945
CF62WX
PRELIMINARY LOCAL CLIMATOLOGICAL DATA (WS FORM: F-6)
STATION: BUFFALO SD
MONTH: JULY
YEAR: 2020
LATITUDE: 45 35 N
LONGITUDE: 103 33 W
TEMPERATURE IN F: :PCPN: SNOW: WIND :SUNSHINE: SKY :PK WND
================================================================================
1 2 3 4 5 6A 6B 7 8 9 10 11 12 13 14 15 16 17 18
12Z AVG MX 2MIN
DY MAX MIN AVG DEP HDD CDD WTR SNW DPTH SPD SPD DIR MIN PSBL S-S WX SPD DR
================================================================================
1 88 49 69 1 0 4 0.00 M M 8.8 26 220 M M M 35 180
2 95 61 78 10 0 13 0.00 M M 8.6 33 250 M M M 53 260
3 96 63 80 11 0 15 0.00 M M 13.8 26 50 M M M 35 110
4 93 63 78 9 0 13 0.10 M M 14.5 39 330 M M M 54 320
5 89 62 76 7 0 11 0.66 M M 9.8 28 280 M M M 42 300
6 83 58 71 1 0 6 0.03 M M 9.4 35 140 M M M 43 140
7 88 59 74 4 0 9 0.00 M M 18.0 41 340 M M M 51 340
8 85 54 70 0 0 5 0.00 M M 6.9 18 350 M M M 23 340
9 86 53 70 0 0 5 0.00 M M 9.5 18 70 M M M 25 330
10 86 58 72 2 0 7 0.02 M M 14.1 31 320 M M M 41 330
11 85 54 70 -1 0 5 0.00 M M 11.6 25 310 M M M 35 320
12 95 56 76 5 0 11 0.00 M M 17.9 33 160 M M M 43 160
13 85 57 71 0 0 6 0.00 M M 14.4 31 340 M M M 42 340
14 78 51 65 -6 0 0 0.48 M M 7.3 26 190 M M M 33 200
15 89 48 69 -2 0 4 0.00 M M 8.1 23 220 M M M 29 240
16 90 56 73 2 0 8 0.00 M M 8.5 23 150 M M M 29 150
17 98 64 81 9 0 16 0.00 M M 11.0 26 300 M M M 35 300
18 85 56 71 -1 0 6 0.00 M M 18.2 32 330 M M M 42 320
19 83 52 68 -4 0 3 0.06 M M 8.2 20 190 M M M 24 190
20 80 55 68 -4 0 3 0.12 M M 8.8 26 290 M M M 36 290
21 87 53 70 -2 0 5 0.00 M M 8.1 22 110 M M M 28 100
22 97 63 80 8 0 15 0.00 M M 15.2 26 140 M M M 40 150
23 96 66 81 9 0 16 0.48 M M 13.6 41 150 M M M 60 150
24 88 63 76 4 0 11 0.01 M M 5.9 17 150 M M M 21 150
25 92 64 78 6 0 13 0.00 M M 9.9 25 360 M M M 33 340
26 86 59 73 1 0 8 0.01 M M 5.2 15 30 M M M 19 30
27 92 58 75 3 0 10 0.00 M M 7.4 17 360 M M M 25 360
28 91 56 74 2 0 9 0.00 M M 10.8 22 150 M M M 29 200
29 81 65 73 1 0 8 0.10 M M 6.3 21 80 M M M 27 50
30 92 61 77 5 0 12 0.14 M M 6.8 54 40 M M M 69 50
31 91 59 75 2 0 10 0.44 M M 10.4 52 320 M M M 68 320
================================================================================
SM 2750 1796 0 267 2.65 M 327.0 M M
================================================================================
AV 88.7 57.9 10.5 FASTST M M 1 MAX(MPH)
MISC ----> # 54 40 # 69 50
================================================================================
NOTES:
# LAST OF SEVERAL OCCURRENCES
COLUMN 17 PEAK WIND IN M.P.H.
PRELIMINARY LOCAL CLIMATOLOGICAL DATA (WS FORM: F-6) , PAGE 2
STATION: BUFFALO SD
MONTH: JULY
YEAR: 2020
LATITUDE: 45 35 N
LONGITUDE: 103 33 W
[TEMPERATURE DATA] [PRECIPITATION DATA] SYMBOLS USED IN COLUMN 16
AVERAGE MONTHLY: 73.3 TOTAL FOR MONTH: 2.65 1 = FOG OR MIST
DPTR FM NORMAL: 2.2 DPTR FM NORMAL: 0.59 2 = FOG REDUCING VISIBILITY
HIGHEST: 98 ON 17 GRTST 24HR 0.66 ON 5- 5 TO 1/4 MILE OR LESS
LOWEST: 48 ON 15 3 = THUNDER
SNOW, ICE PELLETS, HAIL 4 = ICE PELLETS
TOTAL MONTH: M 5 = HAIL
GRTST 24HR M ON M 6 = FREEZING RAIN OR DRIZZLE
GRTST DEPTH: M ON M 7 = DUSTSTORM OR SANDSTORM:
VSBY 1/2 MILE OR LESS
8 = SMOKE OR HAZE
[NO. OF DAYS WITH] [WEATHER - DAYS WITH] 9 = BLOWING SNOW
X = TORNADO
MAX 32 OR BELOW: 0 0.01 INCH OR MORE: 13
MAX 90 OR ABOVE: 13 0.10 INCH OR MORE: 8
MIN 32 OR BELOW: 0 0.50 INCH OR MORE: 1
MIN 0 OR BELOW: 0 1.00 INCH OR MORE: 0
[HDD (BASE 65) ]
TOTAL THIS MO. 0 CLEAR (SCALE 0-3) 0
DPTR FM NORMAL -20 PTCLDY (SCALE 4-7) 0
TOTAL FM JUL 1 0 CLOUDY (SCALE 8-10) 0
DPTR FM NORMAL -20
[CDD (BASE 65) ]
TOTAL THIS MO. 267
DPTR FM NORMAL 60 [PRESSURE DATA]
TOTAL FM JAN 1 413 HIGHEST SLP 30.14 ON 30
DPTR FM NORMAL 138 LOWEST SLP 29.50 ON 7
[REMARKS]
#FINAL-07-20#