000
CXUS55 KBOU 010813
CF633V
PRELIMINARY LOCAL CLIMATOLOGICAL DATA (WS FORM: F-6)
STATION: Walden
MONTH: APRIL
YEAR: 2020
LATITUDE: 40 45 N
LONGITUDE: 106 16 W
TEMPERATURE IN F: :PCPN: SNOW: WIND :SUNSHINE: SKY :PK WND
================================================================================
1 2 3 4 5 6A 6B 7 8 9 10 11 12 13 14 15 16 17 18
12Z AVG MX 2MIN
DY MAX MIN AVG DEP HDD CDD WTR SNW DPTH SPD SPD DIR MIN PSBL S-S WX SPD DR
================================================================================
1 55 32 44 M 21 0 M M M 12.3 24 230 M M 6 33 230
2 39 10 25 M 40 0 M M M 13.2 21 360 M M 7 25 360
3 34 3 19 M 46 0 M M M 5.7 18 250 M M 3 27 250
4 48 16 32 M 33 0 M M M 10.5 22 230 M M 4 29 250
5 54 28 41 M 24 0 M M M 10.4 18 230 M M 4 29 220
6 55 27 41 M 24 0 M M M 12.6 23 230 M M 1 31 240
7 54 25 40 M 25 0 M M M 11.8 27 240 M M 1 33 240
8 54 25 40 M 25 0 M M M 9.0 17 250 M M 1 23 280
9 59 19 39 M 26 0 M M M 4.8 15 340 M M 1 23 340
10 57 30 44 M 21 0 M M M 11.1 20 250 M M 2 28 250
11 54 27 41 M 24 0 M M M 12.5 23 240 M M 4 31 240
12 34 12 23 M 42 0 M M M 12.0 18 330 M M 9 22 350
13 19 7 13 M 52 0 M M M 10.9 22 340 M M 8 25 340
14 30 0 15 M 50 0 M M M 10.1 20 220 M M 6 25 220
15 37 21 29 M 36 0 M M M 10.5 20 220 M M 9 27 230
16 30 9 20 M 45 0 M M M 7.5 16 340 M M 9 23 340
17 36 0 18 M 47 0 M M M 7.6 17 240 M M 3 23 240
18 41 19 30 M 35 0 M M M 6.9 15 200 M M 5 20 200
19 46 21 34 M 31 0 M M M 7.3 14 250 M M 5 27 250
20 50 23 37 M 28 0 M M M 6.4 10 250 M M 3 21 250
21 57 19 38 M 27 0 M M M 5.9 16 310 M M 2 20 300
22 55 23 39 M 26 0 M M M 7.9 21 280 M M 5 30 280
23 50 30 40 M 25 0 M M M 11.3 24 250 M M 8 33 250
24 48 30 39 M 26 0 M M M 10.8 18 290 M M 8 25 360
25 54 32 43 M 22 0 M M M 8.4 17 250 M M 6 27 290
26 55 30 43 M 22 0 M M M 11.0 23 220 M M 4 31 220
27 64 28 46 M 19 0 M M M 10.5 24 320 M M 3 30 230
28 57 30 44 M 21 0 M M M 13.4 25 270 M M 2 35 270
29 68 25 47 M 18 0 M M M 6.2 14 250 M M 0 18 260
30 72 32 52 M 13 0 0.00 0.0 0 8.9 24 260 M M 3 39 300
================================================================================
SM 1466 633 894 0 0.00 0.0 287.4 M 132
================================================================================
AV 48.9 21.1 9.6 FASTST M M 4 MAX(MPH)
MISC ----> # 27 240 # 39 300
================================================================================
NOTES:
# LAST OF SEVERAL OCCURRENCES
COLUMN 17 PEAK WIND IN M.P.H.
PRELIMINARY LOCAL CLIMATOLOGICAL DATA (WS FORM: F-6) , PAGE 2
STATION: Walden
MONTH: APRIL
YEAR: 2020
LATITUDE: 40 45 N
LONGITUDE: 106 16 W
[TEMPERATURE DATA] [PRECIPITATION DATA] SYMBOLS USED IN COLUMN 16
AVERAGE MONTHLY: 35.0 TOTAL FOR MONTH: 0.00 1 = FOG OR MIST
DPTR FM NORMAL: M DPTR FM NORMAL: M 2 = FOG REDUCING VISIBILITY
HIGHEST: 72 ON 30 GRTST 24HR 0.00 ON 30-30 TO 1/4 MILE OR LESS
LOWEST: 0 ON 17,14 3 = THUNDER
SNOW, ICE PELLETS, HAIL 4 = ICE PELLETS
TOTAL MONTH: 0.0 INCH 5 = HAIL
GRTST 24HR 0.0 6 = FREEZING RAIN OR DRIZZLE
GRTST DEPTH: 0 7 = DUSTSTORM OR SANDSTORM:
VSBY 1/2 MILE OR LESS
8 = SMOKE OR HAZE
[NO. OF DAYS WITH] [WEATHER - DAYS WITH] 9 = BLOWING SNOW
X = TORNADO
MAX 32 OR BELOW: 3 0.01 INCH OR MORE: 0
MAX 90 OR ABOVE: 0 0.10 INCH OR MORE: 0
MIN 32 OR BELOW: 30 0.50 INCH OR MORE: 0
MIN 0 OR BELOW: 2 1.00 INCH OR MORE: 0
[HDD (BASE 65) ]
TOTAL THIS MO. 894 CLEAR (SCALE 0-3) 11
DPTR FM NORMAL M PTCLDY (SCALE 4-7) 16
TOTAL FM JUL 1 9083 CLOUDY (SCALE 8-10) 3
DPTR FM NORMAL M
[CDD (BASE 65) ]
TOTAL THIS MO. 0
DPTR FM NORMAL M [PRESSURE DATA]
TOTAL FM JAN 1 0 HIGHEST SLP M ON M
DPTR FM NORMAL M LOWEST SLP M ON M
[REMARKS]
#FINAL-04-20#