000
CXUS54 KEWX 011010
CF63T5
PRELIMINARY LOCAL CLIMATOLOGICAL DATA (WS FORM: F-6)
STATION: LA GRANGE
MONTH: AUGUST
YEAR: 2021
LATITUDE: 29 54 N
LONGITUDE: 96 57 W
TEMPERATURE IN F: :PCPN: SNOW: WIND :SUNSHINE: SKY :PK WND
================================================================================
1 2 3 4 5 6A 6B 7 8 9 10 11 12 13 14 15 16 17 18
12Z AVG MX 2MIN
DY MAX MIN AVG DEP HDD CDD WTR SNW DPTH SPD SPD DIR MIN PSBL S-S WX SPD DR
================================================================================
1 96 77 87 M 0 22 0.00 M M 5.4 10 230 M M 0 M M
2 90 75 83 M 0 18 0.03 M M 2.6 7 200 M M 3 M M
3 93 76 85 M 0 20 0.00 M M 2.8 9 210 M M 8 8 16 30
4 88 77 83 M 0 18 0.02 M M 2.6 13 170 M M 6 13 17 20
5 87 76 82 M 0 17 0.06 0.0 0 2.8 10 250 M M 6 13 16 250
6 91 76 84 M 0 19 0.28 M M 3.2 10 180 M M 4 1 M M
7 95 76 86 M 0 21 0.00 M M 5.3 13 180 M M 4 18 21 210
8 96 78 87 M 0 22 0.00 M M 8.2 20 170 M M 3 1 25 170
9 96 79 88 M 0 23 0.00 M M 9.2 14 170 M M 4 1 22 170
10 98 78 88 M 0 23 0.00 M M 7.2 14 170 M M 4 1 18 170
11 98 77 88 M 0 23 0.00 M M 5.7 14 160 M M 3 12 17 160
12 96 76 86 M 0 21 0.00 M M 4.7 9 150 M M 2 12 18 160
13 97 75 86 M 0 21 0.00 M M 2.7 13 150 M M 2 1 16 150
14 97 75 86 M 0 21 0.00 M M 1.5 6 160 M M 2 18 M M
15 80 76 78 M 0 13 0.00 M M 0.0 M M M M 0 1 M M
16 94 75 85 M 0 20 0.00 M M 2.7 8 130 M M 2 1 M M
17 94 76 85 M 0 20 0.00 M M 3.9 12 190 M M 2 1 20 170
18 93 78 86 M 0 21 0.00 M M 3.9 13 170 M M 3 13 17 170
19 97 79 88 M 0 23 0.00 M M 6.4 13 160 M M 3 1 20 200
20 96 77 87 M 0 22 0.00 M M 5.2 10 160 M M 2 1 17 170
21 97 77 87 M 0 22 0.00 M M 5.9 12 170 M M 2 18 M M
22 96 74 85 M 0 20 0.00 M M 3.0 7 180 M M 1 1 M M
23 97 72 85 M 0 20 0.00 M M 3.5 8 150 M M 1 18 M M
24 97 74 86 M 0 21 0.00 M M 3.4 9 160 M M 1 10 190
25 97 75 86 M 0 21 0.00 M M 2.3 7 170 M M 3 1 M M
26 98 77 88 M 0 23 0.04 M M 2.0 9 190 M M 3 3 23 140
27 91 75 83 M 0 18 0.01 M M 1.3 7 130 M M 5 1 16 130
28 94 75 85 M 0 20 0.00 M M 2.0 8 150 M M 2 8 M M
29 94 75 85 M 0 20 0.00 M M 1.0 5 50 M M 4 12 M M
30 98 77 88 M 0 23 0.00 M M 2.3 6 30 M M 2 M M
31 98 76 87 M 0 22 0.00 M M 3.4 8 170 M M 1 M M
================================================================================
SM 2929 2359 0 638 0.44 0.0 116.1 M 88
================================================================================
AV 94.5 76.1 3.7 FASTST M M 3 MAX(MPH)
MISC ----> 20 170 25 170
================================================================================
NOTES:
# LAST OF SEVERAL OCCURRENCES
COLUMN 17 PEAK WIND IN M.P.H.
PRELIMINARY LOCAL CLIMATOLOGICAL DATA (WS FORM: F-6) , PAGE 2
STATION: LA GRANGE
MONTH: AUGUST
YEAR: 2021
LATITUDE: 29 54 N
LONGITUDE: 96 57 W
[TEMPERATURE DATA] [PRECIPITATION DATA] SYMBOLS USED IN COLUMN 16
AVERAGE MONTHLY: 85.3 TOTAL FOR MONTH: 0.44 1 = FOG OR MIST
DPTR FM NORMAL: 0.0 DPTR FM NORMAL: M 2 = FOG REDUCING VISIBILITY
HIGHEST: 98 ON 31,30 GRTST 24HR 0.28 ON 6- 6 TO 1/4 MILE OR LESS
LOWEST: 72 ON 23 3 = THUNDER
SNOW, ICE PELLETS, HAIL 4 = ICE PELLETS
TOTAL MONTH: 0.0 INCH 5 = HAIL
GRTST 24HR 0.0 6 = FREEZING RAIN OR DRIZZLE
GRTST DEPTH: 0 7 = DUSTSTORM OR SANDSTORM:
VSBY 1/2 MILE OR LESS
8 = SMOKE OR HAZE
[NO. OF DAYS WITH] [WEATHER - DAYS WITH] 9 = BLOWING SNOW
X = TORNADO
MAX 32 OR BELOW: 0 0.01 INCH OR MORE: 6
MAX 90 OR ABOVE: 28 0.10 INCH OR MORE: 1
MIN 32 OR BELOW: 0 0.50 INCH OR MORE: 0
MIN 0 OR BELOW: 0 1.00 INCH OR MORE: 0
[HDD (BASE 65) ]
TOTAL THIS MO. 0 CLEAR (SCALE 0-3) 20
DPTR FM NORMAL M PTCLDY (SCALE 4-7) 10
TOTAL FM JUL 1 0 CLOUDY (SCALE 8-10) 1
DPTR FM NORMAL M
[CDD (BASE 65) ]
TOTAL THIS MO. 638
DPTR FM NORMAL M [PRESSURE DATA]
TOTAL FM JAN 1 2419 HIGHEST SLP M ON M
DPTR FM NORMAL M LOWEST SLP M ON M
[REMARKS]
#FINAL-08-21#