000
CXUS53 KABR 011716
CF68D3
PRELIMINARY LOCAL CLIMATOLOGICAL DATA (WS FORM: F-6)
STATION: SISSETON SD
MONTH: FEBRUARY
YEAR: 2023
LATITUDE: 45 40 N
LONGITUDE: 96 59 W
TEMPERATURE IN F: :PCPN: SNOW: WIND :SUNSHINE: SKY :PK WND
================================================================================
1 2 3 4 5 6A 6B 7 8 9 10 11 12 13 14 15 16 17 18
12Z AVG MX 2MIN
DY MAX MIN AVG DEP HDD CDD WTR SNW DPTH SPD SPD DIR MIN PSBL S-S WX SPD DR
================================================================================
1 25 -5 10 -4 55 0 0.00 0.0 6 8.5 22 240 M M 0 31 240
2 27 -14 7 -7 58 0 0.00 0.0 6 15.3 37 360 M M 0 43 360
3 12 -14 -1 -15 66 0 0.00 0.0 6 14.3 25 150 M M 0 31 150
4 43 4 24 10 41 0 0.00 0.0 6 9.2 21 270 M M 0 27 280
5 26 18 22 7 43 0 0.00 0.0 5 9.7 18 340 M M 0 23 330
6 41 19 30 15 35 0 0.00 0.0 5 16.8 31 170 M M 0 40 170
7 43 26 35 20 30 0 0.00 0.0 5 15.6 28 310 M M 0 35 310
8 43 29 36 21 29 0 0.00 0.0 4 7.8 18 230 M M 0 26 220
9 35 11 23 7 42 0 0.00 0.0 4 21.7 41 350 M M 0 51 340
10 39 6 23 7 42 0 0.00 0.0 4 13.3 30 220 M M 0 43 230
11 47 27 37 21 28 0 0.00 0.0 3 10.1 26 250 M M 0 39 230
12 43 18 31 15 34 0 0.00 0.0 3 8.1 21 250 M M 0 30 250
13 44 22 33 16 32 0 0.00 0.0 3 10.0 25 210 M M 0 38 220
14 46 21 34 17 31 0 0.03 1.2 2 16.5 45 340 M M 0 58 340
15 21 4 13 -4 52 0 0.11 0.8 4 21.9 45 320 M M 0 62 320
16 14 0 7 -11 58 0 0.00 0.0 4 5.2 12 320 M M 0 13 340
17 36 -1 18 0 47 0 0.00 0.0 4 15.3 32 230 M M 0 46 220
18 39 20 30 12 35 0 0.00 0.0 3 7.4 15 280 M M 0 21 180
19 35 12 24 5 41 0 0.00 0.0 3 12.4 26 360 M M 0 31 360
20 37 5 21 2 44 0 0.02 0.1 3 22.3 39 320 M M 0 50 310
21 7 0 4 -16 61 0 0.21 3.4 3 10.2 22 10 M M 0 25 360
22 6 -1 3 -17 62 0 0.09 3.1 6 21.1 28 340 M M 0 34 340
23 2 -9 -3 -23 68 0 0.15 3.7 12 19.6 30 340 M M 0 38 350
24 2 -17 -7 -28 72 0 0.02 T 13 6.5 16 150 M M 0 19 160
25 26 -7 10 -11 55 0 0.00 0.0 13 7.7 25 250 M M 0 37 240
26 26 -1 13 -9 52 0 0.00 0.0 13 12.3 25 150 M M 0 33 150
27 40 24 32 10 33 0 0.01 T 13 11.2 30 320 M M 0 37 320
28 33 11 22 -1 43 0 0.15 1.8 11 7.8 20 300 M M 0 24 80
================================================================================
SM 838 208 1289 0 0.79 14.1 357.8 M 0
================================================================================
AV 29.9 7.4 12.8 FASTST M M 0 MAX(MPH)
MISC ----> # 45 340 62 320
================================================================================
NOTES:
# LAST OF SEVERAL OCCURRENCES
COLUMN 17 PEAK WIND IN M.P.H.
PRELIMINARY LOCAL CLIMATOLOGICAL DATA (WS FORM: F-6) , PAGE 2
STATION: SISSETON SD
MONTH: FEBRUARY
YEAR: 2023
LATITUDE: 45 40 N
LONGITUDE: 96 59 W
[TEMPERATURE DATA] [PRECIPITATION DATA] SYMBOLS USED IN COLUMN 16
AVERAGE MONTHLY: 18.7 TOTAL FOR MONTH: 0.79 1 = FOG OR MIST
DPTR FM NORMAL: 1.1 DPTR FM NORMAL: 0.09 2 = FOG REDUCING VISIBILITY
HIGHEST: 47 ON 11 GRTST 24HR 0.24 ON 22-23 TO 1/4 MILE OR LESS
LOWEST: -17 ON 24 3 = THUNDER
SNOW, ICE PELLETS, HAIL 4 = ICE PELLETS
TOTAL MONTH: 14.1 INCHES 5 = HAIL
GRTST 24HR 3.7 ON 23-23 6 = FREEZING RAIN OR DRIZZLE
GRTST DEPTH: 13 ON 27,26 7 = DUSTSTORM OR SANDSTORM:
VSBY 1/2 MILE OR LESS
8 = SMOKE OR HAZE
[NO. OF DAYS WITH] [WEATHER - DAYS WITH] 9 = BLOWING SNOW
X = TORNADO
MAX 32 OR BELOW: 12 0.01 INCH OR MORE: 9
MAX 90 OR ABOVE: 0 0.10 INCH OR MORE: 4
MIN 32 OR BELOW: 28 0.50 INCH OR MORE: 0
MIN 0 OR BELOW: 11 1.00 INCH OR MORE: 0
[HDD (BASE 65) ]
TOTAL THIS MO. 1289 CLEAR (SCALE 0-3) 28
DPTR FM NORMAL -38 PTCLDY (SCALE 4-7) 0
TOTAL FM JUL 1 5906 CLOUDY (SCALE 8-10) 0
DPTR FM NORMAL -227
[CDD (BASE 65) ]
TOTAL THIS MO. 0
DPTR FM NORMAL 0 [PRESSURE DATA]
TOTAL FM JAN 1 0 HIGHEST SLP 30.87 ON 24
DPTR FM NORMAL 0 LOWEST SLP 29.21 ON 14
[REMARKS]
#FINAL-02-23#