000
CXUS56 KMFR 011030
CF6AAT
PRELIMINARY LOCAL CLIMATOLOGICAL DATA (WS FORM: F-6)
STATION: ALTURAS CA
MONTH: FEBRUARY
YEAR: 2023
LATITUDE: 41 29 N
LONGITUDE: 120 34 W
TEMPERATURE IN F: :PCPN: SNOW: WIND :SUNSHINE: SKY :PK WND
================================================================================
1 2 3 4 5 6A 6B 7 8 9 10 11 12 13 14 15 16 17 18
12Z AVG MX 2MIN
DY MAX MIN AVG DEP HDD CDD WTR SNW DPTH SPD SPD DIR MIN PSBL S-S WX SPD DR
================================================================================
1 50 12 31 -2 34 0 0.00 M M 1.6 9 190 M M 0 18 13 180
2 50 18 34 1 31 0 0.00 M M 5.8 20 170 M M 0 18 27 170
3 46 30 38 5 27 0 0.00 M M 9.2 26 180 M M 6 18 39 170
4 48 26 37 4 28 0 0.03 M M 8.2 21 170 M M 4 1 29 210
5 38 27 33 -1 32 0 0.22 M M 7.7 21 260 M M 8 12 32 220
6 39 23 31 -3 34 0 0.00 M M 2.7 10 330 M M 3 18 14 120
7 46 20 33 -1 32 0 0.00 M M 1.1 6 20 M M 2 18 8 290
8 47 21 34 0 31 0 0.00 M M 1.5 7 40 M M 0 18 11 140
9 53 21 37 3 28 0 0.00 M M 5.4 21 170 M M 0 18 28 170
10 53 25 39 5 26 0 0.00 M M 5.9 21 180 M M 1 18 28 180
11 48 31 40 6 25 0 0.01 M M 11.5 21 20 M M 4 1 30 350
12 54 22 38 4 27 0 0.00 M M 1.5 8 250 M M 0 18 14 50
13 47 19 33 -1 32 0 0.01 M M 9.7 39 320 M M 1 18 52 330
14 32 16 24 -10 41 0 0.01 M M 6.9 29 290 M M 3 18 41 290
15 38 11 25 -10 40 0 0.00 M M 2.8 12 360 M M 0 17 360
16 42 12 27 -8 38 0 0.00 M M 4.6 16 170 M M 0 21 190
17 46 16 31 -4 34 0 0.00 M M 1.2 8 20 M M 1 18 10 10
18 47 14 31 -4 34 0 0.00 M M 1.4 8 310 M M 0 18 11 320
19 52 15 34 -1 31 0 0.00 M M 1.3 8 250 M M 0 18 12 250
20 56 23 40 4 25 0 0.00 M M 2.6 16 320 M M 0 18 23 310
21 44 23 34 -2 31 0 0.02 M M 12.4 37 320 M M 6 128 50 300
22 29 19 24 -12 41 0 0.24 M M 4.9 24 270 M M 9 128 31 270
23 25 13 19 -17 46 0 0.13 M M 5.3 12 150 M M 8 12 M M
24 33 11 22 -14 43 0 0.00 M M 6.6 17 150 M M 5 18 26 150
25 41 7 24 -12 41 0 0.00 M M 2.3 8 310 M M 2 18 10 290
26 36 20 28 -9 37 0 0.14 M M 7.1 24 260 M M 9 1 33 280
27 34 15 25 -12 40 0 0.04 M M 12.8 35 200 M M 7 128 54 210
28 32 11 22 -15 43 0 0.23 M M 9.2 26 280 M M 9 12 43 240
================================================================================
SM 1206 521 952 0 1.08 M 153.2 M 88
================================================================================
AV 43.1 18.6 5.5 FASTST M M 3 MAX(MPH)
MISC ----> 39 320 54 210
================================================================================
NOTES:
# LAST OF SEVERAL OCCURRENCES
COLUMN 17 PEAK WIND IN M.P.H.
PRELIMINARY LOCAL CLIMATOLOGICAL DATA (WS FORM: F-6) , PAGE 2
STATION: ALTURAS CA
MONTH: FEBRUARY
YEAR: 2023
LATITUDE: 41 29 N
LONGITUDE: 120 34 W
[TEMPERATURE DATA] [PRECIPITATION DATA] SYMBOLS USED IN COLUMN 16
AVERAGE MONTHLY: 30.8 TOTAL FOR MONTH: 1.08 1 = FOG OR MIST
DPTR FM NORMAL: -4.0 DPTR FM NORMAL: -0.01 2 = FOG REDUCING VISIBILITY
HIGHEST: 56 ON 20 GRTST 24HR 0.37 ON 22-23 TO 1/4 MILE OR LESS
LOWEST: 7 ON 25 3 = THUNDER
SNOW, ICE PELLETS, HAIL 4 = ICE PELLETS
TOTAL MONTH: M 5 = HAIL
GRTST 24HR M ON M 6 = FREEZING RAIN OR DRIZZLE
GRTST DEPTH: M ON M 7 = DUSTSTORM OR SANDSTORM:
VSBY 1/2 MILE OR LESS
8 = SMOKE OR HAZE
[NO. OF DAYS WITH] [WEATHER - DAYS WITH] 9 = BLOWING SNOW
X = TORNADO
MAX 32 OR BELOW: 4 0.01 INCH OR MORE: 11
MAX 90 OR ABOVE: 0 0.10 INCH OR MORE: 5
MIN 32 OR BELOW: 28 0.50 INCH OR MORE: 0
MIN 0 OR BELOW: 0 1.00 INCH OR MORE: 0
[HDD (BASE 65) ]
TOTAL THIS MO. 952 CLEAR (SCALE 0-3) 15
DPTR FM NORMAL 106 PTCLDY (SCALE 4-7) 9
TOTAL FM JUL 1 5054 CLOUDY (SCALE 8-10) 4
DPTR FM NORMAL 463
[CDD (BASE 65) ]
TOTAL THIS MO. 0
DPTR FM NORMAL 0 [PRESSURE DATA]
TOTAL FM JAN 1 0 HIGHEST SLP 30.53 ON 6
DPTR FM NORMAL 0 LOWEST SLP 29.51 ON 28
[REMARKS]
#FINAL-02-23#