000
CXUS56 KMFR 010930
CF6AAT
PRELIMINARY LOCAL CLIMATOLOGICAL DATA (WS FORM: F-6)
STATION: ALTURAS CA
MONTH: AUGUST
YEAR: 2022
LATITUDE: 41 29 N
LONGITUDE: 120 34 W
TEMPERATURE IN F: :PCPN: SNOW: WIND :SUNSHINE: SKY :PK WND
================================================================================
1 2 3 4 5 6A 6B 7 8 9 10 11 12 13 14 15 16 17 18
12Z AVG MX 2MIN
DY MAX MIN AVG DEP HDD CDD WTR SNW DPTH SPD SPD DIR MIN PSBL S-S WX SPD DR
================================================================================
1 92 56 74 5 0 9 0.03 M M 8.0 26 280 M M 2 138 35 280
2 87 57 72 4 0 7 0.00 M M 4.9 21 340 M M 4 18 29 330
3 94 49 72 4 0 7 0.00 M M 4.5 18 260 M M 1 26 250
4 96 51 74 6 0 9 0.00 M M 6.3 20 270 M M 1 27 280
5 89 55 72 4 0 7 0.00 M M 9.0 24 240 M M 2 32 240
6 91 56 74 6 0 9 0.00 M M 4.9 16 260 M M 1 24 270
7 96 49 73 5 0 8 0.00 M M 6.4 23 190 M M 1 33 180
8 97 52 75 8 0 10 0.03 M M 5.4 23 180 M M 2 3 35 120
9 88 50 69 2 0 4 0.01 M M 5.0 20 260 M M 4 3 28 150
10 89 40 65 -2 0 0 0.00 M M 10.4 23 170 M M 0 39 170
11 91 37 64 -3 1 0 0.00 M M 4.3 20 270 M M 0 27 220
12 89 38 64 -3 1 0 0.00 M M 4.6 21 260 M M 1 29 270
13 89 38 64 -2 1 0 0.00 M M 3.2 15 260 M M 0 21 260
14 90 38 64 -2 1 0 0.00 M M 4.4 13 320 M M 0 20 260
15 94 41 68 2 0 3 0.00 M M 3.9 14 290 M M 0 19 290
16 94 43 69 3 0 4 0.00 M M 2.6 12 60 M M 0 8 18 30
17 95 61 78 12 0 13 T M M 6.4 26 210 M M 2 36 220
18 83 56 70 5 0 5 0.04 M M 5.6 17 340 M M 8 3 24 340
19 92 46 69 4 0 4 0.00 M M 2.8 16 290 M M 0 21 300
20 94 49 72 7 0 7 0.00 M M 3.4 16 250 M M 0 27 310
21 95 46 71 6 0 6 0.00 M M 4.5 20 250 M M 0 27 260
22 91 44 68 3 0 3 0.00 M M 5.1 21 280 M M 0 30 280
23 92 43 68 4 0 3 0.00 M M 2.6 12 260 M M 0 17 260
24 92 43 68 4 0 3 0.00 M M 5.2 18 280 M M 0 25 280
25 94 43 69 5 0 4 0.00 M M 5.3 20 260 M M 0 8 28 280
26 91 44 68 4 0 3 0.00 M M 5.9 22 250 M M 0 30 250
27 88 44 66 2 0 1 0.00 M M 5.2 21 290 M M 0 27 280
28 91 40 66 3 0 1 0.00 M M 2.9 10 270 M M 0 M M
29 97 42 70 7 0 5 0.00 M M 3.7 15 190 M M 0 21 210
30 96 49 73 10 0 8 0.00 M M 4.7 18 180 M M 0 27 150
31 95 45 70 7 0 5 0.00 M M 5.1 22 260 M M 0 34 250
================================================================================
SM 2852 1445 4 148 0.11 M 156.2 M 29
================================================================================
AV 92.0 46.6 5.0 FASTST M M 1 MAX(MPH)
MISC ----> # 26 280 39 170
================================================================================
NOTES:
# LAST OF SEVERAL OCCURRENCES
COLUMN 17 PEAK WIND IN M.P.H.
PRELIMINARY LOCAL CLIMATOLOGICAL DATA (WS FORM: F-6) , PAGE 2
STATION: ALTURAS CA
MONTH: AUGUST
YEAR: 2022
LATITUDE: 41 29 N
LONGITUDE: 120 34 W
[TEMPERATURE DATA] [PRECIPITATION DATA] SYMBOLS USED IN COLUMN 16
AVERAGE MONTHLY: 69.3 TOTAL FOR MONTH: 0.11 1 = FOG OR MIST
DPTR FM NORMAL: 3.5 DPTR FM NORMAL: -0.16 2 = FOG REDUCING VISIBILITY
HIGHEST: 97 ON 29, 8 GRTST 24HR 0.04 ON 8- 9 TO 1/4 MILE OR LESS
LOWEST: 37 ON 11 3 = THUNDER
SNOW, ICE PELLETS, HAIL 4 = ICE PELLETS
TOTAL MONTH: M 5 = HAIL
GRTST 24HR M ON M 6 = FREEZING RAIN OR DRIZZLE
GRTST DEPTH: M ON M 7 = DUSTSTORM OR SANDSTORM:
VSBY 1/2 MILE OR LESS
8 = SMOKE OR HAZE
[NO. OF DAYS WITH] [WEATHER - DAYS WITH] 9 = BLOWING SNOW
X = TORNADO
MAX 32 OR BELOW: 0 0.01 INCH OR MORE: 4
MAX 90 OR ABOVE: 23 0.10 INCH OR MORE: 0
MIN 32 OR BELOW: 0 0.50 INCH OR MORE: 0
MIN 0 OR BELOW: 0 1.00 INCH OR MORE: 0
[HDD (BASE 65) ]
TOTAL THIS MO. 4 CLEAR (SCALE 0-3) 28
DPTR FM NORMAL -46 PTCLDY (SCALE 4-7) 3
TOTAL FM JUL 1 28 CLOUDY (SCALE 8-10) 0
DPTR FM NORMAL -48
[CDD (BASE 65) ]
TOTAL THIS MO. 148
DPTR FM NORMAL 75 [PRESSURE DATA]
TOTAL FM JAN 1 341 HIGHEST SLP M ON M
DPTR FM NORMAL 119 LOWEST SLP 29.76 ON 27
[REMARKS]
#FINAL-08-22#