000
CXUS54 KSJT 011522
CLMABI
CLIMATE REPORT
NATIONAL WEATHER SERVICE SAN ANGELO TX
922 AM CST FRI DEC 01 2023
...................................
...THE ABILENE CLIMATE SUMMARY FOR THE MONTH OF NOVEMBER 2023...
CLIMATE NORMAL PERIOD: 1991 TO 2020
CLIMATE RECORD PERIOD: 1886 TO 2023
WEATHER OBSERVED NORMAL DEPART LAST YEAR`S
VALUE DATE(S) VALUE FROM VALUE DATE(S)
NORMAL
................................................................
TEMPERATURE (F)
RECORD
HIGH 93 11/08/2023
LOW 13 11/27/1887
HIGHEST 93R 11/08 MM MM 83 11/06
LOWEST 25 11/27 MM MM 24 11/20
AVG. MAXIMUM 68.5 67.8 0.7 63.7
AVG. MINIMUM 45.9 43.3 2.6 41.9
MEAN 57.2 55.5 1.7 52.8
DAYS MAX >= 90 2 0.1 1.9 0
DAYS MAX <= 32 0 0.1 -0.1 0
DAYS MIN <= 32 4 5.2 -1.2 8
DAYS MIN <= 0 0 0.0 0.0 0
PRECIPITATION (INCHES)
RECORD
MAXIMUM 5.82 1913
MINIMUM 0.00 1949
TOTALS 0.13 1.40 -1.27 1.55
DAILY AVG. 0.00 0.05 -0.05 0.05
DAYS >= .01 4 4.5 -0.5 4
DAYS >= .10 0 2.5 -2.5 2
DAYS >= .50 0 0.9 -0.9 2
DAYS >= 1.00 0 0.3 -0.3 0
GREATEST
24 HR. TOTAL 0.09 11/09 TO 11/09
SNOWFALL (INCHES)
RECORDS
TOTAL 8.2 1918
TOTALS 0.0 0.7 -0.7 0.0
SINCE 7/1 0.0 0.7 -0.7 MM
SNOWDEPTH AVG. 0 0
DAYS >= 1.0 0 0.2 -0.2 0
GREATEST
SNOW DEPTH 0 0 MM
24 HR TOTAL MM
DEGREE DAYS
HEATING TOTAL 263 307 -44 391
SINCE 7/1 365 397 -32 MM
COOLING TOTAL 40 23 17 34
SINCE 1/1 3327 2694 633 MM
................................................................
WIND (MPH)
AVERAGE WIND SPEED 9.1
HIGHEST WIND SPEED/DIRECTION 28/350 DATE 11/21
28/330 11/26
28/280 11/30
HIGHEST GUST SPEED/DIRECTION 41/330 DATE 11/20
41/270 11/30
SKY COVER
AVERAGE SKY COVER 0.33
AVERAGE RH (PERCENT) 63
WEATHER CONDITIONS. NUMBER OF DAYS WITH
THUNDERSTORM 0 MIXED PRECIP 0
HEAVY RAIN 0 RAIN 0
LIGHT RAIN 7 FREEZING RAIN 0
LT FREEZING RAIN 0 HAIL 0
HEAVY SNOW 0 SNOW 0
LIGHT SNOW 0 SLEET 0
FOG 10 FOG W/VIS <= 1/4 MILE 2
HAZE 0
- INDICATES NEGATIVE NUMBERS.
R INDICATES RECORD WAS SET OR TIED.
MM INDICATES DATA IS MISSING.
T INDICATES TRACE AMOUNT.
$$