000
CXUS55 KABQ 011000
CF6ABQ
PRELIMINARY LOCAL CLIMATOLOGICAL DATA (WS FORM: F-6)
STATION: ALBUQUERQUE NM
MONTH: AUGUST
YEAR: 2020
LATITUDE: 35 2 N
LONGITUDE: 106 37 W
TEMPERATURE IN F: :PCPN: SNOW: WIND :SUNSHINE: SKY :PK WND
================================================================================
1 2 3 4 5 6A 6B 7 8 9 10 11 12 13 14 15 16 17 18
12Z AVG MX 2MIN
DY MAX MIN AVG DEP HDD CDD WTR SNW DPTH SPD SPD DIR MIN PSBL S-S WX SPD DR
================================================================================
1 92 63 78 1 0 13 T 0.0 0 9.0 32 120 M M 5 3 36 120
2 90 67 79 2 0 14 0.06 0.0 0 6.8 36 360 M M 6 3 47 360
3 92 63 78 1 0 13 0.04 0.0 0 7.1 26 70 M M 4 3 32 70
4 97 69 83 6 0 18 0.00 0.0 0 4.7 15 200 M M 5 21 170
5 91 67 79 2 0 14 T 0.0 0 8.1 29 290 M M 6 34 280
6 94 68 81 4 0 16 0.00 0.0 0 6.0 23 190 M M 4 29 190
7 90 67 79 2 0 14 0.00 0.0 0 7.0 24 270 M M 6 28 270
8 94 65 80 3 0 15 0.00 0.0 0 5.6 17 280 M M 4 22 220
9 95 70 83 6 0 18 0.00 0.0 0 5.3 16 160 M M 5 23 320
10 96 70 83 6 0 18 0.00 0.0 0 4.6 16 280 M M 5 24 260
11 96 68 82 5 0 17 0.00 0.0 0 4.8 17 260 M M 4 22 270
12 97 64 81 4 0 16 0.03 0.0 0 7.4 36 280 M M 5 3 57 300
13 96 69 83 6 0 18 0.00 0.0 0 6.3 23 190 M M 5 30 180
14 98 71 85 9 0 20 T 0.0 0 5.0 30 40 M M 6 37 40
15 99 72 86 10 0 21 0.09 0.0 0 10.2 40 90 M M 4 38 52 80
16 93 66 80 4 0 15 0.00 0.0 0 9.5 29 80 M M 4 3 33 80
17 94 71 83 7 0 18 T 0.0 0 10.4 21 110 M M 4 26 140
18 93 68 81 5 0 16 0.00 0.0 0 6.8 18 90 M M 3 8 21 80
19 96 69 83 7 0 18 0.00 0.0 0 7.0 22 150 M M 4 28 40
20 100 70 85 9 0 20 0.00 0.0 0 7.7 36 90 M M 5 3 51 90
21 99 70 85 9 0 20 0.00 0.0 0 12.4 46 90 M M 4 60 90
22 97 69 83 7 0 18 T 0.0 0 9.0 39 70 M M 4 38 56 70
23 96 69 83 7 0 18 0.00 0.0 0 6.3 24 100 M M 6 35 110
24 95 66 81 5 0 16 T 0.0 0 9.5 33 90 M M 3 3 46 20
25 93 64 79 4 0 14 0.00 0.0 0 6.5 17 250 M M 3 24 240
26 93 66 80 5 0 15 0.20 0.0 0 6.1 24 300 M M 4 3 33 290
27 93 65 79 4 0 14 T 0.0 0 5.0 14 350 M M 3 20 260
28 96 65 81 6 0 16 0.00 0.0 0 7.3 35 220 M M 5 47 210
29 91 69 80 5 0 15 0.12 0.0 0 5.7 32 270 M M 6 57 280
30 89 65 77 3 0 12 T 0.0 0 5.4 18 30 M M 5 25 30
31 89 63 76 2 0 11 0.10 0.0 0 6.5 36 210 M M 7 38 49 220
================================================================================
SM 2924 2088 0 501 0.64 0.0 219.0 M 144
================================================================================
AV 94.3 67.4 7.1 FASTST M M 5 MAX(MPH)
MISC ----> # 46 90 # 60 90
================================================================================
NOTES:
# LAST OF SEVERAL OCCURRENCES
COLUMN 17 PEAK WIND IN M.P.H.
PRELIMINARY LOCAL CLIMATOLOGICAL DATA (WS FORM: F-6) , PAGE 2
STATION: ALBUQUERQUE NM
MONTH: AUGUST
YEAR: 2020
LATITUDE: 35 2 N
LONGITUDE: 106 37 W
[TEMPERATURE DATA] [PRECIPITATION DATA] SYMBOLS USED IN COLUMN 16
AVERAGE MONTHLY: 80.8 TOTAL FOR MONTH: 0.64 1 = FOG OR MIST
DPTR FM NORMAL: 4.6 DPTR FM NORMAL: -0.94 2 = FOG REDUCING VISIBILITY
HIGHEST: 100 ON 20 GRTST 24HR 0.32 ON 31- 1 TO 1/4 MILE OR LESS
LOWEST: 63 ON 31, 3 3 = THUNDER
SNOW, ICE PELLETS, HAIL 4 = ICE PELLETS
TOTAL MONTH: 0.0 INCH 5 = HAIL
GRTST 24HR 0.0 6 = FREEZING RAIN OR DRIZZLE
GRTST DEPTH: 0 7 = DUSTSTORM OR SANDSTORM:
VSBY 1/2 MILE OR LESS
8 = SMOKE OR HAZE
[NO. OF DAYS WITH] [WEATHER - DAYS WITH] 9 = BLOWING SNOW
X = TORNADO
MAX 32 OR BELOW: 0 0.01 INCH OR MORE: 7
MAX 90 OR ABOVE: 29 0.10 INCH OR MORE: 3
MIN 32 OR BELOW: 0 0.50 INCH OR MORE: 0
MIN 0 OR BELOW: 0 1.00 INCH OR MORE: 0
[HDD (BASE 65) ]
TOTAL THIS MO. 0 CLEAR (SCALE 0-3) 2
DPTR FM NORMAL 0 PTCLDY (SCALE 4-7) 29
TOTAL FM JUL 1 0 CLOUDY (SCALE 8-10) 0
DPTR FM NORMAL 0
[CDD (BASE 65) ]
TOTAL THIS MO. 501
DPTR FM NORMAL 155 [PRESSURE DATA]
TOTAL FM JAN 1 1526 HIGHEST SLP M ON M
DPTR FM NORMAL 369 LOWEST SLP 29.60 ON 31
[REMARKS]
#FINAL-08-20#