000
CXUS55 KABQ 011146
CF6ABQ
PRELIMINARY LOCAL CLIMATOLOGICAL DATA (WS FORM: F-6)
STATION: ALBUQUERQUE NM
MONTH: SEPTEMBER
YEAR: 2023
LATITUDE: 35 2 N
LONGITUDE: 106 37 W
TEMPERATURE IN F: :PCPN: SNOW: WIND :SUNSHINE: SKY :PK WND
================================================================================
1 2 3 4 5 6A 6B 7 8 9 10 11 12 13 14 15 16 17 18
12Z AVG MX 2MIN
DY MAX MIN AVG DEP HDD CDD WTR SNW DPTH SPD SPD DIR MIN PSBL S-S WX SPD DR
================================================================================
1 93 70 82 7 0 17 0.00 0.0 0 8.1 21 220 M M 5 28 220
2 92 68 80 6 0 15 0.00 0.0 0 6.0 16 210 M M 3 24 230
3 92 66 79 5 0 14 0.05 0.0 0 5.9 36 230 M M 4 38 50 210
4 90 63 77 3 0 12 0.00 0.0 0 8.9 24 280 M M 2 34 280
5 88 62 75 1 0 10 0.00 0.0 0 5.9 13 140 M M 0 19 150
6 93 65 79 6 0 14 0.00 0.0 0 6.5 14 190 M M 1 20 220
7 97 66 82 9 0 17 0.00 0.0 0 7.4 29 280 M M 3 38 310
8 94 66 80 7 0 15 0.00 0.0 0 4.7 13 170 M M 3 21 160
9 94 69 82 9 0 17 0.00 0.0 0 6.8 16 170 M M 4 20 260
10 89 69 79 7 0 14 0.00 0.0 0 6.9 31 170 M M 9 38 40 170
11 81 62 72 0 0 7 0.17 0.0 0 14.6 32 90 M M 8 3 48 80
12 65 58 62 -10 3 0 0.22 0.0 0 6.6 28 100 M M 9 13 36 110
13 71 50 61 -10 4 0 0.73 T 0 5.2 32 350 M M 8 135 44 350
14 79 56 68 -3 0 3 T 0.0 0 4.9 28 350 M M 5 3 42 350
15 81 55 68 -3 0 3 0.02 0.0 0 6.6 20 10 M M 3 3 27 20
16 80 57 69 -1 0 4 0.00 0.0 0 7.8 28 80 M M 2 34 90
17 78 57 68 -2 0 3 0.00 0.0 0 7.8 22 210 M M 7 29 220
18 81 57 69 -1 0 4 0.04 0.0 0 5.6 17 10 M M 5 3 21 10
19 85 56 71 2 0 6 0.00 0.0 0 4.6 17 240 M M 1 22 210
20 78 55 67 -2 0 2 0.00 0.0 0 5.8 31 190 M M 5 41 190
21 84 62 73 4 0 8 T 0.0 0 10.8 29 170 M M 4 44 180
22 84 61 73 5 0 8 0.00 0.0 0 4.9 16 250 M M 5 26 290
23 82 58 70 2 0 5 0.00 0.0 0 8.9 24 340 M M 7 32 330
24 81 57 69 2 0 4 0.00 0.0 0 4.9 13 350 M M 2 17 220
25 85 58 72 5 0 7 0.00 0.0 0 9.1 21 90 M M 1 26 90
26 86 59 73 6 0 8 0.00 0.0 0 4.6 16 190 M M 2 23 200
27 87 59 73 7 0 8 0.00 0.0 0 4.3 10 190 M M 1 14 50
28 88 57 73 7 0 8 0.00 0.0 0 4.2 14 180 M M 5 20 170
29 87 57 72 7 0 7 0.00 0.0 0 6.2 18 180 M M 2 25 180
30 86 62 74 9 0 9 0.00 0.0 0 13.9 33 190 M M 3 48 180
================================================================================
SM 2551 1817 7 249 1.23 T 208.4 M 119
================================================================================
AV 85.0 60.6 6.9 FASTST M M 4 MAX(MPH)
MISC ----> 36 230 50 210
================================================================================
NOTES:
# LAST OF SEVERAL OCCURRENCES
COLUMN 17 PEAK WIND IN M.P.H.
PRELIMINARY LOCAL CLIMATOLOGICAL DATA (WS FORM: F-6) , PAGE 2
STATION: ALBUQUERQUE NM
MONTH: SEPTEMBER
YEAR: 2023
LATITUDE: 35 2 N
LONGITUDE: 106 37 W
[TEMPERATURE DATA] [PRECIPITATION DATA] SYMBOLS USED IN COLUMN 16
AVERAGE MONTHLY: 72.8 TOTAL FOR MONTH: 1.23 1 = FOG OR MIST
DPTR FM NORMAL: 2.5 DPTR FM NORMAL: 0.08 2 = FOG REDUCING VISIBILITY
HIGHEST: 97 ON 7 GRTST 24HR 0.78 ON 12-13 TO 1/4 MILE OR LESS
LOWEST: 50 ON 13 3 = THUNDER
SNOW, ICE PELLETS, HAIL 4 = ICE PELLETS
TOTAL MONTH: T 5 = HAIL
GRTST 24HR T ON 13-13 6 = FREEZING RAIN OR DRIZZLE
GRTST DEPTH: 0 7 = DUSTSTORM OR SANDSTORM:
VSBY 1/2 MILE OR LESS
8 = SMOKE OR HAZE
[NO. OF DAYS WITH] [WEATHER - DAYS WITH] 9 = BLOWING SNOW
X = TORNADO
MAX 32 OR BELOW: 0 0.01 INCH OR MORE: 6
MAX 90 OR ABOVE: 8 0.10 INCH OR MORE: 3
MIN 32 OR BELOW: 0 0.50 INCH OR MORE: 1
MIN 0 OR BELOW: 0 1.00 INCH OR MORE: 0
[HDD (BASE 65) ]
TOTAL THIS MO. 7 CLEAR (SCALE 0-3) 13
DPTR FM NORMAL -13 PTCLDY (SCALE 4-7) 15
TOTAL FM JUL 1 7 CLOUDY (SCALE 8-10) 2
DPTR FM NORMAL -11
[CDD (BASE 65) ]
TOTAL THIS MO. 249
DPTR FM NORMAL 70 [PRESSURE DATA]
TOTAL FM JAN 1 1756 HIGHEST SLP 30.17 ON 16
DPTR FM NORMAL 333 LOWEST SLP 29.67 ON 4
[REMARKS]
#FINAL-09-23#