000
CXUS53 KABR 011100
CF6ABR
PRELIMINARY LOCAL CLIMATOLOGICAL DATA (WS FORM: F-6)
STATION: ABERDEEN SD
MONTH: OCTOBER
YEAR: 2023
LATITUDE: 45 27 N
LONGITUDE: 98 26 W
TEMPERATURE IN F: :PCPN: SNOW: WIND :SUNSHINE: SKY :PK WND
================================================================================
1 2 3 4 5 6A 6B 7 8 9 10 11 12 13 14 15 16 17 18
12Z AVG MX 2MIN
DY MAX MIN AVG DEP HDD CDD WTR SNW DPTH SPD SPD DIR MIN PSBL S-S WX SPD DR
================================================================================
1 93 71 82 28 0 17 0.00 0.0 0 15.6 29 170 M M 0 40 180
2 89 59 74 20 0 9 0.00 0.0 0 10.6 20 160 M M 1 8 30 160
3 82 59 71 18 0 6 0.01 0.0 0 12.1 21 170 M M 2 30 170
4 71 51 61 8 4 0 0.01 0.0 0 12.1 25 260 M M 5 34 250
5 61 47 54 2 11 0 T 0.0 0 18.1 36 320 M M 4 47 320
6 51 30 41 -11 24 0 0.00 0.0 0 16.7 33 320 M M 7 8 48 330
7 67 25 46 -5 19 0 0.00 0.0 0 5.9 15 240 M M 0 24 200
8 67 39 53 3 12 0 0.00 0.0 0 9.6 21 360 M M 0 26 360
9 61 33 47 -3 18 0 0.00 0.0 0 4.9 15 10 M M 3 8 20 10
10 61 29 45 -5 20 0 0.00 0.0 0 4.2 12 60 M M 0 12 15 70
11 70 33 52 3 13 0 0.00 0.0 0 9.6 20 80 M M 0 8 27 80
12 58 41 50 2 15 0 0.39 0.0 0 18.7 35 70 M M 4 1 46 60
13 48 44 46 -2 19 0 0.42 0.0 0 18.9 26 20 M M 10 1 39 360
14 51 42 47 0 18 0 0.00 0.0 0 8.2 15 30 M M 10 20 30
15 59 34 47 0 18 0 0.00 0.0 0 6.2 16 360 M M 3 21 10
16 64 27 46 0 19 0 0.00 0.0 0 4.2 12 230 M M 0 18 250
17 75 35 55 9 10 0 0.00 0.0 0 10.5 25 330 M M 0 32 320
18 58 48 53 8 12 0 0.02 0.0 0 12.5 30 340 M M 7 38 340
19 72 41 57 12 8 0 0.00 0.0 0 6.6 20 330 M M 0 18 26 330
20 79 36 58 14 7 0 0.00 0.0 0 9.4 25 330 M M 0 36 310
21 65 35 50 6 15 0 0.00 0.0 0 10.5 23 330 M M 0 32 310
22 60 33 47 4 18 0 T 0.0 0 10.6 23 150 M M 1 1 29 160
23 69 40 55 12 10 0 0.00 0.0 0 8.7 23 20 M M 1 8 32 30
24 52 36 44 2 21 0 T 0.0 0 11.8 22 20 M M 9 29 10
25 49 34 42 0 23 0 0.13 0.0 0 8.7 15 110 M M 9 18 20 60
26 46 31 39 -2 26 0 0.41 0.8 0 15.2 22 20 M M 10 1 29 310
27 31 17 24 -16 41 0 0.01 0.2 1 15.2 28 320 M M 4 1 36 310
28 31 13 22 -18 43 0 0.00 0.0 1 7.1 14 300 M M 2 18 290
29 31 12 22 -18 43 0 0.01 T T 8.4 18 310 M M 5 8 26 310
30 39 16 28 -11 37 0 T T T 16.4 35 300 M M 5 48 300
31 32 15 24 -14 41 0 0.00 0.0 T 9.5 23 330 M M 2 32 330
================================================================================
SM 1842 1106 565 32 1.41 1.0 336.7 M 104
================================================================================
AV 59.4 35.7 10.9 FASTST M M 3 MAX(MPH)
MISC ----> 36 320 # 48 330
================================================================================
NOTES:
# LAST OF SEVERAL OCCURRENCES
COLUMN 17 PEAK WIND IN M.P.H.
PRELIMINARY LOCAL CLIMATOLOGICAL DATA (WS FORM: F-6) , PAGE 2
STATION: ABERDEEN SD
MONTH: OCTOBER
YEAR: 2023
LATITUDE: 45 27 N
LONGITUDE: 98 26 W
[TEMPERATURE DATA] [PRECIPITATION DATA] SYMBOLS USED IN COLUMN 16
AVERAGE MONTHLY: 47.5 TOTAL FOR MONTH: 1.41 1 = FOG OR MIST
DPTR FM NORMAL: 1.2 DPTR FM NORMAL: -0.73 2 = FOG REDUCING VISIBILITY
HIGHEST: 93 ON 1 GRTST 24HR 0.81 ON 12-13 TO 1/4 MILE OR LESS
LOWEST: 12 ON 29 3 = THUNDER
SNOW, ICE PELLETS, HAIL 4 = ICE PELLETS
TOTAL MONTH: 1.0 INCH 5 = HAIL
GRTST 24HR 0.8 ON 26-26 6 = FREEZING RAIN OR DRIZZLE
GRTST DEPTH: 1 ON 28,27 7 = DUSTSTORM OR SANDSTORM:
VSBY 1/2 MILE OR LESS
8 = SMOKE OR HAZE
[NO. OF DAYS WITH] [WEATHER - DAYS WITH] 9 = BLOWING SNOW
X = TORNADO
MAX 32 OR BELOW: 4 0.01 INCH OR MORE: 9
MAX 90 OR ABOVE: 1 0.10 INCH OR MORE: 4
MIN 32 OR BELOW: 10 0.50 INCH OR MORE: 0
MIN 0 OR BELOW: 0 1.00 INCH OR MORE: 0
[HDD (BASE 65) ]
TOTAL THIS MO. 565 CLEAR (SCALE 0-3) 17
DPTR FM NORMAL -18 PTCLDY (SCALE 4-7) 9
TOTAL FM JUL 1 638 CLOUDY (SCALE 8-10) 5
DPTR FM NORMAL -160
[CDD (BASE 65) ]
TOTAL THIS MO. 32
DPTR FM NORMAL 28 [PRESSURE DATA]
TOTAL FM JAN 1 914 HIGHEST SLP 30.55 ON 31
DPTR FM NORMAL 284 LOWEST SLP 29.56 ON 3
[REMARKS]
#FINAL-10-23#