000
CXUS56 KEKA 012210
CF6ACV
PRELIMINARY LOCAL CLIMATOLOGICAL DATA (WS FORM: F-6)
STATION: ARCATA CA
MONTH: FEBRUARY
YEAR: 2023
LATITUDE: 40 58 N
LONGITUDE: 124 6 W
TEMPERATURE IN F: :PCPN: SNOW: WIND :SUNSHINE: SKY :PK WND
================================================================================
1 2 3 4 5 6A 6B 7 8 9 10 11 12 13 14 15 16 17 18
12Z AVG MX 2MIN
DY MAX MIN AVG DEP HDD CDD WTR SNW DPTH SPD SPD DIR MIN PSBL S-S WX SPD DR
================================================================================
1 53 32 43 -6 22 0 0.00 M M 2.7 8 270 M M M 18 10 230
2 66 33 50 1 15 0 0.00 M M 6.4 26 160 M M M 18 40 140
3 59 42 51 2 14 0 0.24 M M 9.7 31 150 M M 7 18 40 150
4 61 42 52 3 13 0 0.37 M M 9.2 46 160 M M 5 1 65 180
5 51 43 47 -2 18 0 0.38 M M 7.9 21 300 M M 10 1 32 310
6 52 34 43 -6 22 0 0.00 M M 4.9 17 320 M M 1 18 26 320
7 55 34 45 -4 20 0 0.00 M M 2.4 8 250 M M 2 18 11 250
8 53 36 45 -4 20 0 0.00 M M 3.5 8 300 M M 4 28 11 310
9 57 35 46 -3 19 0 0.00 M M 4.0 15 220 M M 2 18 20 210
10 52 41 47 -2 18 0 0.23 M M 4.5 16 240 M M 8 1 21 230
11 57 38 48 -1 17 0 T M M 5.8 21 340 M M 3 18 27 350
12 57 33 45 -4 20 0 T M M 4.8 17 330 M M 2 128 24 320
13 53 40 47 -2 18 0 0.05 M M 10.7 30 340 M M 7 1 43 330
14 48 31 40 -9 25 0 0.32 0.0 M 7.6 25 320 M M 5 1 37 310
15 50 28 39 -10 26 0 0.00 M M 4.3 10 320 M M 0 18 13 320
16 51 30 41 -8 24 0 0.00 M M 3.6 12 300 M M 1 18 13 300
17 59 32 46 -2 19 0 0.00 M M 5.9 17 320 M M 1 8 23 330
18 52 30 41 -7 24 0 0.00 M M 5.1 16 320 M M 0 18 21 320
19 57 33 45 -3 20 0 0.00 M M 5.1 21 320 M M 0 18 25 310
20 54 36 45 -3 20 0 0.01 M M 5.6 18 330 M M 7 18 26 330
21 49 35 42 -6 23 0 0.65 M M 7.4 36 310 M M 10 138 57 310
22 39 33 36 -12 29 0 0.86 M M 3.7 15 340 M M 10 1 20 340
23 38 33 36 -12 29 0 1.15 M M 7.3 17 220 M M 10 1 29 240
24 50 30 40 -8 25 0 0.00 M M 3.8 13 350 M M 3 1 17 360
25 50 29 40 -8 25 0 0.00 M M 5.1 12 210 M M 2 18 16 200
26 49 39 44 -4 21 0 0.43 M M 6.6 23 270 M M 7 1 36 280
27 46 36 41 -8 24 0 0.94 M M 13.1 26 290 M M 9 13 46 300
28 46 31 39 -10 26 0 0.84 M M 6.6 21 300 M M 9 1 27 300
================================================================================
SM 1464 969 596 0 6.47 0.0 167.3 M 125
================================================================================
AV 52.3 34.6 6.0 FASTST M M 5 MAX(MPH)
MISC ----> 46 160 65 180
================================================================================
NOTES:
# LAST OF SEVERAL OCCURRENCES
COLUMN 17 PEAK WIND IN M.P.H.
PRELIMINARY LOCAL CLIMATOLOGICAL DATA (WS FORM: F-6) , PAGE 2
STATION: ARCATA CA
MONTH: FEBRUARY
YEAR: 2023
LATITUDE: 40 58 N
LONGITUDE: 124 6 W
[TEMPERATURE DATA] [PRECIPITATION DATA] SYMBOLS USED IN COLUMN 16
AVERAGE MONTHLY: 43.4 TOTAL FOR MONTH: 6.47 1 = FOG OR MIST
DPTR FM NORMAL: -5.2 DPTR FM NORMAL: -0.01 2 = FOG REDUCING VISIBILITY
HIGHEST: 66 ON 2 GRTST 24HR 1.28 ON 22-23 TO 1/4 MILE OR LESS
LOWEST: 28 ON 15 3 = THUNDER
SNOW, ICE PELLETS, HAIL 4 = ICE PELLETS
TOTAL MONTH: 0.0 INCH 5 = HAIL
GRTST 24HR 0.0 6 = FREEZING RAIN OR DRIZZLE
GRTST DEPTH: M ON M 7 = DUSTSTORM OR SANDSTORM:
VSBY 1/2 MILE OR LESS
8 = SMOKE OR HAZE
[NO. OF DAYS WITH] [WEATHER - DAYS WITH] 9 = BLOWING SNOW
X = TORNADO
MAX 32 OR BELOW: 0 0.01 INCH OR MORE: 13
MAX 90 OR ABOVE: 0 0.10 INCH OR MORE: 11
MIN 32 OR BELOW: 9 0.50 INCH OR MORE: 5
MIN 0 OR BELOW: 0 1.00 INCH OR MORE: 1
[HDD (BASE 65) ]
TOTAL THIS MO. 596 CLEAR (SCALE 0-3) 12
DPTR FM NORMAL 137 PTCLDY (SCALE 4-7) 8
TOTAL FM JUL 1 3190 CLOUDY (SCALE 8-10) 8
DPTR FM NORMAL 226
[CDD (BASE 65) ]
TOTAL THIS MO. 0
DPTR FM NORMAL 0 [PRESSURE DATA]
TOTAL FM JAN 1 0 HIGHEST SLP 30.58 ON 6
DPTR FM NORMAL 0 LOWEST SLP 29.60 ON 23
[REMARKS]
#FINAL-02-23#