000
CXUS52 KFFC 011110
CF6AHN
PRELIMINARY LOCAL CLIMATOLOGICAL DATA (WS FORM: F-6)
STATION: ATHENS
MONTH: DECEMBER
YEAR: 2023
LATITUDE: 33 57 N
LONGITUDE: 83 19 W
TEMPERATURE IN F: :PCPN: SNOW: WIND :SUNSHINE: SKY :PK WND
================================================================================
1 2 3 4 5 6A 6B 7 8 9 10 11 12 13 14 15 16 17 18
12Z AVG MX 2MIN
DY MAX MIN AVG DEP HDD CDD WTR SNW DPTH SPD SPD DIR MIN PSBL S-S WX SPD DR
================================================================================
1 62 41 52 3 13 0 0.08 M M 3.9 9 90 M M 10 1 11 80
2 67 53 60 11 5 0 0.02 0.0 M 1.6 8 190 M M 10 1 14 190
3 69 49 59 10 6 0 0.07 M M 5.4 14 260 M M 5 1 21 270
4 69 42 56 7 9 0 0.00 0.0 M 4.6 21 290 M M 0 33 280
5 60 36 48 0 17 0 0.00 0.0 M 4.4 15 290 M M 0 24 270
6 55 38 47 -1 18 0 0.00 0.0 M 7.2 15 310 M M 0 23 310
7 59 28 44 -4 21 0 0.00 0.0 M 1.6 8 230 M M 0 1 15 220
8 60 32 46 -2 19 0 0.00 0.0 M 1.9 10 190 M M 0 20 210
9 58 47 53 5 12 0 0.34 M M 4.0 8 80 M M 10 12 10 110
10 61 40 51 4 14 0 0.67 M M 6.5 23 300 M M 9 13 34 300
11 54 33 44 -3 21 0 0.00 0.0 M 7.1 14 300 M M 0 21 300
12 54 29 42 -5 23 0 0.00 0.0 M 2.6 7 50 M M 0 10 90
13 58 30 44 -3 21 0 0.00 0.0 M 1.7 12 60 M M 0 18 15 50
14 58 36 47 0 18 0 0.00 0.0 M 6.9 15 80 M M 0 23 70
15 58 28 43 -3 22 0 0.00 0.0 M 4.7 13 100 M M 0 19 90
16 57 33 45 -1 20 0 T M M 8.7 17 70 M M 8 26 90
17 57 45 51 5 14 0 0.05 M M 10.1 17 290 M M 8 1 27 310
18 58 37 48 2 17 0 0.00 0.0 M 11.6 25 300 M M 0 37 300
19 46 27 37 -9 28 0 0.00 0.0 M 3.9 13 310 M M 0 20 320
20 51 22 37 -9 28 0 0.00 0.0 M 0.4 8 80 M M 0 8 10 70
21 59 25 42 -4 23 0 0.00 0.0 M 0.7 6 80 M M 0 8 9 130
22 62 33 48 2 17 0 0.00 0.0 M 1.1 7 180 M M 0 8 13 210
23 67 40 54 9 11 0 0.00 0.0 M 3.3 8 80 M M 5 8 11 180
24 64 41 53 8 12 0 T M M 6.6 13 90 M M 5 20 110
25 61 53 57 12 8 0 0.37 0.0 M 9.1 17 90 M M 8 1 24 90
26 63 56 60 15 5 0 2.74 0.0 M 6.1 17 80 M M 10 123 24 80
27 63 48 56 11 9 0 0.00 0.0 M 5.1 14 290 M M 5 1 21 290
28 57 40 49 4 16 0 0.00 0.0 M 5.3 14 270 M M 0 24 230
29 45 34 40 -5 25 0 T M M 7.4 16 290 M M 7 26 300
30 48 34 41 -4 24 0 0.00 0.0 M 7.3 17 300 M M 5 25 290
31 58 30 44 0 21 0 0.00 0.0 M 5.0 12 260 M M 0 19 260
================================================================================
SM 1818 1160 517 0 4.34 0.0 155.8 M 105
================================================================================
AV 58.6 37.4 5.0 FASTST M M 3 MAX(MPH)
MISC ----> 25 300 37 300
================================================================================
NOTES:
# LAST OF SEVERAL OCCURRENCES
COLUMN 17 PEAK WIND IN M.P.H.
PRELIMINARY LOCAL CLIMATOLOGICAL DATA (WS FORM: F-6) , PAGE 2
STATION: ATHENS
MONTH: DECEMBER
YEAR: 2023
LATITUDE: 33 57 N
LONGITUDE: 83 19 W
[TEMPERATURE DATA] [PRECIPITATION DATA] SYMBOLS USED IN COLUMN 16
AVERAGE MONTHLY: 48.0 TOTAL FOR MONTH: 4.34 1 = FOG OR MIST
DPTR FM NORMAL: 1.5 DPTR FM NORMAL: -0.09 2 = FOG REDUCING VISIBILITY
HIGHEST: 69 ON 4, 3 GRTST 24HR 2.99 ON 25-26 TO 1/4 MILE OR LESS
LOWEST: 22 ON 20 3 = THUNDER
SNOW, ICE PELLETS, HAIL 4 = ICE PELLETS
TOTAL MONTH: 0.0 INCH 5 = HAIL
GRTST 24HR 0.0 6 = FREEZING RAIN OR DRIZZLE
GRTST DEPTH: M ON M 7 = DUSTSTORM OR SANDSTORM:
VSBY 1/2 MILE OR LESS
8 = SMOKE OR HAZE
[NO. OF DAYS WITH] [WEATHER - DAYS WITH] 9 = BLOWING SNOW
X = TORNADO
MAX 32 OR BELOW: 0 0.01 INCH OR MORE: 8
MAX 90 OR ABOVE: 0 0.10 INCH OR MORE: 4
MIN 32 OR BELOW: 9 0.50 INCH OR MORE: 2
MIN 0 OR BELOW: 0 1.00 INCH OR MORE: 1
[HDD (BASE 65) ]
TOTAL THIS MO. 517 CLEAR (SCALE 0-3) 17
DPTR FM NORMAL -56 PTCLDY (SCALE 4-7) 7
TOTAL FM JUL 1 949 CLOUDY (SCALE 8-10) 7
DPTR FM NORMAL -107
[CDD (BASE 65) ]
TOTAL THIS MO. 0
DPTR FM NORMAL -2 [PRESSURE DATA]
TOTAL FM JAN 1 1796 HIGHEST SLP 30.71 ON 14
DPTR FM NORMAL -159 LOWEST SLP 29.66 ON 17
[REMARKS]
#FINAL-12-23#