000
CXUS53 KGRB 050115
CF6AIG
PRELIMINARY LOCAL CLIMATOLOGICAL DATA (WS FORM: F-6)
STATION: ANTIGO AWOS
MONTH: SEPTEMBER
YEAR: 2020
LATITUDE: 45 9 N
LONGITUDE: 89 8 W
TEMPERATURE IN F: :PCPN: SNOW: WIND :SUNSHINE: SKY :PK WND
================================================================================
1 2 3 4 5 6A 6B 7 8 9 10 11 12 13 14 15 16 17 18
12Z AVG MX 2MIN
DY MAX MIN AVG DEP HDD CDD WTR SNW DPTH SPD SPD DIR MIN PSBL S-S WX SPD DR
================================================================================
1 67 45 56 -6 9 0 0.01 M 0 2.7 8 200 M M 4 2 M M
2 74 53 64 2 1 0 0.00 0.0 0 12.0 24 300 M M 0 35 300
3 66 51 59 -2 6 0 0.01 0.0 0 13.4 28 280 M M 5 36 280
4 68 42 55 -6 10 0 0.00 0.0 0 10.0 18 280 M M 1 27 290
5 70 43 57 -4 8 0 0.00 0.0 0 4.9 16 330 M M 3 23 320
6 71 44 58 -2 7 0 0.00 0.0 0 10.9 18 190 M M 5 8 23 190
7 66 46 56 -4 9 0 0.02 M 0 8.5 21 320 M M 4 28 320
8 49 44 47 -13 18 0 0.01 M 0 4.9 10 50 M M 10 M M
9 45 41 43 -16 22 0 0.39 M 0 5.6 10 10 M M 10 M M
10 56 35 46 -13 19 0 0.00 0.0 0 1.2 5 100 M M 3 12 M M
11 62 33 48 -10 17 0 0.00 0.0 0 5.9 13 130 M M 4 1 16 130
12 63 50 57 -1 8 0 0.80 0.0 0 9.5 15 120 M M 10 1 18 120
13 67 50 59 2 6 0 0.00 0.0 0 9.4 15 290 M M 8 20 310
14 63 40 52 -5 13 0 0.00 0.0 0 6.5 14 160 M M 5 18 160
15 75 54 65 9 0 0 0.00 0.0 0 12.8 21 230 M M 3 30 240
16 68 42 55 -1 10 0 0.00 0.0 0 8.9 16 320 M M 2 22 320
17 59 37 48 -8 17 0 0.00 0.0 0 3.4 9 350 M M 4 M M
18 55 29 42 -13 23 0 0.00 0.0 0 1.4 6 20 M M 0 M M
19 63 34 49 -6 16 0 0.00 0.0 0 7.7 15 220 M M 1 22 230
20 65 42 54 0 11 0 0.00 0.0 0 9.6 16 180 M M 2 23 170
21 70 44 57 3 8 0 0.00 0.0 0 9.3 16 200 M M 2 23 190
22 78 47 63 10 2 0 0.03 M 0 3.8 8 210 M M 0 1 M M
23 79 47 63 10 2 0 0.00 0.0 0 3.8 10 260 M M 4 2 10 260
24 63 57 60 8 5 0 0.09 0.0 0 7.0 12 130 M M 10 1 M M
25 76 58 67 15 0 2 0.00 0.0 0 8.8 15 200 M M 7 1 24 200
26 72 57 65 13 0 0 0.05 0.0 0 5.6 12 120 M M 5 17 120
27 65 50 58 7 7 0 0.00 0.0 0 9.3 16 240 M M 6 22 240
28 57 44 51 0 14 0 0.20 M 0 7.4 14 350 M M 8 22 330
29 53 40 47 -3 18 0 0.00 0.0 0 9.4 14 280 M M 9 1 17 270
30 M M M M M M M M M M M M M M M M M
================================================================================
SM 1885 1299 286 2 1.61 0.0 213.6 M 135
================================================================================
AV 65.0 44.8 7.4 FASTST M M 5 MAX(MPH)
MISC ----> 28 280 36 280
================================================================================
NOTES:
# LAST OF SEVERAL OCCURRENCES
COLUMN 17 PEAK WIND IN M.P.H.
PRELIMINARY LOCAL CLIMATOLOGICAL DATA (WS FORM: F-6) , PAGE 2
STATION: ANTIGO AWOS
MONTH: SEPTEMBER
YEAR: 2020
LATITUDE: 45 9 N
LONGITUDE: 89 8 W
[TEMPERATURE DATA] [PRECIPITATION DATA] SYMBOLS USED IN COLUMN 16
AVERAGE MONTHLY: 54.9 TOTAL FOR MONTH: 1.61 1 = FOG OR MIST
DPTR FM NORMAL: -1.3 DPTR FM NORMAL: -2.18 2 = FOG REDUCING VISIBILITY
HIGHEST: 79 ON 23 GRTST 24HR 0.80 ON 12-12 TO 1/4 MILE OR LESS
LOWEST: 29 ON 18 3 = THUNDER
SNOW, ICE PELLETS, HAIL 4 = ICE PELLETS
TOTAL MONTH: 0.0 INCH 5 = HAIL
GRTST 24HR 0.0 6 = FREEZING RAIN OR DRIZZLE
GRTST DEPTH: 0 7 = DUSTSTORM OR SANDSTORM:
VSBY 1/2 MILE OR LESS
8 = SMOKE OR HAZE
[NO. OF DAYS WITH] [WEATHER - DAYS WITH] 9 = BLOWING SNOW
X = TORNADO
MAX 32 OR BELOW: 0 0.01 INCH OR MORE: 10
MAX 90 OR ABOVE: 0 0.10 INCH OR MORE: 3
MIN 32 OR BELOW: 1 0.50 INCH OR MORE: 1
MIN 0 OR BELOW: 0 1.00 INCH OR MORE: 0
[HDD (BASE 65) ]
TOTAL THIS MO. 286 CLEAR (SCALE 0-3) 11
DPTR FM NORMAL 2 PTCLDY (SCALE 4-7) 11
TOTAL FM JUL 1 366 CLOUDY (SCALE 8-10) 7
DPTR FM NORMAL -45
[CDD (BASE 65) ]
TOTAL THIS MO. 2
DPTR FM NORMAL -18 [PRESSURE DATA]
TOTAL FM JAN 1 304 HIGHEST SLP M ON M
DPTR FM NORMAL 46 LOWEST SLP M ON M
[REMARKS]
#FINAL-09-20#