000
CXUS53 KGRB 181247
CF6AIG
PRELIMINARY LOCAL CLIMATOLOGICAL DATA (WS FORM: F-6)
STATION: ANTIGO AWOS
MONTH: MARCH
YEAR: 2020
LATITUDE: 45 9 N
LONGITUDE: 89 8 W
TEMPERATURE IN F: :PCPN: SNOW: WIND :SUNSHINE: SKY :PK WND
================================================================================
1 2 3 4 5 6A 6B 7 8 9 10 11 12 13 14 15 16 17 18
12Z AVG MX 2MIN
DY MAX MIN AVG DEP HDD CDD WTR SNW DPTH SPD SPD DIR MIN PSBL S-S WX SPD DR
================================================================================
1 42 20 31 11 34 0 0.00 0.0 0 9.3 15 270 M M 0 20 270
2 36 19 28 8 37 0 0.00 0.0 0 9.4 16 300 M M 3 21 300
3 36 13 25 4 40 0 1.86 M 0 8.0 16 260 M M 7 1 28 280
4 35 19 27 6 38 0 0.14 M 0 8.9 15 300 M M 3 18 300
5 35 20 28 6 37 0 1.04 M 0 14.3 25 350 M M 10 33 350
6 33 13 23 1 42 0 0.00 0.0 0 10.2 30 360 M M 3 36 360
7 42 11 27 5 38 0 0.00 0.0 0 10.5 18 200 M M 0 22 200
8 47 27 37 14 28 0 0.00 0.0 0 9.5 16 210 M M 0 22 210
9 44 28 36 13 29 0 0.00 0.0 0 9.3 17 360 M M 6 1 M M
10 38 17 28 4 37 0 0.00 0.0 0 6.1 16 350 M M 4 22 350
11 35 30 33 9 32 0 0.06 M 0 2.4 13 160 M M 10 1 M M
12 38 32 35 11 30 0 0.29 M 0 13.5 25 290 M M 10 1 33 290
13 33 25 29 4 36 0 0.00 0.0 0 18.2 27 290 M M 5 37 290
14 29 17 23 -2 42 0 0.00 0.0 0 2.9 8 350 M M 6 M M
15 34 11 23 -3 42 0 0.00 0.0 0 5.3 10 140 M M 2 M M
16 32 19 26 0 39 0 0.00 0.0 0 9.1 14 230 M M 9 1 16 220
17 35 19 27 0 38 0 0.00 0.0 0 9.9 17 290 M M 2 23 290
18 38 28 33 6 32 0 0.00 0.0 0 6.2 14 160 M M 10 1 18 160
19 34 32 33 5 32 0 0.58 M 0 8.8 14 360 M M 10 1 22 360
20 33 13 23 -5 42 0 0.00 0.0 0 17.0 28 360 M M 5 37 350
21 29 1 15 -14 50 0 0.00 0.0 0 2.9 10 130 M M 0 16 130
22 33 15 24 -5 41 0 0.00 0.0 0 11.0 18 150 M M 8 18 140
23 38 23 31 1 34 0 0.00 0.0 0 4.3 9 260 M M 10 1 M M
24 41 25 33 3 32 0 0.00 0.0 0 5.9 10 160 M M 9 M M
25 41 33 37 6 28 0 0.43 M 0 4.4 9 360 M M 10 1 M M
26 43 31 37 6 28 0 0.00 0.0 0 2.6 9 10 M M 6 1 M M
27 46 25 36 4 29 0 0.03 M 0 3.7 9 150 M M 6 12 M M
28 43 33 38 6 27 0 0.37 M 0 12.5 31 90 M M 10 1 37 90
29 37 32 35 2 30 0 0.04 M 0 10.6 16 340 M M 10 1 22 340
30 47 32 40 7 25 0 0.00 0.0 0 13.8 25 360 M M 6 32 360
31 40 29 35 1 30 0 0.00 0.0 0 7.9 13 60 M M 10 M M
================================================================================
SM 1167 692 1079 0 4.84 0.0 268.4 M 190
================================================================================
AV 37.7 22.3 8.7 FASTST M M 6 MAX(MPH)
MISC ----> # 31 90 # 37 290
================================================================================
NOTES:
# LAST OF SEVERAL OCCURRENCES
COLUMN 17 PEAK WIND IN M.P.H.
PRELIMINARY LOCAL CLIMATOLOGICAL DATA (WS FORM: F-6) , PAGE 2
STATION: ANTIGO AWOS
MONTH: MARCH
YEAR: 2020
LATITUDE: 45 9 N
LONGITUDE: 89 8 W
[TEMPERATURE DATA] [PRECIPITATION DATA] SYMBOLS USED IN COLUMN 16
AVERAGE MONTHLY: 30.0 TOTAL FOR MONTH: 4.84 1 = FOG OR MIST
DPTR FM NORMAL: 3.5 DPTR FM NORMAL: 3.63 2 = FOG REDUCING VISIBILITY
HIGHEST: 47 ON 30, 8 GRTST 24HR 1.86 ON 3- 3 TO 1/4 MILE OR LESS
LOWEST: 1 ON 21 3 = THUNDER
SNOW, ICE PELLETS, HAIL 4 = ICE PELLETS
TOTAL MONTH: 0.0 INCH 5 = HAIL
GRTST 24HR 0.0 6 = FREEZING RAIN OR DRIZZLE
GRTST DEPTH: 0 7 = DUSTSTORM OR SANDSTORM:
VSBY 1/2 MILE OR LESS
8 = SMOKE OR HAZE
[NO. OF DAYS WITH] [WEATHER - DAYS WITH] 9 = BLOWING SNOW
X = TORNADO
MAX 32 OR BELOW: 3 0.01 INCH OR MORE: 10
MAX 90 OR ABOVE: 0 0.10 INCH OR MORE: 7
MIN 32 OR BELOW: 29 0.50 INCH OR MORE: 3
MIN 0 OR BELOW: 0 1.00 INCH OR MORE: 2
[HDD (BASE 65) ]
TOTAL THIS MO. 1079 CLEAR (SCALE 0-3) 8
DPTR FM NORMAL -114 PTCLDY (SCALE 4-7) 11
TOTAL FM JUL 1 7459 CLOUDY (SCALE 8-10) 12
DPTR FM NORMAL -405
[CDD (BASE 65) ]
TOTAL THIS MO. 0
DPTR FM NORMAL 0 [PRESSURE DATA]
TOTAL FM JAN 1 0 HIGHEST SLP M ON M
DPTR FM NORMAL 0 LOWEST SLP M ON M
[REMARKS]
#FINAL-03-20#