000
CXAK56 PAJK 011310
CF6AJN
PRELIMINARY LOCAL CLIMATOLOGICAL DATA (WS FORM: F-6)
STATION: JUNEAU
MONTH: AUGUST
YEAR: 2020
LATITUDE: 58 22 N
LONGITUDE: 134 35 W
TEMPERATURE IN F: :PCPN: SNOW: WIND :SUNSHINE: SKY :PK WND
================================================================================
1 2 3 4 5 6A 6B 7 8 9 10 11 12 13 14 15 16 17 18
12Z AVG MX 2MIN
DY MAX MIN AVG DEP HDD CDD WTR SNW DPTH SPD SPD DIR MIN PSBL S-S WX SPD DR
================================================================================
1 70 57 64 6 1 0 0.28 0.0 0 12.9 23 130 M M 9 1 28 130
2 64 54 59 1 6 0 0.64 0.0 0 7.8 20 120 M M 10 1 24 110
3 61 53 57 -1 8 0 0.82 0.0 0 8.7 17 120 M M 10 1 21 130
4 60 53 57 -1 8 0 0.23 0.0 0 14.0 24 130 M M 9 1 30 130
5 61 51 56 -1 9 0 0.03 0.0 0 7.6 16 100 M M 8 1 21 80
6 63 49 56 -1 9 0 0.04 0.0 0 9.1 23 110 M M 9 12 31 120
7 56 53 55 -2 10 0 0.80 0.0 0 11.9 22 120 M M 10 1 27 110
8 55 52 54 -3 11 0 0.30 0.0 0 11.5 20 100 M M 10 1 25 100
9 57 51 54 -3 11 0 1.33 0.0 0 24.0 40 110 M M 10 1 50 110
10 54 51 53 -4 12 0 0.53 0.0 0 9.9 21 110 M M 10 1 28 120
11 58 50 54 -3 11 0 0.00 0.0 0 3.5 9 120 M M 10 10 110
12 58 50 54 -3 11 0 T 0.0 0 4.6 10 110 M M 10 1 13 120
13 57 48 53 -4 12 0 0.18 0.0 0 7.3 13 100 M M 10 1 15 110
14 56 48 52 -4 13 0 0.44 0.0 0 1.6 8 220 M M 10 1 9 220
15 60 51 56 0 9 0 0.55 0.0 0 4.6 14 100 M M 9 1 17 110
16 59 51 55 -1 10 0 0.22 0.0 0 4.6 14 90 M M 9 1 16 80
17 58 50 54 -2 11 0 0.49 0.0 0 4.8 12 80 M M 10 1 15 70
18 60 49 55 -1 10 0 0.28 0.0 0 4.0 21 110 M M 10 12 25 120
19 64 48 56 0 9 0 T 0.0 0 5.6 14 240 M M 8 16 240
20 64 50 57 2 8 0 0.01 0.0 0 3.4 10 300 M M 9 13 310
21 59 50 55 0 10 0 0.35 0.0 0 4.6 16 90 M M 9 1 18 80
22 60 50 55 0 10 0 T 0.0 0 4.9 13 70 M M 9 12 16 60
23 57 54 56 1 9 0 0.52 0.0 0 6.5 10 70 M M 10 1 13 60
24 57 52 55 0 10 0 0.26 0.0 0 6.9 15 120 M M 10 1 21 130
25 55 51 53 -1 12 0 0.27 0.0 0 11.3 17 120 M M 10 1 23 110
26 60 52 56 2 9 0 0.14 0.0 0 9.1 18 110 M M 10 1 23 110
27 62 51 57 3 8 0 0.01 0.0 0 7.9 18 100 M M 10 21 100
28 54 50 52 -2 13 0 0.34 M M 8.9 24 120 M M 10 1 31 120
29 60 47 54 0 11 0 0.01 M M 5.4 15 90 M M 9 2 19 80
30 54 51 53 0 12 0 0.79 M M 12.8 26 120 M M 10 1 31 120
31 58 52 55 2 10 0 0.40 0.0 0 12.7 31 100 M M 10 1 41 110
================================================================================
SM 1831 1579 303 0 10.26 0.0 252.4 M 297
================================================================================
AV 59.1 50.9 8.1 FASTST M M 10 MAX(MPH)
MISC ----> 40 110 50 110
================================================================================
NOTES:
# LAST OF SEVERAL OCCURRENCES
COLUMN 17 PEAK WIND IN M.P.H.
PRELIMINARY LOCAL CLIMATOLOGICAL DATA (WS FORM: F-6) , PAGE 2
STATION: JUNEAU
MONTH: AUGUST
YEAR: 2020
LATITUDE: 58 22 N
LONGITUDE: 134 35 W
[TEMPERATURE DATA] [PRECIPITATION DATA] SYMBOLS USED IN COLUMN 16
AVERAGE MONTHLY: 55.0 TOTAL FOR MONTH: 10.26 1 = FOG OR MIST
DPTR FM NORMAL: -0.9 DPTR FM NORMAL: 4.53 2 = FOG REDUCING VISIBILITY
HIGHEST: 70 ON 1 GRTST 24HR 1.40 ON 9-10 TO 1/4 MILE OR LESS
LOWEST: 47 ON 29 3 = THUNDER
SNOW, ICE PELLETS, HAIL 4 = ICE PELLETS
TOTAL MONTH: 0.0 INCH 5 = HAIL
GRTST 24HR 0.0 6 = FREEZING RAIN OR DRIZZLE
GRTST DEPTH: 0 7 = DUSTSTORM OR SANDSTORM:
VSBY 1/2 MILE OR LESS
8 = SMOKE OR HAZE
[NO. OF DAYS WITH] [WEATHER - DAYS WITH] 9 = BLOWING SNOW
X = TORNADO
MAX 32 OR BELOW: 0 0.01 INCH OR MORE: 27
MAX 90 OR ABOVE: 0 0.10 INCH OR MORE: 22
MIN 32 OR BELOW: 0 0.50 INCH OR MORE: 8
MIN 0 OR BELOW: 0 1.00 INCH OR MORE: 1
[HDD (BASE 65) ]
TOTAL THIS MO. 303 CLEAR (SCALE 0-3) 0
DPTR FM NORMAL 19 PTCLDY (SCALE 4-7) 1
TOTAL FM JUL 1 517 CLOUDY (SCALE 8-10) 30
DPTR FM NORMAL -19
[CDD (BASE 65) ]
TOTAL THIS MO. 0
DPTR FM NORMAL 0 [PRESSURE DATA]
TOTAL FM JAN 1 1 HIGHEST SLP M ON M
DPTR FM NORMAL -1 LOWEST SLP 29.52 ON 21
[REMARKS]
#FINAL-08-20#