000
CXUS56 KSGX 011145
CF6AJO
PRELIMINARY LOCAL CLIMATOLOGICAL DATA (WS FORM: F-6)
STATION: CORONA AIRPORT CA
MONTH: FEBRUARY
YEAR: 2022
LATITUDE: 33 53 N
LONGITUDE: 117-36 E
TEMPERATURE IN F: :PCPN: SNOW: WIND :SUNSHINE: SKY :PK WND
================================================================================
1 2 3 4 5 6A 6B 7 8 9 10 11 12 13 14 15 16 17 18
12Z AVG MX 2MIN
DY MAX MIN AVG DEP HDD CDD WTR SNW DPTH SPD SPD DIR MIN PSBL S-S WX SPD DR
================================================================================
1 62 42 52 M 13 0 0.00 M M 2.6 7 60 M M 2 8 M M
2 61 41 51 M 14 0 0.00 M M 16.7 31 50 M M 0 8 47 40
3 69 33 51 M 14 0 0.00 M M 7.4 24 40 M M 0 30 50
4 69 47 58 M 7 0 1.00 M M 11.3 20 60 M M 0 29 60
5 73 39 56 M 9 0 0.00 M M 6.7 16 120 M M 0 23 120
6 79 33 56 M 9 0 0.00 M M 9.7 23 40 M M 0 37 40
7 79 54 67 M 0 2 0.00 M M 9.1 14 150 M M 0 17 70
8 83 37 60 M 5 0 0.00 M M 5.0 15 100 M M 0 20 100
9 85 60 73 M 0 8 0.00 M M 14.5 26 50 M M 0 37 30
10 85 51 68 M 0 3 0.00 M M 13.4 29 40 M M 0 43 40
11 87 42 65 M 0 0 0.00 M M 3.5 10 260 M M 0 M M
12 88 57 73 M 0 8 0.00 M M 6.4 12 120 M M 0 17 50
13 86 40 63 M 2 0 0.00 M M 3.3 9 250 M M 0 M M
14 81 38 60 M 5 0 0.00 M M 4.6 15 260 M M 0 20 260
15 63 41 52 M 13 0 0.12 M M 5.4 12 130 M M 7 18 21 210
16 65 34 50 M 15 0 0.00 M M 3.6 15 290 M M 1 18 290
17 71 40 56 M 9 0 0.00 M M 11.2 28 50 M M 0 40 40
18 77 31 54 M 11 0 0.00 M M 3.1 10 270 M M 0 M M
19 80 32 56 M 9 0 0.00 M M 3.0 12 260 M M 0 21 260
20 70 36 53 M 12 0 0.00 M M 6.3 18 270 M M 1 24 270
21 62 48 55 M 10 0 0.00 M M 3.9 12 250 M M 7 20 250
22 60 42 51 M 14 0 0.01 M M 7.3 20 240 M M 7 1 30 240
23 56 39 48 M 17 0 0.03 M M 6.0 13 240 M M 4 21 260
24 61 35 48 M 17 0 0.00 M M 5.1 10 120 M M 0 M M
25 67 30 49 M 16 0 0.00 M M 3.9 13 270 M M 0 M M
26 72 31 52 M 13 0 0.00 M M 6.5 18 70 M M 0 23 70
27 77 36 57 M 8 0 0.00 M M 10.5 18 70 M M 0 26 70
28 84 46 65 M 0 0 0.00 M M 9.0 21 60 M M 0 26 60
================================================================================
SM 2052 1135 242 21 1.16 M 199.0 M 29
================================================================================
AV 73.3 40.5 7.1 FASTST M M 1 MAX(MPH)
MISC ----> 31 50 47 40
================================================================================
NOTES:
# LAST OF SEVERAL OCCURRENCES
COLUMN 17 PEAK WIND IN M.P.H.
PRELIMINARY LOCAL CLIMATOLOGICAL DATA (WS FORM: F-6) , PAGE 2
STATION: CORONA AIRPORT CA
MONTH: FEBRUARY
YEAR: 2022
LATITUDE: 33 53 N
LONGITUDE: 117-36 E
[TEMPERATURE DATA] [PRECIPITATION DATA] SYMBOLS USED IN COLUMN 16
AVERAGE MONTHLY: 56.9 TOTAL FOR MONTH: 1.16 1 = FOG OR MIST
DPTR FM NORMAL: 0.0 DPTR FM NORMAL: 1.16 2 = FOG REDUCING VISIBILITY
HIGHEST: 88 ON 12 GRTST 24HR 1.00 ON 4- 4 TO 1/4 MILE OR LESS
LOWEST: 30 ON 25 3 = THUNDER
SNOW, ICE PELLETS, HAIL 4 = ICE PELLETS
TOTAL MONTH: M 5 = HAIL
GRTST 24HR M ON M 6 = FREEZING RAIN OR DRIZZLE
GRTST DEPTH: M ON M 7 = DUSTSTORM OR SANDSTORM:
VSBY 1/2 MILE OR LESS
8 = SMOKE OR HAZE
[NO. OF DAYS WITH] [WEATHER - DAYS WITH] 9 = BLOWING SNOW
X = TORNADO
MAX 32 OR BELOW: 0 0.01 INCH OR MORE: 4
MAX 90 OR ABOVE: 0 0.10 INCH OR MORE: 2
MIN 32 OR BELOW: 4 0.50 INCH OR MORE: 1
MIN 0 OR BELOW: 0 1.00 INCH OR MORE: 1
[HDD (BASE 65) ]
TOTAL THIS MO. 242 CLEAR (SCALE 0-3) 24
DPTR FM NORMAL M PTCLDY (SCALE 4-7) 4
TOTAL FM JUL 1 1128 CLOUDY (SCALE 8-10) 0
DPTR FM NORMAL M
[CDD (BASE 65) ]
TOTAL THIS MO. 21
DPTR FM NORMAL M [PRESSURE DATA]
TOTAL FM JAN 1 24 HIGHEST SLP M ON M
DPTR FM NORMAL M LOWEST SLP M ON M
[REMARKS]
#FINAL-02-22#