084
CXUS51 KALY 031509
CLSALB
CLIMATE REPORT
NATIONAL WEATHER SERVICE ALBANY NY
1009 AM EST WED MAR 03 2021
...................................
...THE ALBANY NY CLIMATE SUMMARY FOR THE SEASON, FROM
12/1/2020 TO 2/28/2021...
CLIMATE NORMAL PERIOD: 1981 TO 2010
CLIMATE RECORD PERIOD: 1874 TO 2021
WEATHER OBSERVED NORMAL DEPART LAST YEAR`S
VALUE DATE(S) VALUE FROM VALUE DATE(S)
NORMAL
................................................................
TEMPERATURE (F)
RECORD
HIGH 74 02/24/2017
LOW -28 01/19/1971
HIGHEST 63 12/25 67 01/12
01/11
LOWEST -7 01/31 1 12/08
AVG. MAXIMUM 32.3 33.6 -1.3 38.7
AVG. MINIMUM 18.9 17.7 1.2 23.5
MEAN 25.6 25.6 0.0 31.1
DAYS MAX >= 90 0 0.0 0.0 0
DAYS MAX <= 32 48 37.9 10.1 17
DAYS MIN <= 32 84 80.2 3.8 73
DAYS MIN <= 0 5 7.3 -2.3 0
PRECIPITATION (INCHES)
RECORD
MAXIMUM 13.45 1870
MINIMUM 2.25 1980
TOTALS 7.33 7.72 -0.39 9.26
DAILY AVG. 0.08 0.10
DAYS >= .01 32 35.1 -3.1 32
DAYS >= .10 18 17.6 0.4 21
DAYS >= .50 3 5.3 -2.3 8
DAYS >= 1.00 1 1.0 0.0 1
GREATEST
24 HR. TOTAL 2.00 12/16 TO 12/17
SNOWFALL (INCHES)
RECORDS
24 HR TOTAL 23.5 02/14/1914 TO 02/14/1914
SNOW DEPTH 36 01/01/1970
12/29/1969
12/28/1969
TOTALS 52.1 43.8 8.3 40.0
SNOWDEPTH AVG. 3
DAYS >= TRACE 55 25.3 29.7 48
DAYS >= 1.0 14 10.8 3.2 11
GREATEST
SNOW DEPTH 19 12/18 18 12/03
24 HR TOTAL 22.9 12/16 TO 12/17
DEGREE DAYS
HEATING TOTAL 3512 3541 -29 3032
SINCE 7/1 4910 4945 -35 4346
COOLING TOTAL 0 0 0 0
SINCE 1/1 0 0 0 0
................................................................
WIND (MPH)
AVERAGE WIND SPEED 7.8
HIGHEST WIND SPEED/DIRECTION 36/280 DATE 02/25
HIGHEST GUST SPEED/DIRECTION 47/270 DATE 02/25
WEATHER CONDITIONS. NUMBER OF DAYS WITH
THUNDERSTORM 0 MIXED PRECIP 0
HEAVY RAIN 1 RAIN 1
LIGHT RAIN 17 FREEZING RAIN 2
LT FREEZING RAIN 10 HAIL 0
HEAVY SNOW 2 SNOW 10
LIGHT SNOW 52 SLEET 8
FOG 53 FOG W/VIS <= 1/4 MILE 2
HAZE 2
- INDICATES NEGATIVE NUMBERS.
R INDICATES RECORD WAS SET OR TIED.
MM INDICATES DATA IS MISSING.
T INDICATES TRACE AMOUNT.
$$