000
CXUS54 KCRP 011210
CF6ALI
PRELIMINARY LOCAL CLIMATOLOGICAL DATA (WS FORM: F-6)
STATION: ALICE
MONTH: AUGUST
YEAR: 2021
LATITUDE: 27 44 N
LONGITUDE: 98 1 W
TEMPERATURE IN F: :PCPN: SNOW: WIND :SUNSHINE: SKY :PK WND
================================================================================
1 2 3 4 5 6A 6B 7 8 9 10 11 12 13 14 15 16 17 18
12Z AVG MX 2MIN
DY MAX MIN AVG DEP HDD CDD WTR SNW DPTH SPD SPD DIR MIN PSBL S-S WX SPD DR
================================================================================
1 98 73 86 0 0 21 0.00 0.0 0 9.1 21 140 M M 1 12 26 140
2 98 73 86 0 0 21 0.03 0.0 0 7.0 26 280 M M 2 13 31 280
3 95 74 85 -1 0 20 0.00 0.0 0 3.9 20 230 M M 3 13 24 230
4 96 74 85 -1 0 20 0.00 0.0 0 4.8 17 120 M M 4 13 28 140
5 93 75 84 -3 0 19 0.01 0.0 0 5.4 23 40 M M 3 13 27 50
6 91 74 83 -4 0 18 0.26 0.0 0 5.9 21 160 M M 2 13 26 140
7 96 74 85 -2 0 20 0.00 0.0 0 10.5 21 130 M M 2 1 27 140
8 96 75 86 -1 0 21 0.00 0.0 0 12.3 24 150 M M 2 30 130
9 96 78 87 0 0 22 0.00 0.0 0 13.3 23 140 M M 1 29 140
10 96 76 86 -1 0 21 0.00 0.0 0 11.4 23 140 M M 0 31 130
11 98 73 86 -1 0 21 0.00 0.0 0 8.3 21 150 M M 1 1 29 130
12 97 73 85 -2 0 20 0.00 0.0 0 8.7 21 130 M M 2 1 27 140
13 98 72 85 -1 0 20 0.00 0.0 0 6.4 21 130 M M 2 13 26 130
14 95 73 84 -2 0 19 0.80 0.0 0 3.8 17 160 M M 2 13 22 50
15 97 74 86 0 0 21 T 0.0 0 4.4 18 90 M M 2 23 80
16 95 74 85 -1 0 20 0.00 0.0 0 4.8 24 110 M M 1 3 30 120
17 97 73 85 -1 0 20 0.00 0.0 0 8.2 22 140 M M 1 12 27 130
18 99 76 88 2 0 23 0.00 0.0 0 10.7 25 140 M M 1 18 31 140
19 98 77 88 2 0 23 0.00 0.0 0 11.2 21 130 M M 2 1 27 120
20 96 74 85 -1 0 20 0.00 0.0 0 9.0 23 140 M M 3 12 29 140
21 96 74 85 -1 0 20 0.00 0.0 0 7.7 22 140 M M 3 1 28 140
22 97 72 85 -1 0 20 0.00 0.0 0 7.2 18 150 M M 3 12 25 150
23 98 73 86 0 0 21 0.00 0.0 0 7.2 18 140 M M 1 1 25 160
24 98 71 85 -1 0 20 0.00 0.0 0 7.5 18 140 M M 1 12 24 160
25 98 72 85 -1 0 20 0.00 0.0 0 7.0 21 120 M M 2 12 25 120
26 98 73 86 1 0 21 0.01 0.0 0 4.5 17 100 M M 2 3 21 110
27 94 72 83 -2 0 18 T 0.0 0 5.6 17 110 M M 2 13 22 60
28 94 72 83 -2 0 18 0.11 0.0 0 6.1 16 110 M M 2 20 120
29 96 73 85 0 0 20 T 0.0 0 4.5 20 130 M M 2 1 27 120
30 100 71 86 1 0 21 0.00 0.0 0 5.4 18 120 M M 0 1 23 130
31 99 71 85 1 0 20 0.00 0.0 0 8.1 22 140 M M 1 28 150
================================================================================
SM 2993 2279 0 629 1.22 0.0 229.9 M 56
================================================================================
AV 96.5 73.5 7.4 FASTST M M 2 MAX(MPH)
MISC ----> 26 280 # 31 280
================================================================================
NOTES:
# LAST OF SEVERAL OCCURRENCES
COLUMN 17 PEAK WIND IN M.P.H.
PRELIMINARY LOCAL CLIMATOLOGICAL DATA (WS FORM: F-6) , PAGE 2
STATION: ALICE
MONTH: AUGUST
YEAR: 2021
LATITUDE: 27 44 N
LONGITUDE: 98 1 W
[TEMPERATURE DATA] [PRECIPITATION DATA] SYMBOLS USED IN COLUMN 16
AVERAGE MONTHLY: 85.0 TOTAL FOR MONTH: 1.22 1 = FOG OR MIST
DPTR FM NORMAL: -1.0 DPTR FM NORMAL: -1.69 2 = FOG REDUCING VISIBILITY
HIGHEST: 100 ON 30 GRTST 24HR 0.80 ON 14-14 TO 1/4 MILE OR LESS
LOWEST: 71 ON 31,30 3 = THUNDER
SNOW, ICE PELLETS, HAIL 4 = ICE PELLETS
TOTAL MONTH: 0.0 INCH 5 = HAIL
GRTST 24HR 0.0 6 = FREEZING RAIN OR DRIZZLE
GRTST DEPTH: 0 7 = DUSTSTORM OR SANDSTORM:
VSBY 1/2 MILE OR LESS
8 = SMOKE OR HAZE
[NO. OF DAYS WITH] [WEATHER - DAYS WITH] 9 = BLOWING SNOW
X = TORNADO
MAX 32 OR BELOW: 0 0.01 INCH OR MORE: 6
MAX 90 OR ABOVE: 31 0.10 INCH OR MORE: 3
MIN 32 OR BELOW: 0 0.50 INCH OR MORE: 1
MIN 0 OR BELOW: 0 1.00 INCH OR MORE: 0
[HDD (BASE 65) ]
TOTAL THIS MO. 0 CLEAR (SCALE 0-3) 30
DPTR FM NORMAL 0 PTCLDY (SCALE 4-7) 1
TOTAL FM JUL 1 0 CLOUDY (SCALE 8-10) 0
DPTR FM NORMAL 0
[CDD (BASE 65) ]
TOTAL THIS MO. 629
DPTR FM NORMAL -23 [PRESSURE DATA]
TOTAL FM JAN 1 2783 HIGHEST SLP 30.10 ON 14
DPTR FM NORMAL -30 LOWEST SLP 29.68 ON 31
[REMARKS]
#FINAL-08-21#