000
CXUS54 KEPZ 011130
CF6ALM
PRELIMINARY LOCAL CLIMATOLOGICAL DATA (WS FORM: F-6)
STATION: ALAMOGORDO
MONTH: NOVEMBER
YEAR: 2023
LATITUDE: 32 49 N
LONGITUDE: 106 0 W
TEMPERATURE IN F: :PCPN: SNOW: WIND :SUNSHINE: SKY :PK WND
================================================================================
1 2 3 4 5 6A 6B 7 8 9 10 11 12 13 14 15 16 17 18
12Z AVG MX 2MIN
DY MAX MIN AVG DEP HDD CDD WTR SNW DPTH SPD SPD DIR MIN PSBL S-S WX SPD DR
================================================================================
1 61 23 42 M 23 0 0.00 M M 2.9 8 340 M M 1 12 0
2 70 30 50 M 15 0 0.00 M M 4.8 9 290 M M 1 16 99
3 75 34 55 M 10 0 0.00 M M 3.1 10 70 M M 3 13 190
4 77 37 57 M 8 0 0.00 M M 3.0 8 50 M M 4 12 280
5 79 37 58 M 7 0 0.00 M M 3.8 8 220 M M 3 13 170
6 82 45 64 M 1 0 0.00 M M 4.8 10 200 M M 0 14 310
7 82 48 65 M 0 0 0.00 M M 6.8 12 210 M M 1 20 240
8 81 55 68 M 0 3 0.00 M M 8.8 17 230 M M 2 23 230
9 64 46 55 M 10 0 0.01 M M 6.0 17 190 M M 6 24 200
10 50 43 47 M 18 0 0.17 M M 4.3 12 360 M M 9 1 M M
11 61 41 51 M 14 0 0.00 M M 3.3 7 160 M M 4 12 0
12 63 34 49 M 16 0 0.00 M M 3.5 8 360 M M 3 12 99
13 61 39 50 M 15 0 0.00 M M 3.1 9 10 M M 8 M M
14 64 39 52 M 13 0 0.00 M M 4.2 9 50 M M 3 M M
15 68 36 52 M 13 0 0.00 M M 3.8 8 290 M M 3 12 13 99
16 70 39 55 M 10 0 0.00 M M 3.0 7 50 M M 2 12 280
17 75 52 64 M 1 0 0.00 M M 3.5 8 190 M M 2 14 99
18 77 57 67 M 0 2 0.00 M M 9.6 18 250 M M 5 22 250
19 68 43 56 M 9 0 0.00 M M 9.6 24 250 M M 4 31 240
20 63 43 53 M 12 0 0.03 M M 9.4 16 330 M M 8 27 10
21 57 34 46 M 19 0 0.00 M M 5.9 20 20 M M 1 25 20
22 59 25 42 M 23 0 0.00 M M 3.2 9 60 M M 1 M M
23 59 28 44 M 21 0 0.00 M M 5.6 12 160 M M 1 13 170
24 63 32 48 M 17 0 0.00 M M 10.1 20 150 M M 4 28 150
25 61 43 52 M 13 0 T M M 10.0 18 260 M M 7 25 190
26 55 27 41 M 24 0 0.00 M M 5.8 13 10 M M 4 18 180
27 52 34 43 M 22 0 0.00 M M 5.1 8 M M M 5 13 310
28 59 27 43 M 22 0 0.00 M M 2.8 8 120 M M 3 M M
29 63 30 47 M 18 0 0.00 M M 3.4 8 190 M M 2 12 190
30 57 41 49 M 16 0 0.00 M M 7.8 16 230 M M 8 3 23 230
================================================================================
SM 1976 1142 390 5 0.21 M 161.0 M 108
================================================================================
AV 65.9 38.1 5.4 FASTST M M 4 MAX(MPH)
MISC ----> 24 250 31 240
================================================================================
NOTES:
# LAST OF SEVERAL OCCURRENCES
COLUMN 17 PEAK WIND IN M.P.H.
PRELIMINARY LOCAL CLIMATOLOGICAL DATA (WS FORM: F-6) , PAGE 2
STATION: ALAMOGORDO
MONTH: NOVEMBER
YEAR: 2023
LATITUDE: 32 49 N
LONGITUDE: 106 0 W
[TEMPERATURE DATA] [PRECIPITATION DATA] SYMBOLS USED IN COLUMN 16
AVERAGE MONTHLY: 52.0 TOTAL FOR MONTH: 0.21 1 = FOG OR MIST
DPTR FM NORMAL: 0.0 DPTR FM NORMAL: M 2 = FOG REDUCING VISIBILITY
HIGHEST: 82 ON 7, 6 GRTST 24HR 0.17 ON 10-10 TO 1/4 MILE OR LESS
LOWEST: 23 ON 1 3 = THUNDER
SNOW, ICE PELLETS, HAIL 4 = ICE PELLETS
TOTAL MONTH: M 5 = HAIL
GRTST 24HR M ON M 6 = FREEZING RAIN OR DRIZZLE
GRTST DEPTH: M ON M 7 = DUSTSTORM OR SANDSTORM:
VSBY 1/2 MILE OR LESS
8 = SMOKE OR HAZE
[NO. OF DAYS WITH] [WEATHER - DAYS WITH] 9 = BLOWING SNOW
X = TORNADO
MAX 32 OR BELOW: 0 0.01 INCH OR MORE: 3
MAX 90 OR ABOVE: 0 0.10 INCH OR MORE: 1
MIN 32 OR BELOW: 8 0.50 INCH OR MORE: 0
MIN 0 OR BELOW: 0 1.00 INCH OR MORE: 0
[HDD (BASE 65) ]
TOTAL THIS MO. 390 CLEAR (SCALE 0-3) 16
DPTR FM NORMAL M PTCLDY (SCALE 4-7) 12
TOTAL FM JUL 1 479 CLOUDY (SCALE 8-10) 2
DPTR FM NORMAL M
[CDD (BASE 65) ]
TOTAL THIS MO. 5
DPTR FM NORMAL M [PRESSURE DATA]
TOTAL FM JAN 1 2167 HIGHEST SLP M ON M
DPTR FM NORMAL M LOWEST SLP M ON M
[REMARKS]
#FINAL-11-23#