000
CXUS53 KDMX 010810
CF6ALO
PRELIMINARY LOCAL CLIMATOLOGICAL DATA (WS FORM: F-6)
STATION: WATERLOO IA
MONTH: AUGUST
YEAR: 2022
LATITUDE: 42 32 N
LONGITUDE: 92 24 W
TEMPERATURE IN F: :PCPN: SNOW: WIND :SUNSHINE: SKY :PK WND
================================================================================
1 2 3 4 5 6A 6B 7 8 9 10 11 12 13 14 15 16 17 18
12Z AVG MX 2MIN
DY MAX MIN AVG DEP HDD CDD WTR SNW DPTH SPD SPD DIR MIN PSBL S-S WX SPD DR
================================================================================
1 86 65 76 2 0 11 0.00 0.0 0 7.2 16 310 M M 0 22 310
2 95 64 80 6 0 15 0.00 0.0 0 12.8 25 170 M M 0 36 170
3 94 67 81 7 0 16 0.01 0.0 0 9.3 22 340 M M 2 3 26 340
4 85 60 73 -1 0 8 0.00 0.0 0 5.3 12 40 M M 0 17 60
5 89 61 75 2 0 10 0.00 0.0 0 8.3 17 170 M M 1 24 170
6 95 74 85 12 0 20 0.65 0.0 0 10.4 33 340 M M 2 13 48 330
7 83 73 78 5 0 13 1.61 0.0 0 8.5 26 320 M M 8 13 37 310
8 79 61 70 -3 0 5 0.00 0.0 0 9.9 21 340 M M 5 27 320
9 82 56 69 -4 0 4 0.00 0.0 0 2.3 9 130 M M 0 1 14 160
10 87 57 72 -1 0 7 0.00 0.0 0 2.1 8 150 M M 0 12 130
11 78 65 72 -1 0 7 0.24 0.0 0 5.4 15 80 M M 5 1 19 80
12 76 63 70 -3 0 5 0.00 0.0 0 12.5 25 130 M M 5 36 110
13 85 66 76 4 0 11 0.22 0.0 0 11.6 20 300 M M 6 13 28 200
14 76 65 71 -1 0 6 0.00 0.0 0 8.4 15 360 M M 9 20 10
15 75 63 69 -3 0 4 0.00 0.0 0 3.9 12 90 M M 5 16 80
16 81 59 70 -2 0 5 0.00 0.0 0 4.1 14 30 M M 1 18 30
17 83 57 70 -2 0 5 0.00 0.0 0 1.8 8 50 M M 0 12 60
18 85 60 73 1 0 8 0.14 0.0 0 7.0 32 340 M M 3 1 41 330
19 82 63 73 1 0 8 0.04 0.0 0 5.8 20 290 M M 7 13 27 300
20 80 64 72 0 0 7 0.84 0.0 0 6.2 15 350 M M 7 1 20 360
21 78 62 70 -1 0 5 0.00 0.0 0 4.8 12 340 M M 5 1 14 340
22 83 58 71 0 0 6 0.00 0.0 0 1.1 8 30 M M 5 12 13 40
23 83 56 70 -1 0 5 0.00 0.0 0 2.2 8 180 M M 2 1 12 160
24 85 67 76 5 0 11 0.00 0.0 0 6.7 18 210 M M 5 25 210
25 82 62 72 1 0 7 0.00 0.0 0 8.5 17 340 M M 5 1 22 340
26 81 57 69 -1 0 4 0.00 0.0 0 5.0 13 150 M M 1 12 19 160
27 87 68 78 8 0 13 0.62 0.0 0 11.7 28 200 M M 3 13 40 230
28 84 68 76 6 0 11 1.08 0.0 0 10.4 21 190 M M 7 1 29 190
29 83 63 73 3 0 8 0.00 0.0 0 8.8 17 310 M M 1 23 300
30 80 58 69 -1 0 4 0.00 0.0 0 7.9 20 320 M M 0 26 300
31 86 56 71 1 0 6 0.00 0.0 0 4.2 14 250 M M 0 20 250
================================================================================
SM 2588 1938 0 255 5.45 0.0 214.1 M 100
================================================================================
AV 83.5 62.5 6.9 FASTST M M 3 MAX(MPH)
MISC ----> 33 340 48 330
================================================================================
NOTES:
# LAST OF SEVERAL OCCURRENCES
COLUMN 17 PEAK WIND IN M.P.H.
PRELIMINARY LOCAL CLIMATOLOGICAL DATA (WS FORM: F-6) , PAGE 2
STATION: WATERLOO IA
MONTH: AUGUST
YEAR: 2022
LATITUDE: 42 32 N
LONGITUDE: 92 24 W
[TEMPERATURE DATA] [PRECIPITATION DATA] SYMBOLS USED IN COLUMN 16
AVERAGE MONTHLY: 73.0 TOTAL FOR MONTH: 5.45 1 = FOG OR MIST
DPTR FM NORMAL: 1.1 DPTR FM NORMAL: 1.28 2 = FOG REDUCING VISIBILITY
HIGHEST: 95 ON 6, 2 GRTST 24HR 2.26 ON 6- 7 TO 1/4 MILE OR LESS
LOWEST: 56 ON 23,31 3 = THUNDER
SNOW, ICE PELLETS, HAIL 4 = ICE PELLETS
TOTAL MONTH: 0.0 INCH 5 = HAIL
GRTST 24HR 0.0 6 = FREEZING RAIN OR DRIZZLE
GRTST DEPTH: 0 7 = DUSTSTORM OR SANDSTORM:
VSBY 1/2 MILE OR LESS
8 = SMOKE OR HAZE
[NO. OF DAYS WITH] [WEATHER - DAYS WITH] 9 = BLOWING SNOW
X = TORNADO
MAX 32 OR BELOW: 0 0.01 INCH OR MORE: 10
MAX 90 OR ABOVE: 3 0.10 INCH OR MORE: 8
MIN 32 OR BELOW: 0 0.50 INCH OR MORE: 5
MIN 0 OR BELOW: 0 1.00 INCH OR MORE: 2
[HDD (BASE 65) ]
TOTAL THIS MO. 0 CLEAR (SCALE 0-3) 17
DPTR FM NORMAL -10 PTCLDY (SCALE 4-7) 12
TOTAL FM JUL 1 0 CLOUDY (SCALE 8-10) 2
DPTR FM NORMAL -8
[CDD (BASE 65) ]
TOTAL THIS MO. 255
DPTR FM NORMAL 30 [PRESSURE DATA]
TOTAL FM JAN 1 906 HIGHEST SLP M ON M
DPTR FM NORMAL 100 LOWEST SLP 29.64 ON 28
[REMARKS]
#FINAL-08-22#