000
CXUS54 KAMA 010810
CF6AMA
PRELIMINARY LOCAL CLIMATOLOGICAL DATA (WS FORM: F-6)
STATION: AMARILLO
MONTH: NOVEMBER
YEAR: 2020
LATITUDE: 35 13 N
LONGITUDE: 101 42 W
TEMPERATURE IN F: :PCPN: SNOW: WIND :SUNSHINE: SKY :PK WND
================================================================================
1 2 3 4 5 6A 6B 7 8 9 10 11 12 13 14 15 16 17 18
12Z AVG MX 2MIN
DY MAX MIN AVG DEP HDD CDD WTR SNW DPTH SPD SPD DIR MIN PSBL S-S WX SPD DR
================================================================================
1 68 33 51 -2 14 0 0.00 0.0 0 9.0 20 200 M M 0 24 190
2 74 36 55 3 10 0 0.00 0.0 0 14.5 26 230 M M 0 32 220
3 79 40 60 8 5 0 0.00 0.0 0 15.3 24 220 M M 0 30 220
4 80 47 64 12 1 0 0.00 0.0 0 9.2 17 190 M M 0 8 21 200
5 80 47 64 13 1 0 0.00 0.0 0 11.1 23 360 M M 0 28 350
6 80 41 61 10 4 0 0.00 0.0 0 11.4 20 170 M M 0 25 200
7 74 48 61 11 4 0 0.00 0.0 0 20.0 32 170 M M 0 38 170
8 79 53 66 16 0 1 0.07 0.0 0 24.1 38 190 M M 2 3 57 200
9 79 55 67 18 0 2 0.00 0.0 0 19.7 31 200 M M 2 41 210
10 60 31 46 -3 19 0 0.00 0.0 0 11.7 24 280 M M 1 8 31 290
11 61 33 47 -1 18 0 0.00 0.0 0 10.3 20 160 M M 0 8 25 160
12 60 33 47 -1 18 0 0.00 0.0 0 9.8 21 50 M M 0 25 50
13 57 29 43 -4 22 0 0.00 0.0 0 10.4 23 200 M M 0 34 190
14 73 39 56 9 9 0 0.00 0.0 0 20.5 40 250 M M 1 50 250
15 63 26 45 -1 20 0 0.00 0.0 0 11.5 25 200 M M 1 33 190
16 70 30 50 4 15 0 0.00 0.0 0 10.3 18 40 M M 0 23 40
17 72 34 53 7 12 0 0.00 0.0 0 13.6 29 190 M M 0 34 190
18 79 47 63 18 2 0 0.00 0.0 0 22.6 31 200 M M 0 36 200
19 86 53 70 25 0 5 0.00 0.0 0 19.8 33 230 M M 0 42 210
20 64 42 53 9 12 0 0.00 0.0 0 12.3 23 360 M M 0 28 350
21 54 39 47 3 18 0 0.00 0.0 0 6.5 10 100 M M 7 13 20
22 49 42 46 3 19 0 0.00 0.0 0 12.0 20 10 M M 10 1 24 360
23 53 41 47 4 18 0 0.00 0.0 0 17.6 29 190 M M 10 1 34 190
24 66 35 51 9 14 0 0.03 T 0 19.1 36 250 M M 6 158 43 310
25 60 29 45 3 20 0 0.00 0.0 0 11.7 25 230 M M 0 30 230
26 59 32 46 4 19 0 0.00 0.0 0 11.8 23 310 M M 0 28 300
27 52 28 40 -1 25 0 0.00 0.0 0 13.3 21 50 M M 3 27 30
28 38 33 36 -5 29 0 0.22 0.5 T 4.3 15 60 M M 10 1 16 60
29 46 30 38 -2 27 0 0.00 0.0 0 16.0 35 360 M M 4 44 350
30 53 20 37 -3 28 0 0.00 0.0 0 13.0 25 220 M M 0 32 230
================================================================================
SM 1968 1126 403 8 0.32 0.5 412.4 M 57
================================================================================
AV 65.6 37.5 13.7 FASTST M M 2 MAX(MPH)
MISC ----> 40 250 57 200
================================================================================
NOTES:
# LAST OF SEVERAL OCCURRENCES
COLUMN 17 PEAK WIND IN M.P.H.
PRELIMINARY LOCAL CLIMATOLOGICAL DATA (WS FORM: F-6) , PAGE 2
STATION: AMARILLO
MONTH: NOVEMBER
YEAR: 2020
LATITUDE: 35 13 N
LONGITUDE: 101 42 W
[TEMPERATURE DATA] [PRECIPITATION DATA] SYMBOLS USED IN COLUMN 16
AVERAGE MONTHLY: 51.6 TOTAL FOR MONTH: 0.32 1 = FOG OR MIST
DPTR FM NORMAL: 5.3 DPTR FM NORMAL: -0.48 2 = FOG REDUCING VISIBILITY
HIGHEST: 86 ON 19 GRTST 24HR 0.22 ON 28-28 TO 1/4 MILE OR LESS
LOWEST: 20 ON 30 3 = THUNDER
SNOW, ICE PELLETS, HAIL 4 = ICE PELLETS
TOTAL MONTH: 0.5 INCH 5 = HAIL
GRTST 24HR 0.5 ON 28-28 6 = FREEZING RAIN OR DRIZZLE
GRTST DEPTH: T 7 = DUSTSTORM OR SANDSTORM:
VSBY 1/2 MILE OR LESS
8 = SMOKE OR HAZE
[NO. OF DAYS WITH] [WEATHER - DAYS WITH] 9 = BLOWING SNOW
X = TORNADO
MAX 32 OR BELOW: 0 0.01 INCH OR MORE: 3
MAX 90 OR ABOVE: 0 0.10 INCH OR MORE: 1
MIN 32 OR BELOW: 9 0.50 INCH OR MORE: 0
MIN 0 OR BELOW: 0 1.00 INCH OR MORE: 0
[HDD (BASE 65) ]
TOTAL THIS MO. 403 CLEAR (SCALE 0-3) 24
DPTR FM NORMAL -161 PTCLDY (SCALE 4-7) 3
TOTAL FM JUL 1 768 CLOUDY (SCALE 8-10) 3
DPTR FM NORMAL -76
[CDD (BASE 65) ]
TOTAL THIS MO. 8
DPTR FM NORMAL 7 [PRESSURE DATA]
TOTAL FM JAN 1 1857 HIGHEST SLP M ON M
DPTR FM NORMAL 458 LOWEST SLP 29.57 ON 24
[REMARKS]
#FINAL-11-20#