000
CXUS54 KBMX 011010
CF6ANB
PRELIMINARY LOCAL CLIMATOLOGICAL DATA (WS FORM: F-6)
STATION: ANNISTON
MONTH: OCTOBER
YEAR: 2022
LATITUDE: 33 35 N
LONGITUDE: 85 51 W
TEMPERATURE IN F: :PCPN: SNOW: WIND :SUNSHINE: SKY :PK WND
================================================================================
1 2 3 4 5 6A 6B 7 8 9 10 11 12 13 14 15 16 17 18
12Z AVG MX 2MIN
DY MAX MIN AVG DEP HDD CDD WTR SNW DPTH SPD SPD DIR MIN PSBL S-S WX SPD DR
================================================================================
1 82 44 63 -7 2 0 0.00 0.0 0 4.7 15 360 M M 0 20 30
2 80 47 64 -5 1 0 0.00 0.0 0 6.8 18 40 M M 0 18 28 40
3 79 53 66 -3 0 1 0.00 0.0 0 4.0 12 360 M M 0 15 10
4 79 51 65 -4 0 0 0.00 0.0 0 3.5 12 360 M M 1 1 17 230
5 80 43 62 -6 3 0 0.00 0.0 0 3.3 14 360 M M 0 1 17 20
6 83 44 64 -4 1 0 0.00 0.0 0 1.6 14 350 M M 0 25 10
7 85 49 67 -1 0 2 0.00 0.0 0 3.6 16 10 M M 0 22 360
8 75 46 61 -6 4 0 0.00 0.0 0 5.6 15 360 M M 0 22 340
9 73 36 55 -12 10 0 0.00 0.0 0 3.9 14 320 M M 0 21 280
10 75 40 58 -8 7 0 0.00 0.0 0 4.3 15 10 M M 0 22 360
11 78 45 62 -4 3 0 0.00 0.0 0 5.8 13 120 M M 2 17 150
12 71 60 66 0 0 1 0.46 0.0 0 4.1 16 100 M M 6 13 23 100
13 77 45 61 -4 4 0 0.68 0.0 0 6.1 18 360 M M 4 123 27 360
14 75 42 59 -6 6 0 0.00 0.0 0 3.2 15 240 M M 0 1 22 260
15 82 44 63 -1 2 0 0.00 0.0 0 3.8 14 240 M M 0 18 240
16 82 50 66 2 0 1 0.00 0.0 0 3.4 14 260 M M 0 1 19 250
17 77 50 64 0 1 0 0.00 0.0 0 7.1 17 270 M M 3 1 23 290
18 54 33 44 -19 21 0 0.00 0.0 0 6.9 18 360 M M 1 26 360
19 62 28 45 -18 20 0 0.00 0.0 0 2.9 14 350 M M 0 18 300
20 63 28 46 -16 19 0 0.00 0.0 0 2.6 16 240 M M 0 20 230
21 74 34 54 -8 11 0 0.00 0.0 0 1.5 8 260 M M 0 18 12 240
22 77 42 60 -2 5 0 0.00 0.0 0 2.3 8 250 M M 1 11 240
23 79 45 62 1 3 0 0.00 0.0 0 2.4 7 70 M M 0 9 30
24 80 47 64 3 1 0 0.00 0.0 0 4.6 10 190 M M 0 16 130
25 79 56 68 8 0 3 0.43 0.0 0 7.9 20 160 M M 5 13 28 160
26 62 46 54 -6 11 0 0.00 0.0 0 5.4 14 340 M M 3 19 10
27 75 42 59 -1 6 0 0.00 0.0 0 3.8 10 60 M M 0 15 60
28 72 53 63 4 2 0 0.00 0.0 0 7.4 14 80 M M 1 18 80
29 75 54 65 6 0 0 0.05 0.0 0 9.2 15 80 M M 4 1 22 70
30 64 58 61 3 4 0 0.39 0.0 0 6.9 14 100 M M 10 1 19 70
31 71 52 62 4 3 0 T 0.0 0 3.1 13 250 M M 8 1 17 250
================================================================================
SM 2320 1407 150 8 2.01 0.0 141.7 M 49
================================================================================
AV 74.8 45.4 4.6 FASTST M M 2 MAX(MPH)
MISC ----> 20 160 # 28 40
================================================================================
NOTES:
# LAST OF SEVERAL OCCURRENCES
COLUMN 17 PEAK WIND IN M.P.H.
PRELIMINARY LOCAL CLIMATOLOGICAL DATA (WS FORM: F-6) , PAGE 2
STATION: ANNISTON
MONTH: OCTOBER
YEAR: 2022
LATITUDE: 33 35 N
LONGITUDE: 85 51 W
[TEMPERATURE DATA] [PRECIPITATION DATA] SYMBOLS USED IN COLUMN 16
AVERAGE MONTHLY: 60.1 TOTAL FOR MONTH: 2.01 1 = FOG OR MIST
DPTR FM NORMAL: -3.8 DPTR FM NORMAL: -1.24 2 = FOG REDUCING VISIBILITY
HIGHEST: 85 ON 7 GRTST 24HR 1.14 ON 12-13 TO 1/4 MILE OR LESS
LOWEST: 28 ON 20,19 3 = THUNDER
SNOW, ICE PELLETS, HAIL 4 = ICE PELLETS
TOTAL MONTH: 0.0 INCH 5 = HAIL
GRTST 24HR 0.0 6 = FREEZING RAIN OR DRIZZLE
GRTST DEPTH: 0 7 = DUSTSTORM OR SANDSTORM:
VSBY 1/2 MILE OR LESS
8 = SMOKE OR HAZE
[NO. OF DAYS WITH] [WEATHER - DAYS WITH] 9 = BLOWING SNOW
X = TORNADO
MAX 32 OR BELOW: 0 0.01 INCH OR MORE: 5
MAX 90 OR ABOVE: 0 0.10 INCH OR MORE: 4
MIN 32 OR BELOW: 2 0.50 INCH OR MORE: 1
MIN 0 OR BELOW: 0 1.00 INCH OR MORE: 0
[HDD (BASE 65) ]
TOTAL THIS MO. 150 CLEAR (SCALE 0-3) 25
DPTR FM NORMAL 32 PTCLDY (SCALE 4-7) 5
TOTAL FM JUL 1 166 CLOUDY (SCALE 8-10) 1
DPTR FM NORMAL 41
[CDD (BASE 65) ]
TOTAL THIS MO. 8
DPTR FM NORMAL -76 [PRESSURE DATA]
TOTAL FM JAN 1 1998 HIGHEST SLP 30.32 ON 11
DPTR FM NORMAL 40 LOWEST SLP 29.76 ON 25
[REMARKS]
#FINAL-10-22#