000
CXAK56 PAFC 011256
CF6ANC
PRELIMINARY LOCAL CLIMATOLOGICAL DATA (WS FORM: F-6)
STATION: ANCHORAGE AK
MONTH: NOVEMBER
YEAR: 2022
LATITUDE: 61 10 N
LONGITUDE: 150 2 W
TEMPERATURE IN F: :PCPN: SNOW: WIND :SUNSHINE: SKY :PK WND
================================================================================
1 2 3 4 5 6A 6B 7 8 9 10 11 12 13 14 15 16 17 18
12Z AVG MX 2MIN
DY MAX MIN AVG DEP HDD CDD WTR SNW DPTH SPD SPD DIR MIN PSBL S-S WX SPD DR
================================================================================
1 25 12 19 -9 46 0 T T 2 6.7 15 360 M M 6 1 19 350
2 32 20 26 -2 39 0 0.24 3.2 3 8.1 18 340 M M 10 1 23 330
3 32 20 26 -1 39 0 0.08 1.1 6 9.9 23 360 M M 8 1 31 360
4 24 15 20 -7 45 0 0.00 0.0 7 9.5 21 340 M M 5 29 340
5 24 15 20 -6 45 0 0.00 0.0 6 16.6 25 350 M M 2 35 350
6 20 6 13 -13 52 0 0.00 0.0 6 6.2 24 350 M M 1 31 360
7 25 5 15 -11 50 0 0.02 0.2 6 3.8 12 60 M M 7 1 14 50
8 29 22 26 1 39 0 0.02 0.1 6 5.7 13 330 M M 10 1 19 360
9 32 27 30 5 35 0 0.01 0.2 6 7.9 15 350 M M 9 1 18 340
10 33 30 32 8 33 0 0.05 0.7 5 3.3 12 340 M M 10 1 21 340
11 32 28 30 6 35 0 0.00 0.0 6 6.6 17 310 M M 10 1 23 330
12 43 30 37 13 28 0 0.00 0.0 6 10.9 26 150 M M 8 37 150
13 44 32 38 14 27 0 0.46 2.2 4 10.4 23 160 M M 9 1 33 180
14 40 28 34 11 31 0 0.01 0.0 4 7.5 21 140 M M 5 1 29 150
15 30 22 26 3 39 0 0.00 0.0 4 5.0 10 40 M M 2 1 16 140
16 29 20 25 2 40 0 0.00 0.0 4 5.9 10 50 M M 1 13 50
17 29 22 26 3 39 0 0.00 0.0 6 6.0 10 50 M M 3 M M
18 27 18 23 1 42 0 0.00 0.0 4 4.0 9 30 M M 3 11 40
19 29 21 25 3 40 0 0.00 0.0 4 4.6 10 50 M M 5 21 20
20 33 28 31 9 34 0 0.07 T 4 1.8 9 340 M M 9 16 11 330
21 35 28 32 10 33 0 0.07 T 4 3.6 12 20 M M 9 6 17 10
22 34 28 31 9 34 0 0.04 0.1 4 1.5 6 230 M M 10 1 8 200
23 32 21 27 5 38 0 0.01 0.1 4 4.6 12 30 M M 7 1 14 110
24 35 18 27 5 38 0 0.02 0.5 4 7.2 16 160 M M 4 1 32 180
25 27 22 25 3 40 0 T 0.1 5 3.7 10 360 M M 7 12 14 200
26 25 11 18 -3 47 0 0.00 0.0 5 5.1 13 10 M M 2 1 18 340
27 22 11 17 -4 48 0 0.00 0.0 5 9.1 20 350 M M 3 26 350
28 12 0 6 -15 59 0 0.00 0.0 5 6.1 18 340 M M 2 25 350
29 14 -2 6 -15 59 0 0.00 0.0 4 2.2 7 100 M M 2 9 150
30 16 1 9 -12 56 0 0.07 1.3 4 3.3 13 360 M M 7 1 19 360
================================================================================
SM 864 559 1230 0 1.17 9.8 186.8 M 176
================================================================================
AV 28.8 18.6 6.2 FASTST M M 6 MAX(MPH)
MISC ----> 26 150 37 150
================================================================================
NOTES:
# LAST OF SEVERAL OCCURRENCES
COLUMN 17 PEAK WIND IN M.P.H.
PRELIMINARY LOCAL CLIMATOLOGICAL DATA (WS FORM: F-6) , PAGE 2
STATION: ANCHORAGE AK
MONTH: NOVEMBER
YEAR: 2022
LATITUDE: 61 10 N
LONGITUDE: 150 2 W
[TEMPERATURE DATA] [PRECIPITATION DATA] SYMBOLS USED IN COLUMN 16
AVERAGE MONTHLY: 23.7 TOTAL FOR MONTH: 1.17 1 = FOG OR MIST
DPTR FM NORMAL: 0.1 DPTR FM NORMAL: -0.02 2 = FOG REDUCING VISIBILITY
HIGHEST: 44 ON 13 GRTST 24HR 0.47 ON 13-14 TO 1/4 MILE OR LESS
LOWEST: -2 ON 29 3 = THUNDER
SNOW, ICE PELLETS, HAIL 4 = ICE PELLETS
TOTAL MONTH: 9.8 INCHES 5 = HAIL
GRTST 24HR 3.2 ON 2- 2 6 = FREEZING RAIN OR DRIZZLE
GRTST DEPTH: 7 ON 4 7 = DUSTSTORM OR SANDSTORM:
VSBY 1/2 MILE OR LESS
8 = SMOKE OR HAZE
[NO. OF DAYS WITH] [WEATHER - DAYS WITH] 9 = BLOWING SNOW
X = TORNADO
MAX 32 OR BELOW: 22 0.01 INCH OR MORE: 14
MAX 90 OR ABOVE: 0 0.10 INCH OR MORE: 2
MIN 32 OR BELOW: 30 0.50 INCH OR MORE: 0
MIN 0 OR BELOW: 2 1.00 INCH OR MORE: 0
[HDD (BASE 65) ]
TOTAL THIS MO. 1230 CLEAR (SCALE 0-3) 9
DPTR FM NORMAL -12 PTCLDY (SCALE 4-7) 11
TOTAL FM JUL 1 2971 CLOUDY (SCALE 8-10) 10
DPTR FM NORMAL -40
[CDD (BASE 65) ]
TOTAL THIS MO. 0
DPTR FM NORMAL 0 [PRESSURE DATA]
TOTAL FM JAN 1 9 HIGHEST SLP 30.78 ON 16
DPTR FM NORMAL 1 LOWEST SLP 29.15 ON 21
[REMARKS]
#FINAL-11-22#