054
CXUS52 KGSP 020127
CF6AND
PRELIMINARY LOCAL CLIMATOLOGICAL DATA (WS FORM: F-6)
STATION: ANDERSON SC
MONTH: DECEMBER
YEAR: 2020
LATITUDE: 34 30 N
LONGITUDE: 82 43 W
TEMPERATURE IN F: :PCPN: SNOW: WIND :SUNSHINE: SKY :PK WND
================================================================================
1 2 3 4 5 6A 6B 7 8 9 10 11 12 13 14 15 16 17 18
12Z AVG MX 2MIN
DY MAX MIN AVG DEP HDD CDD WTR SNW DPTH SPD SPD DIR MIN PSBL S-S WX SPD DR
================================================================================
1 44 33 39 -8 26 0 0.00 M M 14.8 23 290 M M 0 30 270
2 54 24 39 -8 26 0 0.00 M M 2.7 13 290 M M 0 18 290
3 56 27 42 -4 23 0 0.00 M M 1.9 12 260 M M 2 14 240
4 59 41 50 4 15 0 0.54 M M 5.9 26 250 M M 8 13 32 250
5 58 36 47 1 18 0 0.00 M M 4.9 22 280 M M 0 26 280
6 52 31 42 -4 23 0 T M M 2.7 9 210 M M 2 11 200
7 56 34 45 0 20 0 0.00 M M 8.1 20 320 M M 5 28 330
8 50 24 37 -8 28 0 0.00 M M 1.3 10 230 M M 0 13 260
9 60 26 43 -2 22 0 0.00 M M 5.5 16 220 M M 0 22 260
10 67 34 51 6 14 0 0.00 M M 2.3 12 60 M M 0 1 17 160
11 65 36 51 7 14 0 0.00 M M 2.1 9 220 M M 0 10 210
12 66 43 55 11 10 0 0.01 M M 4.1 15 180 M M 5 1 18 200
13 70 49 60 16 5 0 0.01 M M 3.5 15 220 M M 4 1 18 230
14 65 41 53 9 12 0 0.45 M M 8.8 24 250 M M 5 1 29 240
15 50 35 43 -1 22 0 0.00 M M 10.4 20 70 M M 3 26 70
16 43 36 40 -3 25 0 0.33 M M 6.8 21 80 M M 10 1 25 80
17 47 33 40 -3 25 0 0.00 M M 4.5 12 250 M M 8 1 15 240
18 48 26 37 -6 28 0 0.00 M M 2.4 8 70 M M 0 10 50
19 51 26 39 -4 26 0 0.00 M M 1.9 9 120 M M 0 8 13 100
20 56 40 48 5 17 0 0.07 M M 3.1 9 160 M M 8 12 11 160
21 59 41 50 8 15 0 0.00 M M 9.4 22 240 M M 4 12 27 260
22 63 40 52 10 13 0 0.00 M M 6.8 15 260 M M 0 19 270
23 60 36 48 6 17 0 0.00 M M 5.9 12 60 M M 4 14 80
24 59 33 46 4 19 0 1.10 M M 12.9 37 250 M M 8 1 53 240
25 34 24 29 -13 36 0 0.00 M M 15.4 26 270 M M 3 37 280
26 45 19 32 -10 33 0 0.00 M M 4.6 16 280 M M 0 21 280
27 54 24 39 -3 26 0 0.00 M M 1.3 7 290 M M 0 9 110
28 57 27 42 0 23 0 0.00 M M 5.0 17 220 M M 2 1 21 220
29 62 31 47 5 18 0 0.00 M M 4.3 12 90 M M 3 12 14 130
30 46 42 44 2 21 0 0.00 M M 7.4 15 70 M M 10 18 70
31 57 42 50 8 15 0 0.04 M M 2.2 8 60 M M 10 12 11 70
================================================================================
SM 1713 1034 635 0 2.55 M 172.9 M 104
================================================================================
AV 55.3 33.4 5.6 FASTST M M 3 MAX(MPH)
MISC ----> 37 250 53 240
================================================================================
NOTES:
# LAST OF SEVERAL OCCURRENCES
COLUMN 17 PEAK WIND IN M.P.H.
PRELIMINARY LOCAL CLIMATOLOGICAL DATA (WS FORM: F-6) , PAGE 2
STATION: ANDERSON SC
MONTH: DECEMBER
YEAR: 2020
LATITUDE: 34 30 N
LONGITUDE: 82 43 W
[TEMPERATURE DATA] [PRECIPITATION DATA] SYMBOLS USED IN COLUMN 16
AVERAGE MONTHLY: 44.3 TOTAL FOR MONTH: 2.55 1 = FOG OR MIST
DPTR FM NORMAL: 0.6 DPTR FM NORMAL: -1.56 2 = FOG REDUCING VISIBILITY
HIGHEST: 70 ON 13 GRTST 24HR 1.10 ON 24-24 TO 1/4 MILE OR LESS
LOWEST: 19 ON 26 3 = THUNDER
SNOW, ICE PELLETS, HAIL 4 = ICE PELLETS
TOTAL MONTH: M 5 = HAIL
GRTST 24HR M ON M 6 = FREEZING RAIN OR DRIZZLE
GRTST DEPTH: M ON M 7 = DUSTSTORM OR SANDSTORM:
VSBY 1/2 MILE OR LESS
8 = SMOKE OR HAZE
[NO. OF DAYS WITH] [WEATHER - DAYS WITH] 9 = BLOWING SNOW
X = TORNADO
MAX 32 OR BELOW: 0 0.01 INCH OR MORE: 8
MAX 90 OR ABOVE: 0 0.10 INCH OR MORE: 4
MIN 32 OR BELOW: 12 0.50 INCH OR MORE: 2
MIN 0 OR BELOW: 0 1.00 INCH OR MORE: 1
[HDD (BASE 65) ]
TOTAL THIS MO. 635 CLEAR (SCALE 0-3) 17
DPTR FM NORMAL -26 PTCLDY (SCALE 4-7) 10
TOTAL FM JUL 1 974 CLOUDY (SCALE 8-10) 4
DPTR FM NORMAL -254
[CDD (BASE 65) ]
TOTAL THIS MO. 0
DPTR FM NORMAL -1 [PRESSURE DATA]
TOTAL FM JAN 1 1895 HIGHEST SLP 30.44 ON 19
DPTR FM NORMAL 226 LOWEST SLP 29.51 ON 24
[REMARKS]
#FINAL-12-20#