689
CXUS52 KGSP 010817
CF6AND
PRELIMINARY LOCAL CLIMATOLOGICAL DATA (WS FORM: F-6)
STATION: ANDERSON SC
MONTH: JULY
YEAR: 2020
LATITUDE: 34 30 N
LONGITUDE: 82 43 W
TEMPERATURE IN F: :PCPN: SNOW: WIND :SUNSHINE: SKY :PK WND
================================================================================
1 2 3 4 5 6A 6B 7 8 9 10 11 12 13 14 15 16 17 18
12Z AVG MX 2MIN
DY MAX MIN AVG DEP HDD CDD WTR SNW DPTH SPD SPD DIR MIN PSBL S-S WX SPD DR
================================================================================
1 87 69 78 -1 0 13 0.00 M M 3.2 16 230 M M 0 19 220
2 93 70 82 3 0 17 0.00 M M 4.3 15 60 M M 1 18 50
3 92 71 82 3 0 17 T M M 2.9 12 120 M M 3 15 110
4 93 73 83 4 0 18 0.00 M M 2.0 12 200 M M 6 18 15 210
5 93 70 82 3 0 17 0.00 M M 4.6 13 140 M M 1 18 18 120
6 85 71 78 -1 0 13 1.19 M M 7.3 22 80 M M 5 13 29 100
7 84 72 78 -1 0 13 0.42 M M 8.1 21 50 M M 9 1 27 50
8 89 72 81 2 0 16 T M M 4.3 12 40 M M 5 16 60
9 89 72 81 2 0 16 0.00 M M 5.0 18 320 M M 2 23 290
10 93 71 82 3 0 17 0.07 M M 4.1 16 350 M M 2 123 22 350
11 92 70 81 2 0 16 0.00 M M 4.2 14 310 M M 1 18 320
12 90 66 78 -2 0 13 0.00 M M 3.5 14 180 M M 0 20 270
13 92 71 82 2 0 17 0.00 M M 2.8 12 270 M M 1 15 270
14 93 70 82 2 0 17 0.00 M M 2.4 10 80 M M 1 14 40
15 94 70 82 2 0 17 0.00 M M 4.1 9 120 M M 0 13 130
16 94 74 84 4 0 19 0.00 M M 3.5 13 180 M M 1 17 170
17 95 73 84 4 0 19 0.00 M M 3.5 10 260 M M 1 16 230
18 97 73 85 5 0 20 0.00 M M 3.6 18 180 M M 1 3 22 230
19 95 73 84 4 0 19 0.00 M M 4.5 18 200 M M 0 21 200
20 97 73 85 5 0 20 0.00 M M 3.9 14 210 M M 1 18 200
21 95 72 84 4 0 19 0.11 M M 3.2 22 230 M M 1 13 27 320
22 94 70 82 2 0 17 0.00 M M 3.5 16 220 M M 4 12 19 220
23 94 72 83 3 0 18 0.00 M M 4.6 15 230 M M 1 19 170
24 91 71 81 1 0 16 0.04 M M 4.5 22 40 M M 2 3 32 20
25 93 70 82 2 0 17 0.02 M M 2.6 21 320 M M 2 3 29 310
26 93 69 81 1 0 16 0.00 M M 2.7 15 320 M M 0 19 320
27 96 72 84 4 0 19 0.00 M M 4.9 18 180 M M 0 3 23 170
28 95 71 83 3 0 18 0.00 M M 6.2 20 220 M M 0 23 220
29 93 75 84 4 0 19 0.08 M M 7.2 15 220 M M 4 13 20 220
30 86 75 81 1 0 16 0.05 M M 6.4 20 260 M M 5 13 24 260
31 95 74 85 6 0 20 0.13 M M 10.0 20 220 M M 2 13 26 220
================================================================================
SM 2862 2215 0 529 2.11 M 137.6 M 62
================================================================================
AV 92.3 71.5 4.4 FASTST M M 2 MAX(MPH)
MISC ----> # 22 80 32 20
================================================================================
NOTES:
# LAST OF SEVERAL OCCURRENCES
COLUMN 17 PEAK WIND IN M.P.H.
PRELIMINARY LOCAL CLIMATOLOGICAL DATA (WS FORM: F-6) , PAGE 2
STATION: ANDERSON SC
MONTH: JULY
YEAR: 2020
LATITUDE: 34 30 N
LONGITUDE: 82 43 W
[TEMPERATURE DATA] [PRECIPITATION DATA] SYMBOLS USED IN COLUMN 16
AVERAGE MONTHLY: 81.9 TOTAL FOR MONTH: 2.11 1 = FOG OR MIST
DPTR FM NORMAL: 2.5 DPTR FM NORMAL: -1.55 2 = FOG REDUCING VISIBILITY
HIGHEST: 97 ON 20,18 GRTST 24HR 1.51 ON 6- 7 TO 1/4 MILE OR LESS
LOWEST: 66 ON 12 3 = THUNDER
SNOW, ICE PELLETS, HAIL 4 = ICE PELLETS
TOTAL MONTH: M 5 = HAIL
GRTST 24HR M ON M 6 = FREEZING RAIN OR DRIZZLE
GRTST DEPTH: M ON M 7 = DUSTSTORM OR SANDSTORM:
VSBY 1/2 MILE OR LESS
8 = SMOKE OR HAZE
[NO. OF DAYS WITH] [WEATHER - DAYS WITH] 9 = BLOWING SNOW
X = TORNADO
MAX 32 OR BELOW: 0 0.01 INCH OR MORE: 9
MAX 90 OR ABOVE: 25 0.10 INCH OR MORE: 4
MIN 32 OR BELOW: 0 0.50 INCH OR MORE: 1
MIN 0 OR BELOW: 0 1.00 INCH OR MORE: 1
[HDD (BASE 65) ]
TOTAL THIS MO. 0 CLEAR (SCALE 0-3) 24
DPTR FM NORMAL 0 PTCLDY (SCALE 4-7) 6
TOTAL FM JUL 1 0 CLOUDY (SCALE 8-10) 1
DPTR FM NORMAL 0
[CDD (BASE 65) ]
TOTAL THIS MO. 529
DPTR FM NORMAL 83 [PRESSURE DATA]
TOTAL FM JAN 1 1093 HIGHEST SLP 30.20 ON 17
DPTR FM NORMAL 118 LOWEST SLP 29.75 ON 12
[REMARKS]
#FINAL-07-20#