000
CXUS53 KIWX 010810
CF6AOH
PRELIMINARY LOCAL CLIMATOLOGICAL DATA (WS FORM: F-6)
STATION: LIMA
MONTH: MAY
YEAR: 2022
LATITUDE: 40 42 N
LONGITUDE: 84 1 W
TEMPERATURE IN F: :PCPN: SNOW: WIND :SUNSHINE: SKY :PK WND
================================================================================
1 2 3 4 5 6A 6B 7 8 9 10 11 12 13 14 15 16 17 18
12Z AVG MX 2MIN
DY MAX MIN AVG DEP HDD CDD WTR SNW DPTH SPD SPD DIR MIN PSBL S-S WX SPD DR
================================================================================
1 72 52 62 5 3 0 0.12 M M 13.8 25 270 M M 7 13 35 270
2 64 47 56 -1 9 0 0.00 M M 10.0 21 270 M M 6 27 280
3 76 53 65 8 0 0 0.85 M M 13.8 36 300 M M 7 13 56 310
4 58 47 53 -5 12 0 0.03 M M 7.8 15 350 M M 9 1 22 340
5 59 45 52 -6 13 0 0.36 M M 7.9 16 60 M M 9 1 22 70
6 58 49 54 -4 11 0 0.68 M M 13.0 24 40 M M 10 13 35 50
7 62 45 54 -5 11 0 T M M 15.6 25 30 M M 5 1 35 50
8 66 40 53 -6 12 0 0.00 M M 8.4 17 90 M M 0 24 70
9 76 47 62 3 3 0 0.00 M M 12.1 22 140 M M 0 29 150
10 83 58 71 11 0 6 0.00 M M 9.9 18 160 M M 4 24 160
11 85 63 74 14 0 9 0.00 M M 7.0 14 80 M M 4 17 80
12 85 54 70 10 0 5 0.00 M M 7.4 15 90 M M 0 21 140
13 85 61 73 12 0 8 0.00 M M 9.0 17 160 M M 0 22 180
14 85 63 74 13 0 9 0.52 M M 7.5 25 350 M M 3 13 36 340
15 84 59 72 11 0 7 0.01 M M 6.2 17 330 M M 1 3 24 320
16 74 55 65 3 0 0 0.48 M M 8.4 23 320 M M 5 13 32 270
17 72 52 62 0 3 0 0.00 M M 6.4 18 330 M M 2 25 300
18 65 56 61 -1 4 0 0.26 M M 6.2 14 140 M M 10 1 19 120
19 80 61 71 8 0 6 0.00 M M 10.9 17 190 M M 4 18 29 200
20 87 67 77 14 0 12 0.00 M M 16.1 28 190 M M 3 43 210
21 86 64 75 12 0 10 0.91 M M 10.9 33 310 M M 4 138 46 290
22 67 51 59 -5 6 0 T M M 10.6 20 310 M M 5 26 310
23 64 47 56 -8 9 0 0.00 M M 8.9 16 40 M M 3 21 40
24 72 47 60 -4 5 0 0.00 M M 9.2 16 70 M M 0 21 70
25 83 54 69 4 0 4 1.32 M M 11.3 24 220 M M 5 13 33 220
26 72 63 68 3 0 3 0.69 0.0 0 9.9 23 240 M M 8 18 32 250
27 68 60 64 -1 1 0 0.01 0.0 0 8.5 16 280 M M 5 20 230
28 73 58 66 0 0 1 0.05 0.0 0 4.9 14 250 M M 7 1 19 250
29 81 60 71 5 0 6 0.00 0.0 0 9.2 17 170 M M 1 18 25 170
30 87 64 76 10 0 11 0.00 0.0 0 10.0 21 200 M M 1 29 190
31 90 70 80 13 0 15 0.00 M M 10.5 22 210 M M 1 33 250
================================================================================
SM 2319 1712 102 112 6.29 0.0 301.3 M 129
================================================================================
AV 74.8 55.2 9.7 FASTST M M 4 MAX(MPH)
MISC ----> 36 300 56 310
================================================================================
NOTES:
# LAST OF SEVERAL OCCURRENCES
COLUMN 17 PEAK WIND IN M.P.H.
PRELIMINARY LOCAL CLIMATOLOGICAL DATA (WS FORM: F-6) , PAGE 2
STATION: LIMA
MONTH: MAY
YEAR: 2022
LATITUDE: 40 42 N
LONGITUDE: 84 1 W
[TEMPERATURE DATA] [PRECIPITATION DATA] SYMBOLS USED IN COLUMN 16
AVERAGE MONTHLY: 65.0 TOTAL FOR MONTH: 6.29 1 = FOG OR MIST
DPTR FM NORMAL: 3.4 DPTR FM NORMAL: 2.48 2 = FOG REDUCING VISIBILITY
HIGHEST: 90 ON 31 GRTST 24HR 1.97 ON 25-26 TO 1/4 MILE OR LESS
LOWEST: 40 ON 8 3 = THUNDER
SNOW, ICE PELLETS, HAIL 4 = ICE PELLETS
TOTAL MONTH: 0.0 INCH 5 = HAIL
GRTST 24HR 0.0 6 = FREEZING RAIN OR DRIZZLE
GRTST DEPTH: 0 7 = DUSTSTORM OR SANDSTORM:
VSBY 1/2 MILE OR LESS
8 = SMOKE OR HAZE
[NO. OF DAYS WITH] [WEATHER - DAYS WITH] 9 = BLOWING SNOW
X = TORNADO
MAX 32 OR BELOW: 0 0.01 INCH OR MORE: 14
MAX 90 OR ABOVE: 1 0.10 INCH OR MORE: 10
MIN 32 OR BELOW: 0 0.50 INCH OR MORE: 6
MIN 0 OR BELOW: 0 1.00 INCH OR MORE: 1
[HDD (BASE 65) ]
TOTAL THIS MO. 102 CLEAR (SCALE 0-3) 12
DPTR FM NORMAL -67 PTCLDY (SCALE 4-7) 14
TOTAL FM JUL 1 5269 CLOUDY (SCALE 8-10) 5
DPTR FM NORMAL -476
[CDD (BASE 65) ]
TOTAL THIS MO. 112
DPTR FM NORMAL 47 [PRESSURE DATA]
TOTAL FM JAN 1 124 HIGHEST SLP M ON M
DPTR FM NORMAL 49 LOWEST SLP 29.55 ON 20
[REMARKS]
#FINAL-05-22#