000
CXUS51 KCTP 010800
CF6AOO
PRELIMINARY LOCAL CLIMATOLOGICAL DATA (WS FORM: F-6)
STATION: ALTOONA
MONTH: OCTOBER
YEAR: 2023
LATITUDE: 40 17 N
LONGITUDE: 78 19 W
TEMPERATURE IN F: :PCPN: SNOW: WIND :SUNSHINE: SKY :PK WND
================================================================================
1 2 3 4 5 6A 6B 7 8 9 10 11 12 13 14 15 16 17 18
12Z AVG MX 2MIN
DY MAX MIN AVG DEP HDD CDD WTR SNW DPTH SPD SPD DIR MIN PSBL S-S WX SPD DR
================================================================================
1 78 50 64 6 1 0 0.00 M M 2.6 10 350 M M 3 12 15 20
2 78 50 64 6 1 0 0.00 M M 1.2 9 350 M M 3 12 12 20
3 81 51 66 8 0 1 0.00 M M 1.6 8 80 M M 2 128 11 60
4 81 51 66 9 0 1 0.00 M M 2.0 10 170 M M 3 128 15 160
5 75 49 62 5 3 0 0.00 M M 4.6 14 150 M M 1 1 19 170
6 70 60 65 9 0 0 0.20 M M 3.3 9 170 M M 7 1 13 170
7 60 47 54 -2 11 0 0.07 M M 9.5 21 310 M M 7 1 28 310
8 56 41 49 -7 16 0 0.00 M M 10.9 24 290 M M 6 33 280
9 60 37 49 -6 16 0 0.00 M M 6.5 15 260 M M 7 23 260
10 64 41 53 -2 12 0 0.00 M M 5.9 14 260 M M 8 23 260
11 68 39 54 -1 11 0 0.00 M M 4.7 13 270 M M 1 17 290
12 71 38 55 1 10 0 T M M 2.3 13 10 M M 8 19 20
13 64 41 53 -1 12 0 0.00 M M 2.2 9 350 M M 1 18 13 360
14 50 44 47 -7 18 0 0.91 M M 5.6 15 10 M M 10 1 23 10
15 56 44 50 -3 15 0 0.05 M M 8.3 18 330 M M 9 26 300
16 56 40 48 -5 17 0 0.01 M M 6.8 14 310 M M 10 1 19 300
17 53 47 50 -3 15 0 T M M 4.3 10 300 M M 10 8 16 320
18 54 38 46 -6 19 0 0.00 M M 0.7 6 110 M M 9 9 290
19 63 34 49 -3 16 0 T M M 2.9 12 170 M M 2 12 16 170
20 56 51 54 2 11 0 0.26 M M 4.0 13 170 M M 10 1 18 180
21 55 47 51 0 14 0 0.03 M M 9.1 20 300 M M 9 18 31 280
22 55 39 47 -4 18 0 0.01 M M 11.8 25 310 M M 6 36 320
23 62 35 49 -1 16 0 0.00 M M 4.2 16 330 M M 2 24 330
24 74 34 54 4 11 0 0.00 M M 2.5 8 170 M M 0 12 170
25 80 40 60 10 5 0 0.00 M M 2.9 8 220 M M 0 15 210
26 79 43 61 11 4 0 0.00 M M 3.6 10 200 M M 0 17 220
27 77 51 64 15 1 0 T M M 4.6 13 260 M M 5 23 260
28 74 59 67 18 0 2 0.04 M M 6.5 14 260 M M 9 1 21 270
29 59 52 56 8 9 0 0.71 M M 1.7 12 80 M M 10 1 18 70
30 57 40 49 1 16 0 0.14 M M 6.6 20 310 M M 10 1 27 330
31 46 30 38 -10 27 0 0.00 M M 1.7 10 320 M M 6 18 320
================================================================================
SM 2012 1363 325 4 2.43 M 145.1 M 174
================================================================================
AV 64.9 44.0 4.7 FASTST M M 6 MAX(MPH)
MISC ----> 25 310 36 320
================================================================================
NOTES:
# LAST OF SEVERAL OCCURRENCES
COLUMN 17 PEAK WIND IN M.P.H.
PRELIMINARY LOCAL CLIMATOLOGICAL DATA (WS FORM: F-6) , PAGE 2
STATION: ALTOONA
MONTH: OCTOBER
YEAR: 2023
LATITUDE: 40 17 N
LONGITUDE: 78 19 W
[TEMPERATURE DATA] [PRECIPITATION DATA] SYMBOLS USED IN COLUMN 16
AVERAGE MONTHLY: 54.4 TOTAL FOR MONTH: 2.43 1 = FOG OR MIST
DPTR FM NORMAL: 1.4 DPTR FM NORMAL: -0.49 2 = FOG REDUCING VISIBILITY
HIGHEST: 81 ON 4, 3 GRTST 24HR 0.94 ON 14-15 TO 1/4 MILE OR LESS
LOWEST: 30 ON 31 3 = THUNDER
SNOW, ICE PELLETS, HAIL 4 = ICE PELLETS
TOTAL MONTH: M 5 = HAIL
GRTST 24HR M ON M 6 = FREEZING RAIN OR DRIZZLE
GRTST DEPTH: M ON M 7 = DUSTSTORM OR SANDSTORM:
VSBY 1/2 MILE OR LESS
8 = SMOKE OR HAZE
[NO. OF DAYS WITH] [WEATHER - DAYS WITH] 9 = BLOWING SNOW
X = TORNADO
MAX 32 OR BELOW: 0 0.01 INCH OR MORE: 11
MAX 90 OR ABOVE: 0 0.10 INCH OR MORE: 5
MIN 32 OR BELOW: 1 0.50 INCH OR MORE: 2
MIN 0 OR BELOW: 0 1.00 INCH OR MORE: 0
[HDD (BASE 65) ]
TOTAL THIS MO. 325 CLEAR (SCALE 0-3) 11
DPTR FM NORMAL -58 PTCLDY (SCALE 4-7) 9
TOTAL FM JUL 1 447 CLOUDY (SCALE 8-10) 11
DPTR FM NORMAL -60
[CDD (BASE 65) ]
TOTAL THIS MO. 4
DPTR FM NORMAL -6 [PRESSURE DATA]
TOTAL FM JAN 1 599 HIGHEST SLP 30.38 ON 24
DPTR FM NORMAL -93 LOWEST SLP 29.46 ON 21
[REMARKS]
#FINAL-10-23#