000
CXUS52 KMFL 281527
CF6APF
PRELIMINARY LOCAL CLIMATOLOGICAL DATA (WS FORM: F-6)
STATION: NAPLES
MONTH: OCTOBER
YEAR: 2022
LATITUDE: 26 8 N
LONGITUDE: 81 46 W
TEMPERATURE IN F: :PCPN: SNOW: WIND :SUNSHINE: SKY :PK WND
================================================================================
1 2 3 4 5 6A 6B 7 8 9 10 11 12 13 14 15 16 17 18
12Z AVG MX 2MIN
DY MAX MIN AVG DEP HDD CDD WTR SNW DPTH SPD SPD DIR MIN PSBL S-S WX SPD DR
================================================================================
1 M M M M M M 0.00 0.0 0 4.6 5 40 M M 0 5 40
2 85 74 80 -1 0 15 0.00 0.0 0 7.5 9 10 M M 0 9 10
3 82 68 75 -6 0 10 0.00 0.0 0 10.4 13 330 M M 0 13 330
4 83 68 76 -5 0 11 0.00 0.0 0 M M M M M M M M
5 87 67 77 -3 0 12 0.00 0.0 0 M M M M M 0 M M
6 88 70 79 -1 0 14 0.00 0.0 0 M M M M M M M M
7 86 70 78 -2 0 13 0.00 0.0 0 5.8 6 70 M M 0 6 70
8 85 69 77 -3 0 12 0.00 0.0 0 8.6 9 60 M M 0 9 60
9 88 74 81 1 0 16 0.94 0.0 0 11.9 16 70 M M 2 M M
10 88 74 81 1 0 16 0.00 0.0 0 M M M M M M M M
11 91 75 83 3 0 18 0.55 0.0 0 M 12 140 M M 0 3 12 140
12 88 72 80 1 0 15 0.10 0.0 0 6.7 10 140 M M 0 3 10 140
13 84 73 79 0 0 14 0.08 0.0 0 4.8 7 340 M M 0 3 7 340
14 87 73 80 1 0 15 0.00 0.0 0 5.3 10 60 M M 1 10 60
15 89 72 81 2 0 16 2.00 0.0 0 9.9 17 200 M M 1 13 17 200
16 90 71 81 2 0 16 0.88 0.0 0 7.3 13 70 M M 1 3 13 70
17 85 72 79 1 0 14 0.06 0.0 0 M M M M M M M M
18 83 74 79 1 0 14 0.05 0.0 0 M M M M M M 2 M M
19 73 59 66 -12 0 1 T 0.0 0 7.2 14 10 M M 5 18 360
20 73 57 65 -13 0 0 0.00 0.0 0 8.9 20 300 M M 6 25 330
21 79 63 71 -7 0 6 0.00 0.0 0 7.8 15 10 M M 5 20 10
22 82 63 73 -4 0 8 0.00 0.0 0 7.2 14 300 M M 0 18 30
23 86 65 76 -1 0 11 0.00 0.0 0 8.0 16 70 M M 1 25 70
24 87 66 77 0 0 12 0.00 0.0 0 6.3 14 70 M M 1 8 19 50
25 86 68 77 0 0 12 0.00 M M 5.1 13 250 M M 2 15 250
26 82 66 74 -3 0 9 0.00 0.0 0 3.6 10 250 M M 0 14 220
27 84 69 77 1 0 12 0.00 M M 3.8 13 220 M M 1 15 240
28 88 69 79 3 0 14 0.00 0.0 0 5.5 14 50 M M 1 20 50
29 88 69 79 3 0 14 0.00 0.0 0 7.9 20 80 M M 2 26 80
30 88 70 79 3 0 14 0.00 0.0 0 6.4 14 80 M M 0 19 40
31 88 72 80 5 0 15 0.00 0.0 0 6.2 13 90 M M 5 16 80
================================================================================
SM 2553 2072 0 369 4.66 0.0 166.7 M 34
================================================================================
AV 85.1 69.1 6.9 FASTST M M 1 MAX(MPH)
MISC ----> # 20 300 26 80
================================================================================
NOTES:
# LAST OF SEVERAL OCCURRENCES
COLUMN 17 PEAK WIND IN M.P.H.
PRELIMINARY LOCAL CLIMATOLOGICAL DATA (WS FORM: F-6) , PAGE 2
STATION: NAPLES
MONTH: OCTOBER
YEAR: 2022
LATITUDE: 26 8 N
LONGITUDE: 81 46 W
[TEMPERATURE DATA] [PRECIPITATION DATA] SYMBOLS USED IN COLUMN 16
AVERAGE MONTHLY: 77.1 TOTAL FOR MONTH: 4.66 1 = FOG OR MIST
DPTR FM NORMAL: -1.4 DPTR FM NORMAL: 0.73 2 = FOG REDUCING VISIBILITY
HIGHEST: 91 ON 11 GRTST 24HR 2.00 ON 15-15 TO 1/4 MILE OR LESS
LOWEST: 57 ON 20 3 = THUNDER
SNOW, ICE PELLETS, HAIL 4 = ICE PELLETS
TOTAL MONTH: 0.0 INCH 5 = HAIL
GRTST 24HR 0.0 6 = FREEZING RAIN OR DRIZZLE
GRTST DEPTH: 0 7 = DUSTSTORM OR SANDSTORM:
VSBY 1/2 MILE OR LESS
8 = SMOKE OR HAZE
[NO. OF DAYS WITH] [WEATHER - DAYS WITH] 9 = BLOWING SNOW
X = TORNADO
MAX 32 OR BELOW: 0 0.01 INCH OR MORE: 8
MAX 90 OR ABOVE: 2 0.10 INCH OR MORE: 5
MIN 32 OR BELOW: 0 0.50 INCH OR MORE: 4
MIN 0 OR BELOW: 0 1.00 INCH OR MORE: 1
[HDD (BASE 65) ]
TOTAL THIS MO. 0 CLEAR (SCALE 0-3) 22
DPTR FM NORMAL -1 PTCLDY (SCALE 4-7) 4
TOTAL FM JUL 1 0 CLOUDY (SCALE 8-10) 5
DPTR FM NORMAL 0
[CDD (BASE 65) ]
TOTAL THIS MO. 369
DPTR FM NORMAL -50 [PRESSURE DATA]
TOTAL FM JAN 1 4056 HIGHEST SLP 30.12 ON 11
DPTR FM NORMAL 350 LOWEST SLP 29.79 ON 18
[REMARKS]
#FINAL-10-22#