000
CXUS53 KAPX 010730
CF6APX
PRELIMINARY LOCAL CLIMATOLOGICAL DATA (WS FORM: F-6)
STATION: GAYLORD WFO
MONTH: JULY
YEAR: 2022
LATITUDE: 45 4 N
LONGITUDE: 84 43 W
TEMPERATURE IN F: :PCPN: SNOW: WIND :SUNSHINE: SKY :PK WND
================================================================================
1 2 3 4 5 6A 6B 7 8 9 10 11 12 13 14 15 16 17 18
12Z AVG MX 2MIN
DY MAX MIN AVG DEP HDD CDD WTR SNW DPTH SPD SPD DIR MIN PSBL S-S WX SPD DR
================================================================================
1 73 56 65 -1 0 0 0.18 0.0 0 M M M M M M 3 M M
2 72 51 62 -4 3 0 0.00 0.0 0 M M M M M M M M
3 76 47 62 -4 3 0 0.00 0.0 0 M M M M M M M M
4 82 56 69 2 0 4 0.26 0.0 0 M M M M M M M M
5 76 64 70 3 0 5 0.47 0.0 0 M M M M M M M M
6 72 57 65 -2 0 0 T 0.0 0 M M M M M M M M
7 79 55 67 0 0 2 0.00 0.0 0 M M M M M M M M
8 73 55 64 -3 1 0 0.00 0.0 0 M M M M M M M M
9 77 53 65 -2 0 0 0.00 0.0 0 M M M M M M M M
10 83 54 69 2 0 4 0.00 0.0 0 M M M M M M M M
11 75 59 67 0 0 2 0.69 0.0 0 M M M M M M 3 M M
12 68 55 62 -5 3 0 0.18 0.0 0 M M M M M M M M
13 74 55 65 -2 0 0 T 0.0 0 M M M M M M M M
14 76 49 63 -4 2 0 0.00 0.0 0 M M M M M M M M
15 75 54 65 -2 0 0 0.00 0.0 0 M M M M M M M M
16 77 53 65 -2 0 0 0.00 0.0 0 M M M M M M M M
17 81 59 70 3 0 5 0.00 0.0 0 M M M M M M M M
18 85 57 71 4 0 6 0.00 0.0 0 M M M M M M M M
19 87 68 78 11 0 13 T 0.0 0 M M M M M M M M
20 83 65 74 7 0 9 0.08 0.0 0 M M M M M M M M
21 81 61 71 4 0 6 0.03 0.0 0 M M M M M M M M
22 87 57 72 5 0 7 0.54 0.0 0 M M M M M M 3 M M
23 88 63 76 9 0 11 0.04 0.0 0 M M M M M M M M
24 75 58 67 0 0 2 0.14 0.0 0 M M M M M M M M
25 66 51 59 -8 6 0 0.00 0.0 0 M M M M M M M M
26 77 53 65 -2 0 0 0.00 0.0 0 M M M M M M M M
27 80 56 68 1 0 3 0.00 0.0 0 M M M M M M M M
28 70 57 64 -3 1 0 0.00 0.0 0 M M M M M M M M
29 71 53 62 -5 3 0 T 0.0 0 M M M M M M M M
30 79 53 66 -1 0 1 0.00 0.0 0 M M M M M M M M
31 83 57 70 3 0 5 0.00 0.0 0 M M M M M M M M
================================================================================
SM 2401 1741 22 85 2.61 0.0 M M M
================================================================================
AV 77.5 56.2 M FASTST M M M MAX(MPH)
MISC ----> M M M M
================================================================================
NOTES:
# LAST OF SEVERAL OCCURRENCES
COLUMN 17 PEAK WIND IN M.P.H.
PRELIMINARY LOCAL CLIMATOLOGICAL DATA (WS FORM: F-6) , PAGE 2
STATION: GAYLORD WFO
MONTH: JULY
YEAR: 2022
LATITUDE: 45 4 N
LONGITUDE: 84 43 W
[TEMPERATURE DATA] [PRECIPITATION DATA] SYMBOLS USED IN COLUMN 16
AVERAGE MONTHLY: 66.8 TOTAL FOR MONTH: 2.61 1 = FOG OR MIST
DPTR FM NORMAL: -0.3 DPTR FM NORMAL: -0.25 2 = FOG REDUCING VISIBILITY
HIGHEST: 88 ON 23 GRTST 24HR 0.69 ON 11-11 TO 1/4 MILE OR LESS
LOWEST: 47 ON 3 3 = THUNDER
SNOW, ICE PELLETS, HAIL 4 = ICE PELLETS
TOTAL MONTH: 0.0 INCH 5 = HAIL
GRTST 24HR 0.0 6 = FREEZING RAIN OR DRIZZLE
GRTST DEPTH: 0 7 = DUSTSTORM OR SANDSTORM:
VSBY 1/2 MILE OR LESS
8 = SMOKE OR HAZE
[NO. OF DAYS WITH] [WEATHER - DAYS WITH] 9 = BLOWING SNOW
X = TORNADO
MAX 32 OR BELOW: 0 0.01 INCH OR MORE: 10
MAX 90 OR ABOVE: 0 0.10 INCH OR MORE: 7
MIN 32 OR BELOW: 0 0.50 INCH OR MORE: 2
MIN 0 OR BELOW: 0 1.00 INCH OR MORE: 0
[HDD (BASE 65) ]
TOTAL THIS MO. 22 CLEAR (SCALE 0-3) 0
DPTR FM NORMAL -28 PTCLDY (SCALE 4-7) 0
TOTAL FM JUL 1 22 CLOUDY (SCALE 8-10) 31
DPTR FM NORMAL -30
[CDD (BASE 65) ]
TOTAL THIS MO. 85
DPTR FM NORMAL -30 [PRESSURE DATA]
TOTAL FM JAN 1 231 HIGHEST SLP M ON M
DPTR FM NORMAL 30 LOWEST SLP M ON M
[REMARKS]
#FINAL-07-22#