000
CXUS53 KAPX 010631
CF6APX
PRELIMINARY LOCAL CLIMATOLOGICAL DATA (WS FORM: F-6)
STATION: GAYLORD WFO
MONTH: JUNE
YEAR: 2020
LATITUDE: 45 4 N
LONGITUDE: 84 43 W
TEMPERATURE IN F: :PCPN: SNOW: WIND :SUNSHINE: SKY :PK WND
================================================================================
1 2 3 4 5 6A 6B 7 8 9 10 11 12 13 14 15 16 17 18
12Z AVG MX 2MIN
DY MAX MIN AVG DEP HDD CDD WTR SNW DPTH SPD SPD DIR MIN PSBL S-S WX SPD DR
================================================================================
1 73 46 60 2 5 0 0.21 0.0 0 M M M M M M M M
2 87 54 71 13 0 6 T 0.0 0 M M M M M M M M
3 77 57 67 8 0 2 0.00 0.0 0 M M M M M M M M
4 80 51 66 7 0 1 0.00 0.0 0 M M M M M M M M
5 75 54 65 6 0 0 0.01 0.0 0 M M M M M M M M
6 65 47 56 -4 9 0 0.02 0.0 0 M M M M M M M M
7 68 44 56 -4 9 0 0.00 0.0 0 M M M M M M M M
8 85 49 67 7 0 2 0.00 0.0 0 M M M M M M M M
9 90 63 77 17 0 12 0.03 0.0 0 M M M M M M M M
10 81 51 66 5 0 1 1.22 0.0 0 M M M M M M 13 M M
11 68 43 56 -5 9 0 0.09 0.0 0 M M M M M M 13 M M
12 58 39 49 -12 16 0 0.00 0.0 0 M M M M M M M M
13 63 39 51 -11 14 0 0.00 0.0 0 M M M M M M M M
14 68 43 56 -6 9 0 0.00 0.0 0 M M M M M M M M
15 73 43 58 -4 7 0 0.00 0.0 0 M M M M M M M M
16 80 55 68 6 0 3 0.00 0.0 0 M M M M M M M M
17 85 56 71 8 0 6 0.00 0.0 0 M M M M M M M M
18 85 56 71 8 0 6 0.00 0.0 0 M M M M M M M M
19 85 59 72 9 0 7 0.00 0.0 0 M M M M M M M M
20 88 58 73 9 0 8 0.04 0.0 0 M M M M M M M M
21 77 59 68 4 0 3 0.10 0.0 0 M M M M M M M M
22 76 57 67 3 0 2 0.14 0.0 0 M M M M M M 13 M M
23 68 53 61 -3 4 0 1.29 0.0 0 M M M M M M 123 M M
24 67 50 59 -5 6 0 0.03 0.0 0 M M M M M M M M
25 75 51 63 -2 2 0 0.00 0.0 0 M M M M M M M M
26 82 58 70 5 0 5 0.00 0.0 0 M M M M M M M M
27 77 61 69 4 0 4 0.00 0.0 0 M M M M M M M M
28 82 55 69 4 0 4 0.00 0.0 0 M M M M M M M M
29 85 63 74 9 0 9 0.00 0.0 0 M M M M M M M M
30 86 62 74 9 0 9 0.00 0.0 0 M M M M M M M M
================================================================================
SM 2309 1576 90 90 3.18 0.0 M M M
================================================================================
AV 77.0 52.5 M FASTST M M 2 MAX(MPH)
MISC ----> M M M M
================================================================================
NOTES:
# LAST OF SEVERAL OCCURRENCES
COLUMN 17 PEAK WIND IN M.P.H.
PRELIMINARY LOCAL CLIMATOLOGICAL DATA (WS FORM: F-6) , PAGE 2
STATION: GAYLORD WFO
MONTH: JUNE
YEAR: 2020
LATITUDE: 45 4 N
LONGITUDE: 84 43 W
[TEMPERATURE DATA] [PRECIPITATION DATA] SYMBOLS USED IN COLUMN 16
AVERAGE MONTHLY: 64.8 TOTAL FOR MONTH: 3.18 1 = FOG OR MIST
DPTR FM NORMAL: 2.7 DPTR FM NORMAL: -0.20 2 = FOG REDUCING VISIBILITY
HIGHEST: 90 ON 9 GRTST 24HR 1.29 ON 23-23 TO 1/4 MILE OR LESS
LOWEST: 39 ON 13,12 3 = THUNDER
SNOW, ICE PELLETS, HAIL 4 = ICE PELLETS
TOTAL MONTH: 0.0 INCH 5 = HAIL
GRTST 24HR 0.0 6 = FREEZING RAIN OR DRIZZLE
GRTST DEPTH: 0 7 = DUSTSTORM OR SANDSTORM:
VSBY 1/2 MILE OR LESS
8 = SMOKE OR HAZE
[NO. OF DAYS WITH] [WEATHER - DAYS WITH] 9 = BLOWING SNOW
X = TORNADO
MAX 32 OR BELOW: 0 0.01 INCH OR MORE: 11
MAX 90 OR ABOVE: 1 0.10 INCH OR MORE: 5
MIN 32 OR BELOW: 0 0.50 INCH OR MORE: 2
MIN 0 OR BELOW: 0 1.00 INCH OR MORE: 2
[HDD (BASE 65) ]
TOTAL THIS MO. 90 CLEAR (SCALE 0-3) 0
DPTR FM NORMAL -55 PTCLDY (SCALE 4-7) 0
TOTAL FM JUL 1 7904 CLOUDY (SCALE 8-10) 0
DPTR FM NORMAL -553
[CDD (BASE 65) ]
TOTAL THIS MO. 90
DPTR FM NORMAL 32 [PRESSURE DATA]
TOTAL FM JAN 1 126 HIGHEST SLP M ON M
DPTR FM NORMAL 55 LOWEST SLP M ON M
[REMARKS]
#FINAL-06-20#
#FINAL-06-20#