000
CXUS54 KHGX 011410
CF6ARM
PRELIMINARY LOCAL CLIMATOLOGICAL DATA (WS FORM: F-6)
STATION: Wharton
MONTH: JULY
YEAR: 2022
LATITUDE: 29 15 N
LONGITUDE: 96 9 W
TEMPERATURE IN F: :PCPN: SNOW: WIND :SUNSHINE: SKY :PK WND
================================================================================
1 2 3 4 5 6A 6B 7 8 9 10 11 12 13 14 15 16 17 18
12Z AVG MX 2MIN
DY MAX MIN AVG DEP HDD CDD WTR SNW DPTH SPD SPD DIR MIN PSBL S-S WX SPD DR
================================================================================
1 88 76 82 M 0 17 0.03 0.0 0 4.1 8 160 M M 6 M M
2 96 74 85 M 0 20 0.00 0.0 0 8.1 15 170 M M 3 1 24 170
3 97 74 86 M 0 21 M 0.0 0 6.9 14 160 M M 2 1 22 170
4 96 74 85 M 0 20 M 0.0 M 7.1 14 160 M M 1 1 18 200
5 96 74 85 M 0 20 0.00 0.0 0 7.6 14 160 M M 1 1 20 170
6 97 73 85 M 0 20 0.00 0.0 0 6.7 15 180 M M 1 1 18 160
7 98 74 86 M 0 21 0.00 0.0 0 6.6 14 170 M M 2 17 180
8 99 73 86 M 0 21 0.00 0.0 0 5.8 14 190 M M 1 1 18 180
9 100 74 87 M 0 22 0.00 0.0 0 5.9 14 190 M M 2 10 240
10 102 77 90 M 0 25 0.00 0.0 0 8.2 16 190 M M 1 24 260
11 99 79 89 M 0 24 0.17 0.0 0 8.5 13 180 M M 3 3 18 210
12 101 78 90 M 0 25 M 0.0 0 6.2 23 140 M M 3 28 140
13 100 75 88 M 0 23 0.27 0.0 0 3.7 8 140 M M 2 13 25 180
14 97 75 86 M 0 21 M 0.0 0 3.6 13 120 M M 1 3 23 90
15 88 74 81 M 0 16 0.45 0.0 0 6.3 17 170 M M 5 22 190
16 96 73 85 M 0 20 M 0.0 0 6.1 15 170 M M 1 18 190
17 97 71 84 M 0 19 M 0.0 0 5.3 12 190 M M 3 12 18 180
18 97 74 86 M 0 21 M 0.0 M 7.6 14 180 M M 1 18 180
19 96 74 85 M 0 20 0.00 0.0 0 10.0 17 170 M M 3 23 180
20 97 77 87 M 0 22 0.00 0.0 0 10.2 18 180 M M 2 24 190
21 98 74 86 M 0 21 0.00 0.0 0 6.8 15 170 M M 2 1 23 190
22 99 73 86 M 0 21 0.00 0.0 0 5.8 14 190 M M 1 1 20 170
23 97 74 86 M 0 21 0.00 0.0 0 6.5 15 170 M M 1 3 25 170
24 99 75 87 M 0 22 0.00 0.0 0 7.3 17 160 M M 2 24 180
25 98 74 86 M 0 21 0.00 0.0 0 6.7 17 150 M M 2 23 140
26 98 74 86 M 0 21 0.01 0.0 0 5.9 16 140 M M 2 24 150
27 96 74 85 M 0 20 0.00 0.0 0 6.9 16 180 M M 2 22 180
28 98 73 86 M 0 21 0.00 0.0 0 7.1 16 160 M M 1 24 210
29 98 75 87 M 0 22 0.00 0.0 0 8.2 18 180 M M 2 22 180
30 95 74 85 M 0 20 0.18 0.0 0 5.8 13 220 M M 3 3 23 200
31 100 73 87 M 0 22 0.00 0.0 0 5.9 17 140 M M 2 25 140
================================================================================
SM 3013 2306 0 650 1.11 0.0 207.4 M 64
================================================================================
AV 97.2 74.4 6.7 FASTST M M 2 MAX(MPH)
MISC ----> 23 140 28 140
================================================================================
NOTES:
# LAST OF SEVERAL OCCURRENCES
COLUMN 17 PEAK WIND IN M.P.H.
PRELIMINARY LOCAL CLIMATOLOGICAL DATA (WS FORM: F-6) , PAGE 2
STATION: Wharton
MONTH: JULY
YEAR: 2022
LATITUDE: 29 15 N
LONGITUDE: 96 9 W
[TEMPERATURE DATA] [PRECIPITATION DATA] SYMBOLS USED IN COLUMN 16
AVERAGE MONTHLY: 85.8 TOTAL FOR MONTH: 1.11 1 = FOG OR MIST
DPTR FM NORMAL: 0.0 DPTR FM NORMAL: M 2 = FOG REDUCING VISIBILITY
HIGHEST: 102 ON 10 GRTST 24HR 0.45 ON 15-15 TO 1/4 MILE OR LESS
LOWEST: 71 ON 17 3 = THUNDER
SNOW, ICE PELLETS, HAIL 4 = ICE PELLETS
TOTAL MONTH: 0.0 INCH 5 = HAIL
GRTST 24HR 0.0 6 = FREEZING RAIN OR DRIZZLE
GRTST DEPTH: 0 7 = DUSTSTORM OR SANDSTORM:
VSBY 1/2 MILE OR LESS
8 = SMOKE OR HAZE
[NO. OF DAYS WITH] [WEATHER - DAYS WITH] 9 = BLOWING SNOW
X = TORNADO
MAX 32 OR BELOW: 0 0.01 INCH OR MORE: 6
MAX 90 OR ABOVE: 29 0.10 INCH OR MORE: 4
MIN 32 OR BELOW: 0 0.50 INCH OR MORE: 0
MIN 0 OR BELOW: 0 1.00 INCH OR MORE: 0
[HDD (BASE 65) ]
TOTAL THIS MO. 0 CLEAR (SCALE 0-3) 28
DPTR FM NORMAL M PTCLDY (SCALE 4-7) 3
TOTAL FM JUL 1 0 CLOUDY (SCALE 8-10) 0
DPTR FM NORMAL M
[CDD (BASE 65) ]
TOTAL THIS MO. 650
DPTR FM NORMAL M [PRESSURE DATA]
TOTAL FM JAN 1 1999 HIGHEST SLP M ON M
DPTR FM NORMAL M LOWEST SLP M ON M
[REMARKS]
#FINAL-07-22#