000
CXUS51 KBUF 011442
CF6ART
PRELIMINARY LOCAL CLIMATOLOGICAL DATA (WS FORM: F-6)
STATION: WATERTOWN NY
MONTH: FEBRUARY
YEAR: 2022
LATITUDE: 43 59 N
LONGITUDE: 76 2 W
TEMPERATURE IN F: :PCPN: SNOW: WIND :SUNSHINE: SKY :PK WND
================================================================================
1 2 3 4 5 6A 6B 7 8 9 10 11 12 13 14 15 16 17 18
12Z AVG MX 2MIN
DY MAX MIN AVG DEP HDD CDD WTR SNW DPTH SPD SPD DIR MIN PSBL S-S WX SPD DR
================================================================================
1 38 -3 18 -1 47 0 0.00 M M 9.9 21 160 M M 0 30 160
2 45 33 39 20 26 0 0.02 M M 10.8 23 170 M M 6 37 170
3 38 15 27 8 38 0 0.11 M M 13.5 23 30 M M 10 18 29 40
4 15 8 12 -7 53 0 0.60 M M 12.4 23 50 M M 10 189 31 40
5 11 -16 -2 -21 67 0 0.18 M M 3.6 13 350 M M 4 18 15 330
6 31 -13 9 -10 56 0 0.00 M M 8.2 20 210 M M 2 28 220
7 39 17 28 9 37 0 0.00 M M 7.2 15 170 M M 1 25 170
8 33 10 22 2 43 0 T M M 7.3 18 260 M M 9 18 25 260
9 45 16 31 11 34 0 T M M 6.0 15 160 M M 5 21 140
10 45 33 39 19 26 0 0.03 M M 12.0 22 230 M M 10 1 32 230
11 49 32 41 21 24 0 0.30 M M 11.4 29 210 M M 8 1 40 210
12 40 9 25 5 40 0 0.07 M M 15.9 30 260 M M 8 1 43 230
13 15 1 8 -12 57 0 T M M 7.5 15 30 M M 5 17 30
14 11 -7 2 -19 63 0 0.00 M M 4.4 15 270 M M 2 18 280
15 25 -1 12 -9 53 0 T M M 5.6 16 290 M M 3 8 21 260
16 49 11 30 9 35 0 T M M 14.6 28 190 M M 5 45 190
17 51 31 41 20 24 0 0.98 M M 12.3 23 20 M M 10 16 38 180
18 31 1 16 -6 49 0 0.21 M M 9.9 28 340 M M 8 1268 34 340
19 29 9 19 -3 46 0 0.04 M M 18.1 37 260 M M 6 1289 48 260
20 42 -4 19 -3 46 0 0.00 M M 10.9 24 220 M M 4 39 170
21 44 30 37 15 28 0 0.00 M M 9.4 18 50 M M 9 32 160
22 52 26 39 16 26 0 0.36 M M 10.2 20 220 M M 8 1 32 200
23 54 14 34 11 31 0 T M M 15.3 30 280 M M 8 1 42 280
24 23 8 16 -7 49 0 0.00 M M 9.0 17 50 M M 0 22 50
25 15 -7 4 -20 61 0 0.03 M M 10.8 25 50 M M 9 128 31 50
26 29 -10 10 -14 55 0 0.59 M M 9.8 26 230 M M 8 128 36 220
27 33 15 24 0 41 0 0.01 M M 16.1 33 270 M M 9 128 44 260
28 15 -14 1 -23 64 0 T M M 3.8 14 360 M M 1 19 10
================================================================================
SM 947 244 1219 0 3.53 M 285.9 M 168
================================================================================
AV 33.8 8.7 10.2 FASTST M M 6 MAX(MPH)
MISC ----> 37 260 48 260
================================================================================
NOTES:
# LAST OF SEVERAL OCCURRENCES
COLUMN 17 PEAK WIND IN M.P.H.
PRELIMINARY LOCAL CLIMATOLOGICAL DATA (WS FORM: F-6) , PAGE 2
STATION: WATERTOWN NY
MONTH: FEBRUARY
YEAR: 2022
LATITUDE: 43 59 N
LONGITUDE: 76 2 W
[TEMPERATURE DATA] [PRECIPITATION DATA] SYMBOLS USED IN COLUMN 16
AVERAGE MONTHLY: 21.3 TOTAL FOR MONTH: 3.53 1 = FOG OR MIST
DPTR FM NORMAL: 0.2 DPTR FM NORMAL: 1.35 2 = FOG REDUCING VISIBILITY
HIGHEST: 54 ON 23 GRTST 24HR 1.19 ON 17-18 TO 1/4 MILE OR LESS
LOWEST: -16 ON 5 3 = THUNDER
SNOW, ICE PELLETS, HAIL 4 = ICE PELLETS
TOTAL MONTH: M 5 = HAIL
GRTST 24HR M ON M 6 = FREEZING RAIN OR DRIZZLE
GRTST DEPTH: M ON M 7 = DUSTSTORM OR SANDSTORM:
VSBY 1/2 MILE OR LESS
8 = SMOKE OR HAZE
[NO. OF DAYS WITH] [WEATHER - DAYS WITH] 9 = BLOWING SNOW
X = TORNADO
MAX 32 OR BELOW: 12 0.01 INCH OR MORE: 14
MAX 90 OR ABOVE: 0 0.10 INCH OR MORE: 8
MIN 32 OR BELOW: 26 0.50 INCH OR MORE: 3
MIN 0 OR BELOW: 9 1.00 INCH OR MORE: 0
[HDD (BASE 65) ]
TOTAL THIS MO. 1219 CLEAR (SCALE 0-3) 7
DPTR FM NORMAL -11 PTCLDY (SCALE 4-7) 10
TOTAL FM JUL 1 5086 CLOUDY (SCALE 8-10) 11
DPTR FM NORMAL -279
[CDD (BASE 65) ]
TOTAL THIS MO. 0
DPTR FM NORMAL 0 [PRESSURE DATA]
TOTAL FM JAN 1 0 HIGHEST SLP 30.66 ON 24
DPTR FM NORMAL 0 LOWEST SLP 29.37 ON 18
[REMARKS]
#FINAL-02-22#