000
CXUS53 KARX 010900
CF6ARX
PRELIMINARY LOCAL CLIMATOLOGICAL DATA (WS FORM: F-6)
STATION: LA CROSSE WEATHER OFFICE WI
MONTH: APRIL
YEAR: 2023
LATITUDE: 43 49 N
LONGITUDE: 91 12 W
TEMPERATURE IN F: :PCPN: SNOW: WIND :SUNSHINE: SKY :PK WND
================================================================================
1 2 3 4 5 6A 6B 7 8 9 10 11 12 13 14 15 16 17 18
12Z AVG MX 2MIN
DY MAX MIN AVG DEP HDD CDD WTR SNW DPTH SPD SPD DIR MIN PSBL S-S WX SPD DR
================================================================================
1 40 28 34 -6 31 0 0.03 0.4 T M M M M M M M M
2 59 29 44 4 21 0 0.00 0.0 0 M M M M M M M M
3 55 37 46 6 19 0 0.00 0.0 0 M M M M M M M M
4 48 33 41 0 24 0 0.20 0.0 0 M M M M M M 123 29 M
5 55 26 41 0 24 0 T 0.0 0 M M M M M M 32 M
6 44 22 33 -9 32 0 0.00 0.0 0 M M M M M M 31 M
7 54 28 41 -1 24 0 0.00 0.0 0 M M M M M M 23 M
8 65 31 48 6 17 0 0.00 0.0 0 M M M M M M 20 M
9 69 47 58 15 7 0 0.00 0.0 0 M M M M M M 24 M
10 73 52 63 20 2 0 T 0.0 0 M M M M M M 24 M
11 78 54 66 22 0 1 0.00 0.0 0 M M M M M M 27 M
12 84 57 71 27 0 6 0.00 0.0 0 M M M M M M 35 M
13 81 59 70 25 0 5 0.00 0.0 0 M M M M M M 32 M
14 81 59 70 25 0 5 0.00 0.0 0 M M M M M M M M
15 68 40 54 8 11 0 0.28 0.0 0 M M M M M M M M
16 41 26 34 -12 31 0 0.85 9.7 0 M M M M M M 4 M M
17 37 26 32 -14 33 0 0.21 3.4 13 M M M M M M 31 M
18 49 30 40 -7 25 0 0.00 0.0 10 M M M M M M 29 M
19 44 33 39 -8 26 0 0.82 T 5 M M M M M M 35 41 M
20 52 36 44 -4 21 0 0.58 0.0 T M M M M M M 41 M
21 41 31 36 -12 29 0 0.02 T 0 M M M M M M 31 M
22 39 29 34 -15 31 0 0.06 0.7 1 M M M M M M 31 M
23 42 30 36 -13 29 0 T T 0 M M M M M M 26 M
24 45 30 38 -11 27 0 0.03 T 0 M M M M M M M M
25 49 28 39 -11 26 0 0.00 0.0 0 M M M M M M M M
26 55 30 43 -7 22 0 0.00 0.0 0 M M M M M M M M
27 66 43 55 4 10 0 0.00 0.0 0 M M M M M M 27 M
28 71 42 57 6 8 0 0.10 0.0 0 M M M M M M M M
29 46 38 42 -10 23 0 0.09 0.0 0 M M M M M M M M
30 40 33 37 -15 28 0 0.18 T 0 M M M M M M M M
================================================================================
SM 1671 1087 581 17 3.45 14.2 M M M
================================================================================
AV 55.7 36.2 M FASTST M M M MAX(MPH)
MISC ----> M M # 41 9999
================================================================================
NOTES:
# LAST OF SEVERAL OCCURRENCES
COLUMN 17 PEAK WIND IN M.P.H.
PRELIMINARY LOCAL CLIMATOLOGICAL DATA (WS FORM: F-6) , PAGE 2
STATION: LA CROSSE WEATHER OFFICE WI
MONTH: APRIL
YEAR: 2023
LATITUDE: 43 49 N
LONGITUDE: 91 12 W
[TEMPERATURE DATA] [PRECIPITATION DATA] SYMBOLS USED IN COLUMN 16
AVERAGE MONTHLY: 46.0 TOTAL FOR MONTH: 3.45 1 = FOG OR MIST
DPTR FM NORMAL: 0.3 DPTR FM NORMAL: -0.57 2 = FOG REDUCING VISIBILITY
HIGHEST: 84 ON 12 GRTST 24HR 0.85 ON 16-16 TO 1/4 MILE OR LESS
LOWEST: 22 ON 6 3 = THUNDER
SNOW, ICE PELLETS, HAIL 4 = ICE PELLETS
TOTAL MONTH: 14.2 INCHES 5 = HAIL
GRTST 24HR 9.7 ON 16-16 6 = FREEZING RAIN OR DRIZZLE
GRTST DEPTH: 13 ON 17 7 = DUSTSTORM OR SANDSTORM:
VSBY 1/2 MILE OR LESS
8 = SMOKE OR HAZE
[NO. OF DAYS WITH] [WEATHER - DAYS WITH] 9 = BLOWING SNOW
X = TORNADO
MAX 32 OR BELOW: 0 0.01 INCH OR MORE: 13
MAX 90 OR ABOVE: 0 0.10 INCH OR MORE: 8
MIN 32 OR BELOW: 15 0.50 INCH OR MORE: 3
MIN 0 OR BELOW: 0 1.00 INCH OR MORE: 0
[HDD (BASE 65) ]
TOTAL THIS MO. 581 CLEAR (SCALE 0-3) 0
DPTR FM NORMAL 1 PTCLDY (SCALE 4-7) 0
TOTAL FM JUL 1 7058 CLOUDY (SCALE 8-10) 30
DPTR FM NORMAL -219
[CDD (BASE 65) ]
TOTAL THIS MO. 17
DPTR FM NORMAL 15 [PRESSURE DATA]
TOTAL FM JAN 1 17 HIGHEST SLP M ON M
DPTR FM NORMAL 14 LOWEST SLP M ON M
[REMARKS]
#FINAL-04-23#