000
CXUS53 KARX 011000
CF6ARX
PRELIMINARY LOCAL CLIMATOLOGICAL DATA (WS FORM: F-6)
STATION: LA CROSSE WEATHER OFFICE WI
MONTH: JANUARY
YEAR: 2021
LATITUDE: 43 49 N
LONGITUDE: 91 12 W
TEMPERATURE IN F: :PCPN: SNOW: WIND :SUNSHINE: SKY :PK WND
================================================================================
1 2 3 4 5 6A 6B 7 8 9 10 11 12 13 14 15 16 17 18
12Z AVG MX 2MIN
DY MAX MIN AVG DEP HDD CDD WTR SNW DPTH SPD SPD DIR MIN PSBL S-S WX SPD DR
================================================================================
1 21 13 17 1 48 0 T T 4 M M M M M M 16 M
2 24 13 19 3 46 0 T T 4 M M M M M M 12 12 M
3 23 19 21 5 44 0 T T 4 M M M M M M 12 10 M
4 28 16 22 6 43 0 T T 4 M M M M M M 1 10 M
5 34 21 28 12 37 0 0.00 0.0 4 M M M M M M 1 8 M
6 28 14 21 5 44 0 0.00 0.0 4 M M M M M M 11 M
7 26 20 23 7 42 0 0.00 0.0 3 M M M M M M 1 11 M
8 24 19 22 6 43 0 0.00 0.0 3 M M M M M M 12 M
9 24 15 20 4 45 0 0.00 0.0 3 M M M M M M 12 M
10 21 15 18 2 47 0 T T 3 M M M M M M 11 M
11 34 20 27 11 38 0 0.00 0.0 3 M M M M M M 26 M
12 35 21 28 13 37 0 0.00 0.0 3 M M M M M M 26 M
13 39 29 34 19 31 0 0.00 0.0 3 M M M M M M 19 M
14 34 28 31 16 34 0 0.32 3.9 2 M M M M M M 13 M
15 33 30 32 17 33 0 0.08 0.6 6 M M M M M M 1 16 M
16 32 26 29 14 36 0 0.01 0.3 6 M M M M M M 6 16 M
17 26 22 24 9 41 0 T T 6 M M M M M M 6 14 M
18 23 18 21 6 44 0 T T 6 M M M M M M 18 320
19 21 5 13 -2 52 0 0.07 2.1 6 M M M M M M 22 340
20 35 0 18 3 47 0 0.00 0.0 8 M M M M M M 40 250
21 35 10 23 8 42 0 0.00 0.0 7 M M M M M M 40 310
22 15 1 8 -8 57 0 0.00 0.0 6 M M M M M M 18 M
23 20 3 12 -4 53 0 0.07 0.7 6 M M M M M M 20 M
24 25 14 20 4 45 0 0.11 1.2 8 M M M M M M 21 150
25 19 6 13 -3 52 0 0.00 0.0 8 M M M M M M 21 M
26 21 12 17 1 48 0 0.01 0.1 7 M M M M M M 21 M
27 17 7 12 -4 53 0 0.00 0.0 7 M M M M M M 16 M
28 23 6 15 -1 50 0 0.00 0.0 7 M M M M M M 20 M
29 25 14 20 4 45 0 T T 7 M M M M M M 24 M
30 32 22 27 11 38 0 0.07 0.6 6 M M M M M M 27 M
31 29 24 27 11 38 0 0.16 1.9 8 M M M M M M 27 M
================================================================================
SM 826 483 1353 0 0.90 11.4 M M M
================================================================================
AV 26.6 15.6 M FASTST M M M MAX(MPH)
MISC ----> M M # 40 250
================================================================================
NOTES:
# LAST OF SEVERAL OCCURRENCES
COLUMN 17 PEAK WIND IN M.P.H.
PRELIMINARY LOCAL CLIMATOLOGICAL DATA (WS FORM: F-6) , PAGE 2
STATION: LA CROSSE WEATHER OFFICE WI
MONTH: JANUARY
YEAR: 2021
LATITUDE: 43 49 N
LONGITUDE: 91 12 W
[TEMPERATURE DATA] [PRECIPITATION DATA] SYMBOLS USED IN COLUMN 16
AVERAGE MONTHLY: 21.1 TOTAL FOR MONTH: 0.90 1 = FOG OR MIST
DPTR FM NORMAL: 5.3 DPTR FM NORMAL: -0.12 2 = FOG REDUCING VISIBILITY
HIGHEST: 39 ON 13 GRTST 24HR 0.33 ON 14-15 TO 1/4 MILE OR LESS
LOWEST: 0 ON 20 3 = THUNDER
SNOW, ICE PELLETS, HAIL 4 = ICE PELLETS
TOTAL MONTH: 11.4 INCHES 5 = HAIL
GRTST 24HR 3.9 ON 14-14 6 = FREEZING RAIN OR DRIZZLE
GRTST DEPTH: 8 ON 25,31 7 = DUSTSTORM OR SANDSTORM:
VSBY 1/2 MILE OR LESS
8 = SMOKE OR HAZE
[NO. OF DAYS WITH] [WEATHER - DAYS WITH] 9 = BLOWING SNOW
X = TORNADO
MAX 32 OR BELOW: 23 0.01 INCH OR MORE: 9
MAX 90 OR ABOVE: 0 0.10 INCH OR MORE: 3
MIN 32 OR BELOW: 31 0.50 INCH OR MORE: 0
MIN 0 OR BELOW: 1 1.00 INCH OR MORE: 0
[HDD (BASE 65) ]
TOTAL THIS MO. 1353 CLEAR (SCALE 0-3) 0
DPTR FM NORMAL -173 PTCLDY (SCALE 4-7) 0
TOTAL FM JUL 1 4220 CLOUDY (SCALE 8-10) 31
DPTR FM NORMAL -347
[CDD (BASE 65) ]
TOTAL THIS MO. 0
DPTR FM NORMAL 0 [PRESSURE DATA]
TOTAL FM JAN 1 0 HIGHEST SLP M ON M
DPTR FM NORMAL 0 LOWEST SLP M ON M
[REMARKS]
#FINAL-01-21#